{"id":938,"date":"2021-07-06T14:41:58","date_gmt":"2021-07-06T12:41:58","guid":{"rendered":"https:\/\/foreldreutvalgene.no\/fug\/?post_type=note&#038;p=938"},"modified":"2025-06-17T12:40:49","modified_gmt":"2025-06-17T10:40:49","slug":"prinsippnotat-1","status":"publish","type":"note","link":"https:\/\/foreldreutvalgene.no\/fug\/notater\/prinsippnotat-1\/","title":{"rendered":"FUG mener"},"content":{"rendered":"\n<figure class=\"wp-block-image size-large\"><img loading=\"lazy\" decoding=\"async\" width=\"1024\" height=\"768\" src=\"https:\/\/foreldreutvalgene.no\/fug\/wp-content\/uploads\/sites\/3\/2021\/07\/fremtidsklasserom-1024x768.jpg\" alt=\"Klasserom\" class=\"wp-image-2192\" srcset=\"https:\/\/foreldreutvalgene.no\/fug\/wp-content\/uploads\/sites\/3\/2021\/07\/fremtidsklasserom-1024x768.jpg 1024w, https:\/\/foreldreutvalgene.no\/fug\/wp-content\/uploads\/sites\/3\/2021\/07\/fremtidsklasserom-300x225.jpg 300w, https:\/\/foreldreutvalgene.no\/fug\/wp-content\/uploads\/sites\/3\/2021\/07\/fremtidsklasserom-768x576.jpg 768w, https:\/\/foreldreutvalgene.no\/fug\/wp-content\/uploads\/sites\/3\/2021\/07\/fremtidsklasserom-1536x1152.jpg 1536w, https:\/\/foreldreutvalgene.no\/fug\/wp-content\/uploads\/sites\/3\/2021\/07\/fremtidsklasserom-620x465.jpg 620w, https:\/\/foreldreutvalgene.no\/fug\/wp-content\/uploads\/sites\/3\/2021\/07\/fremtidsklasserom-120x90.jpg 120w, https:\/\/foreldreutvalgene.no\/fug\/wp-content\/uploads\/sites\/3\/2021\/07\/fremtidsklasserom-320x240.jpg 320w, https:\/\/foreldreutvalgene.no\/fug\/wp-content\/uploads\/sites\/3\/2021\/07\/fremtidsklasserom-1440x1080.jpg 1440w, https:\/\/foreldreutvalgene.no\/fug\/wp-content\/uploads\/sites\/3\/2021\/07\/fremtidsklasserom.jpg 1890w\" sizes=\"auto, (max-width: 1024px) 100vw, 1024px\" \/><figcaption>Bildet viser et tomt klasserom. <\/figcaption><\/figure>\n\n\n\n<p class=\"has-large-font-size\"><strong>I tillegg \u00e5 avgi h\u00f8ringer til norske myndigheter om skolepolitiske saker formidler vi v\u00e5re meninger og synspunkter p\u00e5 viktige saker i notater som vi har kalt FUG mener.<\/strong><\/p>\n\n\n\n<p><\/p>\n","protected":false},"author":3,"template":"","notecategory":[],"class_list":["post-938","note","type-note","status-publish","hentry"],"acf":[],"yoast_head":"<!-- This site is optimized with the Yoast SEO Premium plugin v27.4 (Yoast SEO v27.4) - https:\/\/yoast.com\/product\/yoast-seo-premium-wordpress\/ -->\n<title>FUG mener - Foreldreutvalget for grunnoppl\u00e6ringen<\/title>\n<meta name=\"description\" content=\"I tillegg \u00e5 avgi h\u00f8ringer til norske myndigheter om skolepolitiske saker formidler vi v\u00e5re meninger og synspunkter p\u00e5 viktige saker.\" \/>\n<meta name=\"robots\" content=\"index, follow, max-snippet:-1, max-image-preview:large, max-video-preview:-1\" \/>\n<link rel=\"canonical\" href=\"https:\/\/foreldreutvalgene.no\/fug\/notater\/prinsippnotat-1\/\" \/>\n<meta property=\"og:locale\" content=\"nb_NO\" \/>\n<meta property=\"og:type\" content=\"article\" \/>\n<meta property=\"og:title\" content=\"FUG mener\" \/>\n<meta property=\"og:description\" content=\"I tillegg \u00e5 avgi h\u00f8ringer til norske myndigheter om skolepolitiske saker formidler vi v\u00e5re meninger og synspunkter p\u00e5 viktige saker.\" \/>\n<meta property=\"og:url\" content=\"https:\/\/foreldreutvalgene.no\/fug\/notater\/prinsippnotat-1\/\" \/>\n<meta property=\"og:site_name\" content=\"Foreldreutvalget for grunnoppl\u00e6ringen\" \/>\n<meta property=\"article:modified_time\" content=\"2025-06-17T10:40:49+00:00\" \/>\n<meta property=\"og:image\" content=\"https:\/\/foreldreutvalgene.no\/fug\/wp-content\/uploads\/sites\/3\/2021\/07\/fremtidsklasserom-1024x768.jpg\" \/>\n<meta name=\"twitter:card\" content=\"summary_large_image\" \/>\n<meta name=\"twitter:label1\" content=\"Ansl. lesetid\" \/>\n\t<meta name=\"twitter:data1\" content=\"1 minutt\" \/>\n<script type=\"application\/ld+json\" class=\"yoast-schema-graph\">{\"@context\":\"https:\\\/\\\/schema.org\",\"@graph\":[{\"@type\":\"WebPage\",\"@id\":\"https:\\\/\\\/foreldreutvalgene.no\\\/fug\\\/notater\\\/prinsippnotat-1\\\/\",\"url\":\"https:\\\/\\\/foreldreutvalgene.no\\\/fug\\\/notater\\\/prinsippnotat-1\\\/\",\"name\":\"FUG mener - Foreldreutvalget for grunnoppl\u00e6ringen\",\"isPartOf\":{\"@id\":\"https:\\\/\\\/foreldreutvalgene.no\\\/fug\\\/#website\"},\"primaryImageOfPage\":{\"@id\":\"https:\\\/\\\/foreldreutvalgene.no\\\/fug\\\/notater\\\/prinsippnotat-1\\\/#primaryimage\"},\"image\":{\"@id\":\"https:\\\/\\\/foreldreutvalgene.no\\\/fug\\\/notater\\\/prinsippnotat-1\\\/#primaryimage\"},\"thumbnailUrl\":\"https:\\\/\\\/foreldreutvalgene.no\\\/fug\\\/wp-content\\\/uploads\\\/sites\\\/3\\\/2021\\\/07\\\/fremtidsklasserom-1024x768.jpg\",\"datePublished\":\"2021-07-06T12:41:58+00:00\",\"dateModified\":\"2025-06-17T10:40:49+00:00\",\"description\":\"I tillegg \u00e5 avgi h\u00f8ringer til norske myndigheter om skolepolitiske saker formidler vi v\u00e5re meninger og synspunkter p\u00e5 viktige saker.\",\"breadcrumb\":{\"@id\":\"https:\\\/\\\/foreldreutvalgene.no\\\/fug\\\/notater\\\/prinsippnotat-1\\\/#breadcrumb\"},\"inLanguage\":\"nb-NO\",\"potentialAction\":[{\"@type\":\"ReadAction\",\"target\":[\"https:\\\/\\\/foreldreutvalgene.no\\\/fug\\\/notater\\\/prinsippnotat-1\\\/\"]}]},{\"@type\":\"ImageObject\",\"inLanguage\":\"nb-NO\",\"@id\":\"https:\\\/\\\/foreldreutvalgene.no\\\/fug\\\/notater\\\/prinsippnotat-1\\\/#primaryimage\",\"url\":\"https:\\\/\\\/foreldreutvalgene.no\\\/fug\\\/wp-content\\\/uploads\\\/sites\\\/3\\\/2021\\\/07\\\/fremtidsklasserom.jpg\",\"contentUrl\":\"https:\\\/\\\/foreldreutvalgene.no\\\/fug\\\/wp-content\\\/uploads\\\/sites\\\/3\\\/2021\\\/07\\\/fremtidsklasserom.jpg\",\"width\":1890,\"height\":1417,\"caption\":\"Bildet viser et tomt klasserom.\"},{\"@type\":\"BreadcrumbList\",\"@id\":\"https:\\\/\\\/foreldreutvalgene.no\\\/fug\\\/notater\\\/prinsippnotat-1\\\/#breadcrumb\",\"itemListElement\":[{\"@type\":\"ListItem\",\"position\":1,\"name\":\"Home\",\"item\":\"https:\\\/\\\/foreldreutvalgene.no\\\/fug\\\/\"},{\"@type\":\"ListItem\",\"position\":2,\"name\":\"Notater\",\"item\":\"https:\\\/\\\/foreldreutvalgene.no\\\/fug\\\/notater\\\/\"},{\"@type\":\"ListItem\",\"position\":3,\"name\":\"FUG mener\"}]},{\"@type\":\"WebSite\",\"@id\":\"https:\\\/\\\/foreldreutvalgene.no\\\/fug\\\/#website\",\"url\":\"https:\\\/\\\/foreldreutvalgene.no\\\/fug\\\/\",\"name\":\"Foreldreutvalget for grunnoppl\u00e6ringen\",\"description\":\"\",\"publisher\":{\"@id\":\"https:\\\/\\\/foreldreutvalgene.no\\\/fug\\\/#organization\"},\"potentialAction\":[{\"@type\":\"SearchAction\",\"target\":{\"@type\":\"EntryPoint\",\"urlTemplate\":\"https:\\\/\\\/foreldreutvalgene.no\\\/fug\\\/?s={search_term_string}\"},\"query-input\":{\"@type\":\"PropertyValueSpecification\",\"valueRequired\":true,\"valueName\":\"search_term_string\"}}],\"inLanguage\":\"nb-NO\"},{\"@type\":\"Organization\",\"@id\":\"https:\\\/\\\/foreldreutvalgene.no\\\/fug\\\/#organization\",\"name\":\"Foreldreutvalget for grunnoppl\u00e6ringen\",\"url\":\"https:\\\/\\\/foreldreutvalgene.no\\\/fug\\\/\",\"logo\":{\"@type\":\"ImageObject\",\"inLanguage\":\"nb-NO\",\"@id\":\"https:\\\/\\\/foreldreutvalgene.no\\\/fug\\\/#\\\/schema\\\/logo\\\/image\\\/\",\"url\":\"https:\\\/\\\/foreldreutvalgene.no\\\/fug\\\/wp-content\\\/uploads\\\/sites\\\/3\\\/2021\\\/06\\\/footer-logo-fug-outlined.svg\",\"contentUrl\":\"https:\\\/\\\/foreldreutvalgene.no\\\/fug\\\/wp-content\\\/uploads\\\/sites\\\/3\\\/2021\\\/06\\\/footer-logo-fug-outlined.svg\",\"width\":310,\"height\":73,\"caption\":\"Foreldreutvalget for grunnoppl\u00e6ringen\"},\"image\":{\"@id\":\"https:\\\/\\\/foreldreutvalgene.no\\\/fug\\\/#\\\/schema\\\/logo\\\/image\\\/\"}}]}<\/script>\n<!-- \/ Yoast SEO Premium plugin. -->","yoast_head_json":{"title":"FUG mener - Foreldreutvalget for grunnoppl\u00e6ringen","description":"I tillegg \u00e5 avgi h\u00f8ringer til norske myndigheter om skolepolitiske saker formidler vi v\u00e5re meninger og synspunkter p\u00e5 viktige saker.","robots":{"index":"index","follow":"follow","max-snippet":"max-snippet:-1","max-image-preview":"max-image-preview:large","max-video-preview":"max-video-preview:-1"},"canonical":"https:\/\/foreldreutvalgene.no\/fug\/notater\/prinsippnotat-1\/","og_locale":"nb_NO","og_type":"article","og_title":"FUG mener","og_description":"I tillegg \u00e5 avgi h\u00f8ringer til norske myndigheter om skolepolitiske saker formidler vi v\u00e5re meninger og synspunkter p\u00e5 viktige saker.","og_url":"https:\/\/foreldreutvalgene.no\/fug\/notater\/prinsippnotat-1\/","og_site_name":"Foreldreutvalget for grunnoppl\u00e6ringen","article_modified_time":"2025-06-17T10:40:49+00:00","og_image":[{"url":"https:\/\/foreldreutvalgene.no\/fug\/wp-content\/uploads\/sites\/3\/2021\/07\/fremtidsklasserom-1024x768.jpg","type":"","width":"","height":""}],"twitter_card":"summary_large_image","twitter_misc":{"Ansl. lesetid":"1 minutt"},"schema":{"@context":"https:\/\/schema.org","@graph":[{"@type":"WebPage","@id":"https:\/\/foreldreutvalgene.no\/fug\/notater\/prinsippnotat-1\/","url":"https:\/\/foreldreutvalgene.no\/fug\/notater\/prinsippnotat-1\/","name":"FUG mener - Foreldreutvalget for grunnoppl\u00e6ringen","isPartOf":{"@id":"https:\/\/foreldreutvalgene.no\/fug\/#website"},"primaryImageOfPage":{"@id":"https:\/\/foreldreutvalgene.no\/fug\/notater\/prinsippnotat-1\/#primaryimage"},"image":{"@id":"https:\/\/foreldreutvalgene.no\/fug\/notater\/prinsippnotat-1\/#primaryimage"},"thumbnailUrl":"https:\/\/foreldreutvalgene.no\/fug\/wp-content\/uploads\/sites\/3\/2021\/07\/fremtidsklasserom-1024x768.jpg","datePublished":"2021-07-06T12:41:58+00:00","dateModified":"2025-06-17T10:40:49+00:00","description":"I tillegg \u00e5 avgi h\u00f8ringer til norske myndigheter om skolepolitiske saker formidler vi v\u00e5re meninger og synspunkter p\u00e5 viktige saker.","breadcrumb":{"@id":"https:\/\/foreldreutvalgene.no\/fug\/notater\/prinsippnotat-1\/#breadcrumb"},"inLanguage":"nb-NO","potentialAction":[{"@type":"ReadAction","target":["https:\/\/foreldreutvalgene.no\/fug\/notater\/prinsippnotat-1\/"]}]},{"@type":"ImageObject","inLanguage":"nb-NO","@id":"https:\/\/foreldreutvalgene.no\/fug\/notater\/prinsippnotat-1\/#primaryimage","url":"https:\/\/foreldreutvalgene.no\/fug\/wp-content\/uploads\/sites\/3\/2021\/07\/fremtidsklasserom.jpg","contentUrl":"https:\/\/foreldreutvalgene.no\/fug\/wp-content\/uploads\/sites\/3\/2021\/07\/fremtidsklasserom.jpg","width":1890,"height":1417,"caption":"Bildet viser et tomt klasserom."},{"@type":"BreadcrumbList","@id":"https:\/\/foreldreutvalgene.no\/fug\/notater\/prinsippnotat-1\/#breadcrumb","itemListElement":[{"@type":"ListItem","position":1,"name":"Home","item":"https:\/\/foreldreutvalgene.no\/fug\/"},{"@type":"ListItem","position":2,"name":"Notater","item":"https:\/\/foreldreutvalgene.no\/fug\/notater\/"},{"@type":"ListItem","position":3,"name":"FUG mener"}]},{"@type":"WebSite","@id":"https:\/\/foreldreutvalgene.no\/fug\/#website","url":"https:\/\/foreldreutvalgene.no\/fug\/","name":"Foreldreutvalget for grunnoppl\u00e6ringen","description":"","publisher":{"@id":"https:\/\/foreldreutvalgene.no\/fug\/#organization"},"potentialAction":[{"@type":"SearchAction","target":{"@type":"EntryPoint","urlTemplate":"https:\/\/foreldreutvalgene.no\/fug\/?s={search_term_string}"},"query-input":{"@type":"PropertyValueSpecification","valueRequired":true,"valueName":"search_term_string"}}],"inLanguage":"nb-NO"},{"@type":"Organization","@id":"https:\/\/foreldreutvalgene.no\/fug\/#organization","name":"Foreldreutvalget for grunnoppl\u00e6ringen","url":"https:\/\/foreldreutvalgene.no\/fug\/","logo":{"@type":"ImageObject","inLanguage":"nb-NO","@id":"https:\/\/foreldreutvalgene.no\/fug\/#\/schema\/logo\/image\/","url":"https:\/\/foreldreutvalgene.no\/fug\/wp-content\/uploads\/sites\/3\/2021\/06\/footer-logo-fug-outlined.svg","contentUrl":"https:\/\/foreldreutvalgene.no\/fug\/wp-content\/uploads\/sites\/3\/2021\/06\/footer-logo-fug-outlined.svg","width":310,"height":73,"caption":"Foreldreutvalget for grunnoppl\u00e6ringen"},"image":{"@id":"https:\/\/foreldreutvalgene.no\/fug\/#\/schema\/logo\/image\/"}}]}},"_links":{"self":[{"href":"https:\/\/foreldreutvalgene.no\/fug\/wp-json\/wp\/v2\/note\/938","targetHints":{"allow":["GET"]}}],"collection":[{"href":"https:\/\/foreldreutvalgene.no\/fug\/wp-json\/wp\/v2\/note"}],"about":[{"href":"https:\/\/foreldreutvalgene.no\/fug\/wp-json\/wp\/v2\/types\/note"}],"author":[{"embeddable":true,"href":"https:\/\/foreldreutvalgene.no\/fug\/wp-json\/wp\/v2\/users\/3"}],"version-history":[{"count":7,"href":"https:\/\/foreldreutvalgene.no\/fug\/wp-json\/wp\/v2\/note\/938\/revisions"}],"predecessor-version":[{"id":12145,"href":"https:\/\/foreldreutvalgene.no\/fug\/wp-json\/wp\/v2\/note\/938\/revisions\/12145"}],"wp:attachment":[{"href":"https:\/\/foreldreutvalgene.no\/fug\/wp-json\/wp\/v2\/media?parent=938"}],"wp:term":[{"taxonomy":"notecategory","embeddable":true,"href":"https:\/\/foreldreutvalgene.no\/fug\/wp-json\/wp\/v2\/notecategory?post=938"}],"curies":[{"name":"wp","href":"https:\/\/api.w.org\/{rel}","templated":true}]}}

<figure class="wp-block-image size-large"><img loading="lazy" decoding="async" width="1024" height="768" src="https://foreldreutvalgene.no/fug/wp-content/uploads/sites/3/2021/07/fremtidsklasserom-1024x768.jpg" alt="Klasserom" class="wp-image-2192" srcset="https://foreldreutvalgene.no/fug/wp-content/uploads/sites/3/2021/07/fremtidsklasserom-1024x768.jpg 1024w, https://foreldreutvalgene.no/fug/wp-content/uploads/sites/3/2021/07/fremtidsklasserom-300x225.jpg 300w, https://foreldreutvalgene.no/fug/wp-content/uploads/sites/3/2021/07/fremtidsklasserom-768x576.jpg 768w, https://foreldreutvalgene.no/fug/wp-content/uploads/sites/3/2021/07/fremtidsklasserom-1536x1152.jpg 1536w, https://foreldreutvalgene.no/fug/wp-content/uploads/sites/3/2021/07/fremtidsklasserom-620x465.jpg 620w, https://foreldreutvalgene.no/fug/wp-content/uploads/sites/3/2021/07/fremtidsklasserom-120x90.jpg 120w, https://foreldreutvalgene.no/fug/wp-content/uploads/sites/3/2021/07/fremtidsklasserom-320x240.jpg 320w, https://foreldreutvalgene.no/fug/wp-content/uploads/sites/3/2021/07/fremtidsklasserom-1440x1080.jpg 1440w, https://foreldreutvalgene.no/fug/wp-content/uploads/sites/3/2021/07/fremtidsklasserom.jpg 1890w" sizes="auto, (max-width: 1024px) 100vw, 1024px" /><figcaption>Bildet viser et tomt klasserom. </figcaption></figure>



<p class="has-large-font-size"><strong>I tillegg å avgi høringer til norske myndigheter om skolepolitiske saker formidler vi våre meninger og synspunkter på viktige saker i notater som vi har kalt FUG mener.</strong></p>



<p></p>

<!-- This site is optimized with the Yoast SEO Premium plugin v27.4 (Yoast SEO v27.4) - https://yoast.com/product/yoast-seo-premium-wordpress/ -->
<title>FUG mener - Foreldreutvalget for grunnopplæringen</title>
<meta name="description" content="I tillegg å avgi høringer til norske myndigheter om skolepolitiske saker formidler vi våre meninger og synspunkter på viktige saker." />
<meta name="robots" content="index, follow, max-snippet:-1, max-image-preview:large, max-video-preview:-1" />
<link rel="canonical" href="https://foreldreutvalgene.no/fug/notater/prinsippnotat-1/" />
<meta property="og:locale" content="nb_NO" />
<meta property="og:type" content="article" />
<meta property="og:title" content="FUG mener" />
<meta property="og:description" content="I tillegg å avgi høringer til norske myndigheter om skolepolitiske saker formidler vi våre meninger og synspunkter på viktige saker." />
<meta property="og:url" content="https://foreldreutvalgene.no/fug/notater/prinsippnotat-1/" />
<meta property="og:site_name" content="Foreldreutvalget for grunnopplæringen" />
<meta property="article:modified_time" content="2025-06-17T10:40:49+00:00" />
<meta property="og:image" content="https://foreldreutvalgene.no/fug/wp-content/uploads/sites/3/2021/07/fremtidsklasserom-1024x768.jpg" />
<meta name="twitter:card" content="summary_large_image" />
<meta name="twitter:label1" content="Ansl. lesetid" />
	<meta name="twitter:data1" content="1 minutt" />
<script type="application/ld+json" class="yoast-schema-graph">{"@context":"https:\/\/schema.org","@graph":[{"@type":"WebPage","@id":"https:\/\/foreldreutvalgene.no\/fug\/notater\/prinsippnotat-1\/","url":"https:\/\/foreldreutvalgene.no\/fug\/notater\/prinsippnotat-1\/","name":"FUG mener - Foreldreutvalget for grunnopplæringen","isPartOf":{"@id":"https:\/\/foreldreutvalgene.no\/fug\/#website"},"primaryImageOfPage":{"@id":"https:\/\/foreldreutvalgene.no\/fug\/notater\/prinsippnotat-1\/#primaryimage"},"image":{"@id":"https:\/\/foreldreutvalgene.no\/fug\/notater\/prinsippnotat-1\/#primaryimage"},"thumbnailUrl":"https:\/\/foreldreutvalgene.no\/fug\/wp-content\/uploads\/sites\/3\/2021\/07\/fremtidsklasserom-1024x768.jpg","datePublished":"2021-07-06T12:41:58+00:00","dateModified":"2025-06-17T10:40:49+00:00","description":"I tillegg å avgi høringer til norske myndigheter om skolepolitiske saker formidler vi våre meninger og synspunkter på viktige saker.","breadcrumb":{"@id":"https:\/\/foreldreutvalgene.no\/fug\/notater\/prinsippnotat-1\/#breadcrumb"},"inLanguage":"nb-NO","potentialAction":[{"@type":"ReadAction","target":["https:\/\/foreldreutvalgene.no\/fug\/notater\/prinsippnotat-1\/"]}]},{"@type":"ImageObject","inLanguage":"nb-NO","@id":"https:\/\/foreldreutvalgene.no\/fug\/notater\/prinsippnotat-1\/#primaryimage","url":"https:\/\/foreldreutvalgene.no\/fug\/wp-content\/uploads\/sites\/3\/2021\/07\/fremtidsklasserom.jpg","contentUrl":"https:\/\/foreldreutvalgene.no\/fug\/wp-content\/uploads\/sites\/3\/2021\/07\/fremtidsklasserom.jpg","width":1890,"height":1417,"caption":"Bildet viser et tomt klasserom."},{"@type":"BreadcrumbList","@id":"https:\/\/foreldreutvalgene.no\/fug\/notater\/prinsippnotat-1\/#breadcrumb","itemListElement":[{"@type":"ListItem","position":1,"name":"Home","item":"https:\/\/foreldreutvalgene.no\/fug\/"},{"@type":"ListItem","position":2,"name":"Notater","item":"https:\/\/foreldreutvalgene.no\/fug\/notater\/"},{"@type":"ListItem","position":3,"name":"FUG mener"}]},{"@type":"WebSite","@id":"https:\/\/foreldreutvalgene.no\/fug\/#website","url":"https:\/\/foreldreutvalgene.no\/fug\/","name":"Foreldreutvalget for grunnopplæringen","description":"","publisher":{"@id":"https:\/\/foreldreutvalgene.no\/fug\/#organization"},"potentialAction":[{"@type":"SearchAction","target":{"@type":"EntryPoint","urlTemplate":"https:\/\/foreldreutvalgene.no\/fug\/?s={search_term_string}"},"query-input":{"@type":"PropertyValueSpecification","valueRequired":true,"valueName":"search_term_string"}}],"inLanguage":"nb-NO"},{"@type":"Organization","@id":"https:\/\/foreldreutvalgene.no\/fug\/#organization","name":"Foreldreutvalget for grunnopplæringen","url":"https:\/\/foreldreutvalgene.no\/fug\/","logo":{"@type":"ImageObject","inLanguage":"nb-NO","@id":"https:\/\/foreldreutvalgene.no\/fug\/#\/schema\/logo\/image\/","url":"https:\/\/foreldreutvalgene.no\/fug\/wp-content\/uploads\/sites\/3\/2021\/06\/footer-logo-fug-outlined.svg","contentUrl":"https:\/\/foreldreutvalgene.no\/fug\/wp-content\/uploads\/sites\/3\/2021\/06\/footer-logo-fug-outlined.svg","width":310,"height":73,"caption":"Foreldreutvalget for grunnopplæringen"},"image":{"@id":"https:\/\/foreldreutvalgene.no\/fug\/#\/schema\/logo\/image\/"}}]}</script>
<!-- / Yoast SEO Premium plugin. -->

FUG mener - Foreldreutvalget for grunnopplæringen

I tillegg å avgi høringer til norske myndigheter om skolepolitiske saker formidler vi våre meninger og synspunkter på viktige saker.

Foreldreutvalget for grunnopplæringen
