{"id":3217,"date":"2021-03-08T10:21:00","date_gmt":"2021-03-08T09:21:00","guid":{"rendered":"https:\/\/foreldreutvalgene.no\/fug\/?post_type=note&#038;p=3217"},"modified":"2025-05-13T09:15:22","modified_gmt":"2025-05-13T07:15:22","slug":"korona-reglar","status":"publish","type":"note","link":"https:\/\/foreldreutvalgene.no\/fug\/notater\/korona-reglar\/","title":{"rendered":"Korona-reglar"},"content":{"rendered":"\n<p><strong>FUG og FUB har svara p\u00e5 h\u00f8yring knytt til forlenging av tilpassingar i fleire lovar p\u00e5 grunn av pandemien, mellom anna barnehagelova og oppl\u00e6ringslova. Begge utvala st\u00f8ttar ei forlenging fram til november 2021.<\/strong><\/p>\n\n\n\n<p>Kunnskapsdepartementet sende forslaga p\u00e5 h\u00f8yring i mars 2021.<\/p>\n\n\n\n<p><a href=\"https:\/\/www.regjeringen.no\/no\/dokumenter\/forlengelse-av-midlertidige-lover-om-tilpasninger-i-barnehageloven-opplaringsloven-friskoleloven-introduksjonsloven-og-integreringsloven-for-a-avhjelpe\/id2836596\/\">Du kan lese heile h\u00f8yringa  p\u00e5 denne sida.<\/a><\/p>\n\n\n\n<h2 class=\"wp-block-heading\" id=\"h-stottar\">St\u00f8ttar<\/h2>\n\n\n\n<p>Sidan smittesituasjonen framleis er alvorleg, st\u00f8ttar FUG og FUB ei forlenging av tilpassingane i lvverket som gjeld for skole og barnehage. Utvala peiker likevel p\u00e5 nokre punkter som gjev grunn til uro.<\/p>\n\n\n\n<p>Heile h\u00f8yringssvaret kan du laste ned nedst p\u00e5 sida. <\/p>\n","protected":false},"author":9,"template":"","notecategory":[32],"class_list":["post-3217","note","type-note","status-publish","hentry","notecategory-hoeringsinnspill"],"acf":[],"yoast_head":"<!-- This site is optimized with the Yoast SEO Premium plugin v27.4 (Yoast SEO v27.4) - https:\/\/yoast.com\/product\/yoast-seo-premium-wordpress\/ -->\n<title>Korona-reglar - Foreldreutvalget for grunnoppl\u00e6ringen<\/title>\n<meta name=\"description\" content=\"Sidan smittesituasjonen framleis er alvorleg st\u00f8ttar FUG og FUB ei forlenging av tilpassingane i lvverket som gjeld for skole og barnehage\" \/>\n<meta name=\"robots\" content=\"index, follow, max-snippet:-1, max-image-preview:large, max-video-preview:-1\" \/>\n<link rel=\"canonical\" href=\"https:\/\/foreldreutvalgene.no\/fug\/notater\/korona-reglar\/\" \/>\n<meta property=\"og:locale\" content=\"nb_NO\" \/>\n<meta property=\"og:type\" content=\"article\" \/>\n<meta property=\"og:title\" content=\"Korona-reglar\" \/>\n<meta property=\"og:description\" content=\"Sidan smittesituasjonen framleis er alvorleg st\u00f8ttar FUG og FUB ei forlenging av tilpassingane i lvverket som gjeld for skole og barnehage\" \/>\n<meta property=\"og:url\" content=\"https:\/\/foreldreutvalgene.no\/fug\/notater\/korona-reglar\/\" \/>\n<meta property=\"og:site_name\" content=\"Foreldreutvalget for grunnoppl\u00e6ringen\" \/>\n<meta property=\"article:modified_time\" content=\"2025-05-13T07:15:22+00:00\" \/>\n<meta name=\"twitter:card\" content=\"summary_large_image\" \/>\n<meta name=\"twitter:label1\" content=\"Ansl. lesetid\" \/>\n\t<meta name=\"twitter:data1\" content=\"1 minutt\" \/>\n<script type=\"application\/ld+json\" class=\"yoast-schema-graph\">{\"@context\":\"https:\\\/\\\/schema.org\",\"@graph\":[{\"@type\":\"WebPage\",\"@id\":\"https:\\\/\\\/foreldreutvalgene.no\\\/fug\\\/notater\\\/korona-reglar\\\/\",\"url\":\"https:\\\/\\\/foreldreutvalgene.no\\\/fug\\\/notater\\\/korona-reglar\\\/\",\"name\":\"Korona-reglar - Foreldreutvalget for grunnoppl\u00e6ringen\",\"isPartOf\":{\"@id\":\"https:\\\/\\\/foreldreutvalgene.no\\\/fug\\\/#website\"},\"datePublished\":\"2021-03-08T09:21:00+00:00\",\"dateModified\":\"2025-05-13T07:15:22+00:00\",\"description\":\"Sidan smittesituasjonen framleis er alvorleg st\u00f8ttar FUG og FUB ei forlenging av tilpassingane i lvverket som gjeld for skole og barnehage\",\"breadcrumb\":{\"@id\":\"https:\\\/\\\/foreldreutvalgene.no\\\/fug\\\/notater\\\/korona-reglar\\\/#breadcrumb\"},\"inLanguage\":\"nb-NO\",\"potentialAction\":[{\"@type\":\"ReadAction\",\"target\":[\"https:\\\/\\\/foreldreutvalgene.no\\\/fug\\\/notater\\\/korona-reglar\\\/\"]}]},{\"@type\":\"BreadcrumbList\",\"@id\":\"https:\\\/\\\/foreldreutvalgene.no\\\/fug\\\/notater\\\/korona-reglar\\\/#breadcrumb\",\"itemListElement\":[{\"@type\":\"ListItem\",\"position\":1,\"name\":\"Home\",\"item\":\"https:\\\/\\\/foreldreutvalgene.no\\\/fug\\\/\"},{\"@type\":\"ListItem\",\"position\":2,\"name\":\"Notater\",\"item\":\"https:\\\/\\\/foreldreutvalgene.no\\\/fug\\\/notater\\\/\"},{\"@type\":\"ListItem\",\"position\":3,\"name\":\"Korona-reglar\"}]},{\"@type\":\"WebSite\",\"@id\":\"https:\\\/\\\/foreldreutvalgene.no\\\/fug\\\/#website\",\"url\":\"https:\\\/\\\/foreldreutvalgene.no\\\/fug\\\/\",\"name\":\"Foreldreutvalget for grunnoppl\u00e6ringen\",\"description\":\"\",\"publisher\":{\"@id\":\"https:\\\/\\\/foreldreutvalgene.no\\\/fug\\\/#organization\"},\"potentialAction\":[{\"@type\":\"SearchAction\",\"target\":{\"@type\":\"EntryPoint\",\"urlTemplate\":\"https:\\\/\\\/foreldreutvalgene.no\\\/fug\\\/?s={search_term_string}\"},\"query-input\":{\"@type\":\"PropertyValueSpecification\",\"valueRequired\":true,\"valueName\":\"search_term_string\"}}],\"inLanguage\":\"nb-NO\"},{\"@type\":\"Organization\",\"@id\":\"https:\\\/\\\/foreldreutvalgene.no\\\/fug\\\/#organization\",\"name\":\"Foreldreutvalget for grunnoppl\u00e6ringen\",\"url\":\"https:\\\/\\\/foreldreutvalgene.no\\\/fug\\\/\",\"logo\":{\"@type\":\"ImageObject\",\"inLanguage\":\"nb-NO\",\"@id\":\"https:\\\/\\\/foreldreutvalgene.no\\\/fug\\\/#\\\/schema\\\/logo\\\/image\\\/\",\"url\":\"https:\\\/\\\/foreldreutvalgene.no\\\/fug\\\/wp-content\\\/uploads\\\/sites\\\/3\\\/2021\\\/06\\\/footer-logo-fug-outlined.svg\",\"contentUrl\":\"https:\\\/\\\/foreldreutvalgene.no\\\/fug\\\/wp-content\\\/uploads\\\/sites\\\/3\\\/2021\\\/06\\\/footer-logo-fug-outlined.svg\",\"width\":310,\"height\":73,\"caption\":\"Foreldreutvalget for grunnoppl\u00e6ringen\"},\"image\":{\"@id\":\"https:\\\/\\\/foreldreutvalgene.no\\\/fug\\\/#\\\/schema\\\/logo\\\/image\\\/\"}}]}<\/script>\n<!-- \/ Yoast SEO Premium plugin. -->","yoast_head_json":{"title":"Korona-reglar - Foreldreutvalget for grunnoppl\u00e6ringen","description":"Sidan smittesituasjonen framleis er alvorleg st\u00f8ttar FUG og FUB ei forlenging av tilpassingane i lvverket som gjeld for skole og barnehage","robots":{"index":"index","follow":"follow","max-snippet":"max-snippet:-1","max-image-preview":"max-image-preview:large","max-video-preview":"max-video-preview:-1"},"canonical":"https:\/\/foreldreutvalgene.no\/fug\/notater\/korona-reglar\/","og_locale":"nb_NO","og_type":"article","og_title":"Korona-reglar","og_description":"Sidan smittesituasjonen framleis er alvorleg st\u00f8ttar FUG og FUB ei forlenging av tilpassingane i lvverket som gjeld for skole og barnehage","og_url":"https:\/\/foreldreutvalgene.no\/fug\/notater\/korona-reglar\/","og_site_name":"Foreldreutvalget for grunnoppl\u00e6ringen","article_modified_time":"2025-05-13T07:15:22+00:00","twitter_card":"summary_large_image","twitter_misc":{"Ansl. lesetid":"1 minutt"},"schema":{"@context":"https:\/\/schema.org","@graph":[{"@type":"WebPage","@id":"https:\/\/foreldreutvalgene.no\/fug\/notater\/korona-reglar\/","url":"https:\/\/foreldreutvalgene.no\/fug\/notater\/korona-reglar\/","name":"Korona-reglar - Foreldreutvalget for grunnoppl\u00e6ringen","isPartOf":{"@id":"https:\/\/foreldreutvalgene.no\/fug\/#website"},"datePublished":"2021-03-08T09:21:00+00:00","dateModified":"2025-05-13T07:15:22+00:00","description":"Sidan smittesituasjonen framleis er alvorleg st\u00f8ttar FUG og FUB ei forlenging av tilpassingane i lvverket som gjeld for skole og barnehage","breadcrumb":{"@id":"https:\/\/foreldreutvalgene.no\/fug\/notater\/korona-reglar\/#breadcrumb"},"inLanguage":"nb-NO","potentialAction":[{"@type":"ReadAction","target":["https:\/\/foreldreutvalgene.no\/fug\/notater\/korona-reglar\/"]}]},{"@type":"BreadcrumbList","@id":"https:\/\/foreldreutvalgene.no\/fug\/notater\/korona-reglar\/#breadcrumb","itemListElement":[{"@type":"ListItem","position":1,"name":"Home","item":"https:\/\/foreldreutvalgene.no\/fug\/"},{"@type":"ListItem","position":2,"name":"Notater","item":"https:\/\/foreldreutvalgene.no\/fug\/notater\/"},{"@type":"ListItem","position":3,"name":"Korona-reglar"}]},{"@type":"WebSite","@id":"https:\/\/foreldreutvalgene.no\/fug\/#website","url":"https:\/\/foreldreutvalgene.no\/fug\/","name":"Foreldreutvalget for grunnoppl\u00e6ringen","description":"","publisher":{"@id":"https:\/\/foreldreutvalgene.no\/fug\/#organization"},"potentialAction":[{"@type":"SearchAction","target":{"@type":"EntryPoint","urlTemplate":"https:\/\/foreldreutvalgene.no\/fug\/?s={search_term_string}"},"query-input":{"@type":"PropertyValueSpecification","valueRequired":true,"valueName":"search_term_string"}}],"inLanguage":"nb-NO"},{"@type":"Organization","@id":"https:\/\/foreldreutvalgene.no\/fug\/#organization","name":"Foreldreutvalget for grunnoppl\u00e6ringen","url":"https:\/\/foreldreutvalgene.no\/fug\/","logo":{"@type":"ImageObject","inLanguage":"nb-NO","@id":"https:\/\/foreldreutvalgene.no\/fug\/#\/schema\/logo\/image\/","url":"https:\/\/foreldreutvalgene.no\/fug\/wp-content\/uploads\/sites\/3\/2021\/06\/footer-logo-fug-outlined.svg","contentUrl":"https:\/\/foreldreutvalgene.no\/fug\/wp-content\/uploads\/sites\/3\/2021\/06\/footer-logo-fug-outlined.svg","width":310,"height":73,"caption":"Foreldreutvalget for grunnoppl\u00e6ringen"},"image":{"@id":"https:\/\/foreldreutvalgene.no\/fug\/#\/schema\/logo\/image\/"}}]}},"_links":{"self":[{"href":"https:\/\/foreldreutvalgene.no\/fug\/wp-json\/wp\/v2\/note\/3217","targetHints":{"allow":["GET"]}}],"collection":[{"href":"https:\/\/foreldreutvalgene.no\/fug\/wp-json\/wp\/v2\/note"}],"about":[{"href":"https:\/\/foreldreutvalgene.no\/fug\/wp-json\/wp\/v2\/types\/note"}],"author":[{"embeddable":true,"href":"https:\/\/foreldreutvalgene.no\/fug\/wp-json\/wp\/v2\/users\/9"}],"version-history":[{"count":3,"href":"https:\/\/foreldreutvalgene.no\/fug\/wp-json\/wp\/v2\/note\/3217\/revisions"}],"predecessor-version":[{"id":11975,"href":"https:\/\/foreldreutvalgene.no\/fug\/wp-json\/wp\/v2\/note\/3217\/revisions\/11975"}],"wp:attachment":[{"href":"https:\/\/foreldreutvalgene.no\/fug\/wp-json\/wp\/v2\/media?parent=3217"}],"wp:term":[{"taxonomy":"notecategory","embeddable":true,"href":"https:\/\/foreldreutvalgene.no\/fug\/wp-json\/wp\/v2\/notecategory?post=3217"}],"curies":[{"name":"wp","href":"https:\/\/api.w.org\/{rel}","templated":true}]}}

<p><strong>FUG og FUB har svara på høyring knytt til forlenging av tilpassingar i fleire lovar på grunn av pandemien, mellom anna barnehagelova og opplæringslova. Begge utvala støttar ei forlenging fram til november 2021.</strong></p>



<p>Kunnskapsdepartementet sende forslaga på høyring i mars 2021.</p>



<p><a href="https://www.regjeringen.no/no/dokumenter/forlengelse-av-midlertidige-lover-om-tilpasninger-i-barnehageloven-opplaringsloven-friskoleloven-introduksjonsloven-og-integreringsloven-for-a-avhjelpe/id2836596/">Du kan lese heile høyringa  på denne sida.</a></p>



<h2 class="wp-block-heading" id="h-stottar">Støttar</h2>



<p>Sidan smittesituasjonen framleis er alvorleg, støttar FUG og FUB ei forlenging av tilpassingane i lvverket som gjeld for skole og barnehage. Utvala peiker likevel på nokre punkter som gjev grunn til uro.</p>



<p>Heile høyringssvaret kan du laste ned nedst på sida. </p>

<!-- This site is optimized with the Yoast SEO Premium plugin v27.4 (Yoast SEO v27.4) - https://yoast.com/product/yoast-seo-premium-wordpress/ -->
<title>Korona-reglar - Foreldreutvalget for grunnopplæringen</title>
<meta name="description" content="Sidan smittesituasjonen framleis er alvorleg støttar FUG og FUB ei forlenging av tilpassingane i lvverket som gjeld for skole og barnehage" />
<meta name="robots" content="index, follow, max-snippet:-1, max-image-preview:large, max-video-preview:-1" />
<link rel="canonical" href="https://foreldreutvalgene.no/fug/notater/korona-reglar/" />
<meta property="og:locale" content="nb_NO" />
<meta property="og:type" content="article" />
<meta property="og:title" content="Korona-reglar" />
<meta property="og:description" content="Sidan smittesituasjonen framleis er alvorleg støttar FUG og FUB ei forlenging av tilpassingane i lvverket som gjeld for skole og barnehage" />
<meta property="og:url" content="https://foreldreutvalgene.no/fug/notater/korona-reglar/" />
<meta property="og:site_name" content="Foreldreutvalget for grunnopplæringen" />
<meta property="article:modified_time" content="2025-05-13T07:15:22+00:00" />
<meta name="twitter:card" content="summary_large_image" />
<meta name="twitter:label1" content="Ansl. lesetid" />
	<meta name="twitter:data1" content="1 minutt" />
<script type="application/ld+json" class="yoast-schema-graph">{"@context":"https:\/\/schema.org","@graph":[{"@type":"WebPage","@id":"https:\/\/foreldreutvalgene.no\/fug\/notater\/korona-reglar\/","url":"https:\/\/foreldreutvalgene.no\/fug\/notater\/korona-reglar\/","name":"Korona-reglar - Foreldreutvalget for grunnopplæringen","isPartOf":{"@id":"https:\/\/foreldreutvalgene.no\/fug\/#website"},"datePublished":"2021-03-08T09:21:00+00:00","dateModified":"2025-05-13T07:15:22+00:00","description":"Sidan smittesituasjonen framleis er alvorleg støttar FUG og FUB ei forlenging av tilpassingane i lvverket som gjeld for skole og barnehage","breadcrumb":{"@id":"https:\/\/foreldreutvalgene.no\/fug\/notater\/korona-reglar\/#breadcrumb"},"inLanguage":"nb-NO","potentialAction":[{"@type":"ReadAction","target":["https:\/\/foreldreutvalgene.no\/fug\/notater\/korona-reglar\/"]}]},{"@type":"BreadcrumbList","@id":"https:\/\/foreldreutvalgene.no\/fug\/notater\/korona-reglar\/#breadcrumb","itemListElement":[{"@type":"ListItem","position":1,"name":"Home","item":"https:\/\/foreldreutvalgene.no\/fug\/"},{"@type":"ListItem","position":2,"name":"Notater","item":"https:\/\/foreldreutvalgene.no\/fug\/notater\/"},{"@type":"ListItem","position":3,"name":"Korona-reglar"}]},{"@type":"WebSite","@id":"https:\/\/foreldreutvalgene.no\/fug\/#website","url":"https:\/\/foreldreutvalgene.no\/fug\/","name":"Foreldreutvalget for grunnopplæringen","description":"","publisher":{"@id":"https:\/\/foreldreutvalgene.no\/fug\/#organization"},"potentialAction":[{"@type":"SearchAction","target":{"@type":"EntryPoint","urlTemplate":"https:\/\/foreldreutvalgene.no\/fug\/?s={search_term_string}"},"query-input":{"@type":"PropertyValueSpecification","valueRequired":true,"valueName":"search_term_string"}}],"inLanguage":"nb-NO"},{"@type":"Organization","@id":"https:\/\/foreldreutvalgene.no\/fug\/#organization","name":"Foreldreutvalget for grunnopplæringen","url":"https:\/\/foreldreutvalgene.no\/fug\/","logo":{"@type":"ImageObject","inLanguage":"nb-NO","@id":"https:\/\/foreldreutvalgene.no\/fug\/#\/schema\/logo\/image\/","url":"https:\/\/foreldreutvalgene.no\/fug\/wp-content\/uploads\/sites\/3\/2021\/06\/footer-logo-fug-outlined.svg","contentUrl":"https:\/\/foreldreutvalgene.no\/fug\/wp-content\/uploads\/sites\/3\/2021\/06\/footer-logo-fug-outlined.svg","width":310,"height":73,"caption":"Foreldreutvalget for grunnopplæringen"},"image":{"@id":"https:\/\/foreldreutvalgene.no\/fug\/#\/schema\/logo\/image\/"}}]}</script>
<!-- / Yoast SEO Premium plugin. -->

Korona-reglar - Foreldreutvalget for grunnopplæringen

Sidan smittesituasjonen framleis er alvorleg støttar FUG og FUB ei forlenging av tilpassingane i lvverket som gjeld for skole og barnehage

Foreldreutvalget for grunnopplæringen
