{"id":365,"date":"2021-06-22T08:28:51","date_gmt":"2021-06-22T06:28:51","guid":{"rendered":"https:\/\/foreldreutvalgene.no\/fug\/?post_type=faq&#038;p=365"},"modified":"2024-08-06T09:46:04","modified_gmt":"2024-08-06T07:46:04","slug":"barnet-mitt-har-en-horselshemming-og-gar-i-en-ordinaer-klasse-hvilken-informasjon-bor-medelever-og-foreldre-fa-om-det-a-ha-en-horselshemming","status":"publish","type":"faq","link":"https:\/\/foreldreutvalgene.no\/fug\/sporsmal\/barnet-mitt-har-en-horselshemming-og-gar-i-en-ordinaer-klasse-hvilken-informasjon-bor-medelever-og-foreldre-fa-om-det-a-ha-en-horselshemming\/","title":{"rendered":"Barnet mitt har en h\u00f8rselshemming og g\u00e5r i en ordin\u00e6r klasse. Hvilken informasjon b\u00f8r medelever og foreldre f\u00e5 om det \u00e5 ha en h\u00f8rselshemming?"},"author":3,"template":"","faqcategory":[63],"class_list":["post-365","faq","type-faq","status-publish","hentry","faqcategory-tilpasset-opplaering-og-individuell-tilrettelegging"],"acf":[],"yoast_head":"<!-- This site is optimized with the Yoast SEO Premium plugin v27.4 (Yoast SEO v27.4) - https:\/\/yoast.com\/product\/yoast-seo-premium-wordpress\/ -->\n<title>Barnet mitt har en h\u00f8rselshemming og g\u00e5r i en ordin\u00e6r klasse. Hvilken informasjon b\u00f8r medelever og foreldre f\u00e5 om det \u00e5 ha en h\u00f8rselshemming? - Foreldreutvalget for grunnoppl\u00e6ringen<\/title>\n<meta name=\"robots\" content=\"index, follow, max-snippet:-1, max-image-preview:large, max-video-preview:-1\" \/>\n<link rel=\"canonical\" href=\"https:\/\/foreldreutvalgene.no\/fug\/sporsmal\/barnet-mitt-har-en-horselshemming-og-gar-i-en-ordinaer-klasse-hvilken-informasjon-bor-medelever-og-foreldre-fa-om-det-a-ha-en-horselshemming\/\" \/>\n<meta property=\"og:locale\" content=\"nb_NO\" \/>\n<meta property=\"og:type\" content=\"article\" \/>\n<meta property=\"og:title\" content=\"Barnet mitt har en h\u00f8rselshemming og g\u00e5r i en ordin\u00e6r klasse. Hvilken informasjon b\u00f8r medelever og foreldre f\u00e5 om det \u00e5 ha en h\u00f8rselshemming?\" \/>\n<meta property=\"og:url\" content=\"https:\/\/foreldreutvalgene.no\/fug\/sporsmal\/barnet-mitt-har-en-horselshemming-og-gar-i-en-ordinaer-klasse-hvilken-informasjon-bor-medelever-og-foreldre-fa-om-det-a-ha-en-horselshemming\/\" \/>\n<meta property=\"og:site_name\" content=\"Foreldreutvalget for grunnoppl\u00e6ringen\" \/>\n<meta property=\"article:modified_time\" content=\"2024-08-06T07:46:04+00:00\" \/>\n<meta name=\"twitter:card\" content=\"summary_large_image\" \/>\n<script type=\"application\/ld+json\" class=\"yoast-schema-graph\">{\"@context\":\"https:\\\/\\\/schema.org\",\"@graph\":[{\"@type\":\"WebPage\",\"@id\":\"https:\\\/\\\/foreldreutvalgene.no\\\/fug\\\/sporsmal\\\/barnet-mitt-har-en-horselshemming-og-gar-i-en-ordinaer-klasse-hvilken-informasjon-bor-medelever-og-foreldre-fa-om-det-a-ha-en-horselshemming\\\/\",\"url\":\"https:\\\/\\\/foreldreutvalgene.no\\\/fug\\\/sporsmal\\\/barnet-mitt-har-en-horselshemming-og-gar-i-en-ordinaer-klasse-hvilken-informasjon-bor-medelever-og-foreldre-fa-om-det-a-ha-en-horselshemming\\\/\",\"name\":\"Barnet mitt har en h\u00f8rselshemming og g\u00e5r i en ordin\u00e6r klasse. Hvilken informasjon b\u00f8r medelever og foreldre f\u00e5 om det \u00e5 ha en h\u00f8rselshemming? - Foreldreutvalget for grunnoppl\u00e6ringen\",\"isPartOf\":{\"@id\":\"https:\\\/\\\/foreldreutvalgene.no\\\/fug\\\/#website\"},\"datePublished\":\"2021-06-22T06:28:51+00:00\",\"dateModified\":\"2024-08-06T07:46:04+00:00\",\"breadcrumb\":{\"@id\":\"https:\\\/\\\/foreldreutvalgene.no\\\/fug\\\/sporsmal\\\/barnet-mitt-har-en-horselshemming-og-gar-i-en-ordinaer-klasse-hvilken-informasjon-bor-medelever-og-foreldre-fa-om-det-a-ha-en-horselshemming\\\/#breadcrumb\"},\"inLanguage\":\"nb-NO\",\"potentialAction\":[{\"@type\":\"ReadAction\",\"target\":[\"https:\\\/\\\/foreldreutvalgene.no\\\/fug\\\/sporsmal\\\/barnet-mitt-har-en-horselshemming-og-gar-i-en-ordinaer-klasse-hvilken-informasjon-bor-medelever-og-foreldre-fa-om-det-a-ha-en-horselshemming\\\/\"]}]},{\"@type\":\"BreadcrumbList\",\"@id\":\"https:\\\/\\\/foreldreutvalgene.no\\\/fug\\\/sporsmal\\\/barnet-mitt-har-en-horselshemming-og-gar-i-en-ordinaer-klasse-hvilken-informasjon-bor-medelever-og-foreldre-fa-om-det-a-ha-en-horselshemming\\\/#breadcrumb\",\"itemListElement\":[{\"@type\":\"ListItem\",\"position\":1,\"name\":\"Home\",\"item\":\"https:\\\/\\\/foreldreutvalgene.no\\\/fug\\\/\"},{\"@type\":\"ListItem\",\"position\":2,\"name\":\"FAQ\",\"item\":\"https:\\\/\\\/foreldreutvalgene.no\\\/fug\\\/sporsmal\\\/\"},{\"@type\":\"ListItem\",\"position\":3,\"name\":\"Barnet mitt har en h\u00f8rselshemming og g\u00e5r i en ordin\u00e6r klasse. Hvilken informasjon b\u00f8r medelever og foreldre f\u00e5 om det \u00e5 ha en h\u00f8rselshemming?\"}]},{\"@type\":\"WebSite\",\"@id\":\"https:\\\/\\\/foreldreutvalgene.no\\\/fug\\\/#website\",\"url\":\"https:\\\/\\\/foreldreutvalgene.no\\\/fug\\\/\",\"name\":\"Foreldreutvalget for grunnoppl\u00e6ringen\",\"description\":\"\",\"publisher\":{\"@id\":\"https:\\\/\\\/foreldreutvalgene.no\\\/fug\\\/#organization\"},\"potentialAction\":[{\"@type\":\"SearchAction\",\"target\":{\"@type\":\"EntryPoint\",\"urlTemplate\":\"https:\\\/\\\/foreldreutvalgene.no\\\/fug\\\/?s={search_term_string}\"},\"query-input\":{\"@type\":\"PropertyValueSpecification\",\"valueRequired\":true,\"valueName\":\"search_term_string\"}}],\"inLanguage\":\"nb-NO\"},{\"@type\":\"Organization\",\"@id\":\"https:\\\/\\\/foreldreutvalgene.no\\\/fug\\\/#organization\",\"name\":\"Foreldreutvalget for grunnoppl\u00e6ringen\",\"url\":\"https:\\\/\\\/foreldreutvalgene.no\\\/fug\\\/\",\"logo\":{\"@type\":\"ImageObject\",\"inLanguage\":\"nb-NO\",\"@id\":\"https:\\\/\\\/foreldreutvalgene.no\\\/fug\\\/#\\\/schema\\\/logo\\\/image\\\/\",\"url\":\"https:\\\/\\\/foreldreutvalgene.no\\\/fug\\\/wp-content\\\/uploads\\\/sites\\\/3\\\/2021\\\/06\\\/footer-logo-fug-outlined.svg\",\"contentUrl\":\"https:\\\/\\\/foreldreutvalgene.no\\\/fug\\\/wp-content\\\/uploads\\\/sites\\\/3\\\/2021\\\/06\\\/footer-logo-fug-outlined.svg\",\"width\":310,\"height\":73,\"caption\":\"Foreldreutvalget for grunnoppl\u00e6ringen\"},\"image\":{\"@id\":\"https:\\\/\\\/foreldreutvalgene.no\\\/fug\\\/#\\\/schema\\\/logo\\\/image\\\/\"}}]}<\/script>\n<!-- \/ Yoast SEO Premium plugin. -->","yoast_head_json":{"title":"Barnet mitt har en h\u00f8rselshemming og g\u00e5r i en ordin\u00e6r klasse. Hvilken informasjon b\u00f8r medelever og foreldre f\u00e5 om det \u00e5 ha en h\u00f8rselshemming? - Foreldreutvalget for grunnoppl\u00e6ringen","robots":{"index":"index","follow":"follow","max-snippet":"max-snippet:-1","max-image-preview":"max-image-preview:large","max-video-preview":"max-video-preview:-1"},"canonical":"https:\/\/foreldreutvalgene.no\/fug\/sporsmal\/barnet-mitt-har-en-horselshemming-og-gar-i-en-ordinaer-klasse-hvilken-informasjon-bor-medelever-og-foreldre-fa-om-det-a-ha-en-horselshemming\/","og_locale":"nb_NO","og_type":"article","og_title":"Barnet mitt har en h\u00f8rselshemming og g\u00e5r i en ordin\u00e6r klasse. Hvilken informasjon b\u00f8r medelever og foreldre f\u00e5 om det \u00e5 ha en h\u00f8rselshemming?","og_url":"https:\/\/foreldreutvalgene.no\/fug\/sporsmal\/barnet-mitt-har-en-horselshemming-og-gar-i-en-ordinaer-klasse-hvilken-informasjon-bor-medelever-og-foreldre-fa-om-det-a-ha-en-horselshemming\/","og_site_name":"Foreldreutvalget for grunnoppl\u00e6ringen","article_modified_time":"2024-08-06T07:46:04+00:00","twitter_card":"summary_large_image","schema":{"@context":"https:\/\/schema.org","@graph":[{"@type":"WebPage","@id":"https:\/\/foreldreutvalgene.no\/fug\/sporsmal\/barnet-mitt-har-en-horselshemming-og-gar-i-en-ordinaer-klasse-hvilken-informasjon-bor-medelever-og-foreldre-fa-om-det-a-ha-en-horselshemming\/","url":"https:\/\/foreldreutvalgene.no\/fug\/sporsmal\/barnet-mitt-har-en-horselshemming-og-gar-i-en-ordinaer-klasse-hvilken-informasjon-bor-medelever-og-foreldre-fa-om-det-a-ha-en-horselshemming\/","name":"Barnet mitt har en h\u00f8rselshemming og g\u00e5r i en ordin\u00e6r klasse. Hvilken informasjon b\u00f8r medelever og foreldre f\u00e5 om det \u00e5 ha en h\u00f8rselshemming? - Foreldreutvalget for grunnoppl\u00e6ringen","isPartOf":{"@id":"https:\/\/foreldreutvalgene.no\/fug\/#website"},"datePublished":"2021-06-22T06:28:51+00:00","dateModified":"2024-08-06T07:46:04+00:00","breadcrumb":{"@id":"https:\/\/foreldreutvalgene.no\/fug\/sporsmal\/barnet-mitt-har-en-horselshemming-og-gar-i-en-ordinaer-klasse-hvilken-informasjon-bor-medelever-og-foreldre-fa-om-det-a-ha-en-horselshemming\/#breadcrumb"},"inLanguage":"nb-NO","potentialAction":[{"@type":"ReadAction","target":["https:\/\/foreldreutvalgene.no\/fug\/sporsmal\/barnet-mitt-har-en-horselshemming-og-gar-i-en-ordinaer-klasse-hvilken-informasjon-bor-medelever-og-foreldre-fa-om-det-a-ha-en-horselshemming\/"]}]},{"@type":"BreadcrumbList","@id":"https:\/\/foreldreutvalgene.no\/fug\/sporsmal\/barnet-mitt-har-en-horselshemming-og-gar-i-en-ordinaer-klasse-hvilken-informasjon-bor-medelever-og-foreldre-fa-om-det-a-ha-en-horselshemming\/#breadcrumb","itemListElement":[{"@type":"ListItem","position":1,"name":"Home","item":"https:\/\/foreldreutvalgene.no\/fug\/"},{"@type":"ListItem","position":2,"name":"FAQ","item":"https:\/\/foreldreutvalgene.no\/fug\/sporsmal\/"},{"@type":"ListItem","position":3,"name":"Barnet mitt har en h\u00f8rselshemming og g\u00e5r i en ordin\u00e6r klasse. Hvilken informasjon b\u00f8r medelever og foreldre f\u00e5 om det \u00e5 ha en h\u00f8rselshemming?"}]},{"@type":"WebSite","@id":"https:\/\/foreldreutvalgene.no\/fug\/#website","url":"https:\/\/foreldreutvalgene.no\/fug\/","name":"Foreldreutvalget for grunnoppl\u00e6ringen","description":"","publisher":{"@id":"https:\/\/foreldreutvalgene.no\/fug\/#organization"},"potentialAction":[{"@type":"SearchAction","target":{"@type":"EntryPoint","urlTemplate":"https:\/\/foreldreutvalgene.no\/fug\/?s={search_term_string}"},"query-input":{"@type":"PropertyValueSpecification","valueRequired":true,"valueName":"search_term_string"}}],"inLanguage":"nb-NO"},{"@type":"Organization","@id":"https:\/\/foreldreutvalgene.no\/fug\/#organization","name":"Foreldreutvalget for grunnoppl\u00e6ringen","url":"https:\/\/foreldreutvalgene.no\/fug\/","logo":{"@type":"ImageObject","inLanguage":"nb-NO","@id":"https:\/\/foreldreutvalgene.no\/fug\/#\/schema\/logo\/image\/","url":"https:\/\/foreldreutvalgene.no\/fug\/wp-content\/uploads\/sites\/3\/2021\/06\/footer-logo-fug-outlined.svg","contentUrl":"https:\/\/foreldreutvalgene.no\/fug\/wp-content\/uploads\/sites\/3\/2021\/06\/footer-logo-fug-outlined.svg","width":310,"height":73,"caption":"Foreldreutvalget for grunnoppl\u00e6ringen"},"image":{"@id":"https:\/\/foreldreutvalgene.no\/fug\/#\/schema\/logo\/image\/"}}]}},"_links":{"self":[{"href":"https:\/\/foreldreutvalgene.no\/fug\/wp-json\/wp\/v2\/faq\/365","targetHints":{"allow":["GET"]}}],"collection":[{"href":"https:\/\/foreldreutvalgene.no\/fug\/wp-json\/wp\/v2\/faq"}],"about":[{"href":"https:\/\/foreldreutvalgene.no\/fug\/wp-json\/wp\/v2\/types\/faq"}],"author":[{"embeddable":true,"href":"https:\/\/foreldreutvalgene.no\/fug\/wp-json\/wp\/v2\/users\/3"}],"version-history":[{"count":2,"href":"https:\/\/foreldreutvalgene.no\/fug\/wp-json\/wp\/v2\/faq\/365\/revisions"}],"predecessor-version":[{"id":387,"href":"https:\/\/foreldreutvalgene.no\/fug\/wp-json\/wp\/v2\/faq\/365\/revisions\/387"}],"wp:attachment":[{"href":"https:\/\/foreldreutvalgene.no\/fug\/wp-json\/wp\/v2\/media?parent=365"}],"wp:term":[{"taxonomy":"faqcategory","embeddable":true,"href":"https:\/\/foreldreutvalgene.no\/fug\/wp-json\/wp\/v2\/faqcategory?post=365"}],"curies":[{"name":"wp","href":"https:\/\/api.w.org\/{rel}","templated":true}]}}

Barnet mitt har en hørselshemming og går i en ordinær klasse. Hvilken informasjon bør medelever og foreldre få om det å ha en hørselshemming?

<!-- This site is optimized with the Yoast SEO Premium plugin v27.4 (Yoast SEO v27.4) - https://yoast.com/product/yoast-seo-premium-wordpress/ -->
<title>Barnet mitt har en hørselshemming og går i en ordinær klasse. Hvilken informasjon bør medelever og foreldre få om det å ha en hørselshemming? - Foreldreutvalget for grunnopplæringen</title>
<meta name="robots" content="index, follow, max-snippet:-1, max-image-preview:large, max-video-preview:-1" />
<link rel="canonical" href="https://foreldreutvalgene.no/fug/sporsmal/barnet-mitt-har-en-horselshemming-og-gar-i-en-ordinaer-klasse-hvilken-informasjon-bor-medelever-og-foreldre-fa-om-det-a-ha-en-horselshemming/" />
<meta property="og:locale" content="nb_NO" />
<meta property="og:type" content="article" />
<meta property="og:title" content="Barnet mitt har en hørselshemming og går i en ordinær klasse. Hvilken informasjon bør medelever og foreldre få om det å ha en hørselshemming?" />
<meta property="og:url" content="https://foreldreutvalgene.no/fug/sporsmal/barnet-mitt-har-en-horselshemming-og-gar-i-en-ordinaer-klasse-hvilken-informasjon-bor-medelever-og-foreldre-fa-om-det-a-ha-en-horselshemming/" />
<meta property="og:site_name" content="Foreldreutvalget for grunnopplæringen" />
<meta property="article:modified_time" content="2024-08-06T07:46:04+00:00" />
<meta name="twitter:card" content="summary_large_image" />
<script type="application/ld+json" class="yoast-schema-graph">{"@context":"https:\/\/schema.org","@graph":[{"@type":"WebPage","@id":"https:\/\/foreldreutvalgene.no\/fug\/sporsmal\/barnet-mitt-har-en-horselshemming-og-gar-i-en-ordinaer-klasse-hvilken-informasjon-bor-medelever-og-foreldre-fa-om-det-a-ha-en-horselshemming\/","url":"https:\/\/foreldreutvalgene.no\/fug\/sporsmal\/barnet-mitt-har-en-horselshemming-og-gar-i-en-ordinaer-klasse-hvilken-informasjon-bor-medelever-og-foreldre-fa-om-det-a-ha-en-horselshemming\/","name":"Barnet mitt har en hørselshemming og går i en ordinær klasse. Hvilken informasjon bør medelever og foreldre få om det å ha en hørselshemming? - Foreldreutvalget for grunnopplæringen","isPartOf":{"@id":"https:\/\/foreldreutvalgene.no\/fug\/#website"},"datePublished":"2021-06-22T06:28:51+00:00","dateModified":"2024-08-06T07:46:04+00:00","breadcrumb":{"@id":"https:\/\/foreldreutvalgene.no\/fug\/sporsmal\/barnet-mitt-har-en-horselshemming-og-gar-i-en-ordinaer-klasse-hvilken-informasjon-bor-medelever-og-foreldre-fa-om-det-a-ha-en-horselshemming\/#breadcrumb"},"inLanguage":"nb-NO","potentialAction":[{"@type":"ReadAction","target":["https:\/\/foreldreutvalgene.no\/fug\/sporsmal\/barnet-mitt-har-en-horselshemming-og-gar-i-en-ordinaer-klasse-hvilken-informasjon-bor-medelever-og-foreldre-fa-om-det-a-ha-en-horselshemming\/"]}]},{"@type":"BreadcrumbList","@id":"https:\/\/foreldreutvalgene.no\/fug\/sporsmal\/barnet-mitt-har-en-horselshemming-og-gar-i-en-ordinaer-klasse-hvilken-informasjon-bor-medelever-og-foreldre-fa-om-det-a-ha-en-horselshemming\/#breadcrumb","itemListElement":[{"@type":"ListItem","position":1,"name":"Home","item":"https:\/\/foreldreutvalgene.no\/fug\/"},{"@type":"ListItem","position":2,"name":"FAQ","item":"https:\/\/foreldreutvalgene.no\/fug\/sporsmal\/"},{"@type":"ListItem","position":3,"name":"Barnet mitt har en hørselshemming og går i en ordinær klasse. Hvilken informasjon bør medelever og foreldre få om det å ha en hørselshemming?"}]},{"@type":"WebSite","@id":"https:\/\/foreldreutvalgene.no\/fug\/#website","url":"https:\/\/foreldreutvalgene.no\/fug\/","name":"Foreldreutvalget for grunnopplæringen","description":"","publisher":{"@id":"https:\/\/foreldreutvalgene.no\/fug\/#organization"},"potentialAction":[{"@type":"SearchAction","target":{"@type":"EntryPoint","urlTemplate":"https:\/\/foreldreutvalgene.no\/fug\/?s={search_term_string}"},"query-input":{"@type":"PropertyValueSpecification","valueRequired":true,"valueName":"search_term_string"}}],"inLanguage":"nb-NO"},{"@type":"Organization","@id":"https:\/\/foreldreutvalgene.no\/fug\/#organization","name":"Foreldreutvalget for grunnopplæringen","url":"https:\/\/foreldreutvalgene.no\/fug\/","logo":{"@type":"ImageObject","inLanguage":"nb-NO","@id":"https:\/\/foreldreutvalgene.no\/fug\/#\/schema\/logo\/image\/","url":"https:\/\/foreldreutvalgene.no\/fug\/wp-content\/uploads\/sites\/3\/2021\/06\/footer-logo-fug-outlined.svg","contentUrl":"https:\/\/foreldreutvalgene.no\/fug\/wp-content\/uploads\/sites\/3\/2021\/06\/footer-logo-fug-outlined.svg","width":310,"height":73,"caption":"Foreldreutvalget for grunnopplæringen"},"image":{"@id":"https:\/\/foreldreutvalgene.no\/fug\/#\/schema\/logo\/image\/"}}]}</script>
<!-- / Yoast SEO Premium plugin. -->

Barnet mitt har en hørselshemming og går i en ordinær klasse. Hvilken informasjon bør medelever og foreldre få om det å ha en hørselshemming? - Foreldreutvalget for grunnopplæringen

Foreldreutvalget for grunnopplæringen
