{"id":12168,"date":"2025-07-31T13:39:24","date_gmt":"2025-07-31T11:39:24","guid":{"rendered":"https:\/\/foreldreutvalgene.no\/fug\/?post_type=faq&#038;p=12168"},"modified":"2025-08-01T14:18:12","modified_gmt":"2025-08-01T12:18:12","slug":"har-laereren-lov-til-a-gripe-tak-i-elevene-fysisk","status":"publish","type":"faq","link":"https:\/\/foreldreutvalgene.no\/fug\/sporsmal\/har-laereren-lov-til-a-gripe-tak-i-elevene-fysisk\/","title":{"rendered":"Har l\u00e6reren lov til \u00e5 gripe tak i elevene fysisk?"},"author":9,"template":"","faqcategory":[23],"class_list":["post-12168","faq","type-faq","status-publish","hentry","faqcategory-skolemiljo-og-mobbing"],"acf":[],"yoast_head":"<!-- This site is optimized with the Yoast SEO Premium plugin v27.4 (Yoast SEO v27.4) - https:\/\/yoast.com\/product\/yoast-seo-premium-wordpress\/ -->\n<title>Har l\u00e6reren lov til \u00e5 gripe tak i elevene fysisk? - Foreldreutvalget for grunnoppl\u00e6ringen<\/title>\n<meta name=\"description\" content=\"Ja, ansatte i skolen har lov til \u00e5 gripe inn fysisk i noen s\u00e6rlige tilfeller dersom andre tiltak ikke er tilstrekkelige. Form\u00e5let m\u00e5 v\u00e6re \u00e5 avverge n\u00e6rmere bestemte handlinger.\" \/>\n<meta name=\"robots\" content=\"index, follow, max-snippet:-1, max-image-preview:large, max-video-preview:-1\" \/>\n<link rel=\"canonical\" href=\"https:\/\/foreldreutvalgene.no\/fug\/sporsmal\/har-laereren-lov-til-a-gripe-tak-i-elevene-fysisk\/\" \/>\n<meta property=\"og:locale\" content=\"nb_NO\" \/>\n<meta property=\"og:type\" content=\"article\" \/>\n<meta property=\"og:title\" content=\"Har l\u00e6reren lov til \u00e5 gripe tak i elevene fysisk?\" \/>\n<meta property=\"og:description\" content=\"Ja, ansatte i skolen har lov til \u00e5 gripe inn fysisk i noen s\u00e6rlige tilfeller dersom andre tiltak ikke er tilstrekkelige. Form\u00e5let m\u00e5 v\u00e6re \u00e5 avverge n\u00e6rmere bestemte handlinger.\" \/>\n<meta property=\"og:url\" content=\"https:\/\/foreldreutvalgene.no\/fug\/sporsmal\/har-laereren-lov-til-a-gripe-tak-i-elevene-fysisk\/\" \/>\n<meta property=\"og:site_name\" content=\"Foreldreutvalget for grunnoppl\u00e6ringen\" \/>\n<meta property=\"article:modified_time\" content=\"2025-08-01T12:18:12+00:00\" \/>\n<meta name=\"twitter:card\" content=\"summary_large_image\" \/>\n<script type=\"application\/ld+json\" class=\"yoast-schema-graph\">{\"@context\":\"https:\\\/\\\/schema.org\",\"@graph\":[{\"@type\":\"WebPage\",\"@id\":\"https:\\\/\\\/foreldreutvalgene.no\\\/fug\\\/sporsmal\\\/har-laereren-lov-til-a-gripe-tak-i-elevene-fysisk\\\/\",\"url\":\"https:\\\/\\\/foreldreutvalgene.no\\\/fug\\\/sporsmal\\\/har-laereren-lov-til-a-gripe-tak-i-elevene-fysisk\\\/\",\"name\":\"Har l\u00e6reren lov til \u00e5 gripe tak i elevene fysisk? - Foreldreutvalget for grunnoppl\u00e6ringen\",\"isPartOf\":{\"@id\":\"https:\\\/\\\/foreldreutvalgene.no\\\/fug\\\/#website\"},\"datePublished\":\"2025-07-31T11:39:24+00:00\",\"dateModified\":\"2025-08-01T12:18:12+00:00\",\"description\":\"Ja, ansatte i skolen har lov til \u00e5 gripe inn fysisk i noen s\u00e6rlige tilfeller dersom andre tiltak ikke er tilstrekkelige. Form\u00e5let m\u00e5 v\u00e6re \u00e5 avverge n\u00e6rmere bestemte handlinger.\",\"breadcrumb\":{\"@id\":\"https:\\\/\\\/foreldreutvalgene.no\\\/fug\\\/sporsmal\\\/har-laereren-lov-til-a-gripe-tak-i-elevene-fysisk\\\/#breadcrumb\"},\"inLanguage\":\"nb-NO\",\"potentialAction\":[{\"@type\":\"ReadAction\",\"target\":[\"https:\\\/\\\/foreldreutvalgene.no\\\/fug\\\/sporsmal\\\/har-laereren-lov-til-a-gripe-tak-i-elevene-fysisk\\\/\"]}]},{\"@type\":\"BreadcrumbList\",\"@id\":\"https:\\\/\\\/foreldreutvalgene.no\\\/fug\\\/sporsmal\\\/har-laereren-lov-til-a-gripe-tak-i-elevene-fysisk\\\/#breadcrumb\",\"itemListElement\":[{\"@type\":\"ListItem\",\"position\":1,\"name\":\"Home\",\"item\":\"https:\\\/\\\/foreldreutvalgene.no\\\/fug\\\/\"},{\"@type\":\"ListItem\",\"position\":2,\"name\":\"FAQ\",\"item\":\"https:\\\/\\\/foreldreutvalgene.no\\\/fug\\\/sporsmal\\\/\"},{\"@type\":\"ListItem\",\"position\":3,\"name\":\"Har l\u00e6reren lov til \u00e5 gripe tak i elevene fysisk?\"}]},{\"@type\":\"WebSite\",\"@id\":\"https:\\\/\\\/foreldreutvalgene.no\\\/fug\\\/#website\",\"url\":\"https:\\\/\\\/foreldreutvalgene.no\\\/fug\\\/\",\"name\":\"Foreldreutvalget for grunnoppl\u00e6ringen\",\"description\":\"\",\"publisher\":{\"@id\":\"https:\\\/\\\/foreldreutvalgene.no\\\/fug\\\/#organization\"},\"potentialAction\":[{\"@type\":\"SearchAction\",\"target\":{\"@type\":\"EntryPoint\",\"urlTemplate\":\"https:\\\/\\\/foreldreutvalgene.no\\\/fug\\\/?s={search_term_string}\"},\"query-input\":{\"@type\":\"PropertyValueSpecification\",\"valueRequired\":true,\"valueName\":\"search_term_string\"}}],\"inLanguage\":\"nb-NO\"},{\"@type\":\"Organization\",\"@id\":\"https:\\\/\\\/foreldreutvalgene.no\\\/fug\\\/#organization\",\"name\":\"Foreldreutvalget for grunnoppl\u00e6ringen\",\"url\":\"https:\\\/\\\/foreldreutvalgene.no\\\/fug\\\/\",\"logo\":{\"@type\":\"ImageObject\",\"inLanguage\":\"nb-NO\",\"@id\":\"https:\\\/\\\/foreldreutvalgene.no\\\/fug\\\/#\\\/schema\\\/logo\\\/image\\\/\",\"url\":\"https:\\\/\\\/foreldreutvalgene.no\\\/fug\\\/wp-content\\\/uploads\\\/sites\\\/3\\\/2021\\\/06\\\/footer-logo-fug-outlined.svg\",\"contentUrl\":\"https:\\\/\\\/foreldreutvalgene.no\\\/fug\\\/wp-content\\\/uploads\\\/sites\\\/3\\\/2021\\\/06\\\/footer-logo-fug-outlined.svg\",\"width\":310,\"height\":73,\"caption\":\"Foreldreutvalget for grunnoppl\u00e6ringen\"},\"image\":{\"@id\":\"https:\\\/\\\/foreldreutvalgene.no\\\/fug\\\/#\\\/schema\\\/logo\\\/image\\\/\"}}]}<\/script>\n<!-- \/ Yoast SEO Premium plugin. -->","yoast_head_json":{"title":"Har l\u00e6reren lov til \u00e5 gripe tak i elevene fysisk? - Foreldreutvalget for grunnoppl\u00e6ringen","description":"Ja, ansatte i skolen har lov til \u00e5 gripe inn fysisk i noen s\u00e6rlige tilfeller dersom andre tiltak ikke er tilstrekkelige. Form\u00e5let m\u00e5 v\u00e6re \u00e5 avverge n\u00e6rmere bestemte handlinger.","robots":{"index":"index","follow":"follow","max-snippet":"max-snippet:-1","max-image-preview":"max-image-preview:large","max-video-preview":"max-video-preview:-1"},"canonical":"https:\/\/foreldreutvalgene.no\/fug\/sporsmal\/har-laereren-lov-til-a-gripe-tak-i-elevene-fysisk\/","og_locale":"nb_NO","og_type":"article","og_title":"Har l\u00e6reren lov til \u00e5 gripe tak i elevene fysisk?","og_description":"Ja, ansatte i skolen har lov til \u00e5 gripe inn fysisk i noen s\u00e6rlige tilfeller dersom andre tiltak ikke er tilstrekkelige. Form\u00e5let m\u00e5 v\u00e6re \u00e5 avverge n\u00e6rmere bestemte handlinger.","og_url":"https:\/\/foreldreutvalgene.no\/fug\/sporsmal\/har-laereren-lov-til-a-gripe-tak-i-elevene-fysisk\/","og_site_name":"Foreldreutvalget for grunnoppl\u00e6ringen","article_modified_time":"2025-08-01T12:18:12+00:00","twitter_card":"summary_large_image","schema":{"@context":"https:\/\/schema.org","@graph":[{"@type":"WebPage","@id":"https:\/\/foreldreutvalgene.no\/fug\/sporsmal\/har-laereren-lov-til-a-gripe-tak-i-elevene-fysisk\/","url":"https:\/\/foreldreutvalgene.no\/fug\/sporsmal\/har-laereren-lov-til-a-gripe-tak-i-elevene-fysisk\/","name":"Har l\u00e6reren lov til \u00e5 gripe tak i elevene fysisk? - Foreldreutvalget for grunnoppl\u00e6ringen","isPartOf":{"@id":"https:\/\/foreldreutvalgene.no\/fug\/#website"},"datePublished":"2025-07-31T11:39:24+00:00","dateModified":"2025-08-01T12:18:12+00:00","description":"Ja, ansatte i skolen har lov til \u00e5 gripe inn fysisk i noen s\u00e6rlige tilfeller dersom andre tiltak ikke er tilstrekkelige. Form\u00e5let m\u00e5 v\u00e6re \u00e5 avverge n\u00e6rmere bestemte handlinger.","breadcrumb":{"@id":"https:\/\/foreldreutvalgene.no\/fug\/sporsmal\/har-laereren-lov-til-a-gripe-tak-i-elevene-fysisk\/#breadcrumb"},"inLanguage":"nb-NO","potentialAction":[{"@type":"ReadAction","target":["https:\/\/foreldreutvalgene.no\/fug\/sporsmal\/har-laereren-lov-til-a-gripe-tak-i-elevene-fysisk\/"]}]},{"@type":"BreadcrumbList","@id":"https:\/\/foreldreutvalgene.no\/fug\/sporsmal\/har-laereren-lov-til-a-gripe-tak-i-elevene-fysisk\/#breadcrumb","itemListElement":[{"@type":"ListItem","position":1,"name":"Home","item":"https:\/\/foreldreutvalgene.no\/fug\/"},{"@type":"ListItem","position":2,"name":"FAQ","item":"https:\/\/foreldreutvalgene.no\/fug\/sporsmal\/"},{"@type":"ListItem","position":3,"name":"Har l\u00e6reren lov til \u00e5 gripe tak i elevene fysisk?"}]},{"@type":"WebSite","@id":"https:\/\/foreldreutvalgene.no\/fug\/#website","url":"https:\/\/foreldreutvalgene.no\/fug\/","name":"Foreldreutvalget for grunnoppl\u00e6ringen","description":"","publisher":{"@id":"https:\/\/foreldreutvalgene.no\/fug\/#organization"},"potentialAction":[{"@type":"SearchAction","target":{"@type":"EntryPoint","urlTemplate":"https:\/\/foreldreutvalgene.no\/fug\/?s={search_term_string}"},"query-input":{"@type":"PropertyValueSpecification","valueRequired":true,"valueName":"search_term_string"}}],"inLanguage":"nb-NO"},{"@type":"Organization","@id":"https:\/\/foreldreutvalgene.no\/fug\/#organization","name":"Foreldreutvalget for grunnoppl\u00e6ringen","url":"https:\/\/foreldreutvalgene.no\/fug\/","logo":{"@type":"ImageObject","inLanguage":"nb-NO","@id":"https:\/\/foreldreutvalgene.no\/fug\/#\/schema\/logo\/image\/","url":"https:\/\/foreldreutvalgene.no\/fug\/wp-content\/uploads\/sites\/3\/2021\/06\/footer-logo-fug-outlined.svg","contentUrl":"https:\/\/foreldreutvalgene.no\/fug\/wp-content\/uploads\/sites\/3\/2021\/06\/footer-logo-fug-outlined.svg","width":310,"height":73,"caption":"Foreldreutvalget for grunnoppl\u00e6ringen"},"image":{"@id":"https:\/\/foreldreutvalgene.no\/fug\/#\/schema\/logo\/image\/"}}]}},"_links":{"self":[{"href":"https:\/\/foreldreutvalgene.no\/fug\/wp-json\/wp\/v2\/faq\/12168","targetHints":{"allow":["GET"]}}],"collection":[{"href":"https:\/\/foreldreutvalgene.no\/fug\/wp-json\/wp\/v2\/faq"}],"about":[{"href":"https:\/\/foreldreutvalgene.no\/fug\/wp-json\/wp\/v2\/types\/faq"}],"author":[{"embeddable":true,"href":"https:\/\/foreldreutvalgene.no\/fug\/wp-json\/wp\/v2\/users\/9"}],"version-history":[{"count":3,"href":"https:\/\/foreldreutvalgene.no\/fug\/wp-json\/wp\/v2\/faq\/12168\/revisions"}],"predecessor-version":[{"id":12174,"href":"https:\/\/foreldreutvalgene.no\/fug\/wp-json\/wp\/v2\/faq\/12168\/revisions\/12174"}],"wp:attachment":[{"href":"https:\/\/foreldreutvalgene.no\/fug\/wp-json\/wp\/v2\/media?parent=12168"}],"wp:term":[{"taxonomy":"faqcategory","embeddable":true,"href":"https:\/\/foreldreutvalgene.no\/fug\/wp-json\/wp\/v2\/faqcategory?post=12168"}],"curies":[{"name":"wp","href":"https:\/\/api.w.org\/{rel}","templated":true}]}}

Har læreren lov til å gripe tak i elevene fysisk?

<!-- This site is optimized with the Yoast SEO Premium plugin v27.4 (Yoast SEO v27.4) - https://yoast.com/product/yoast-seo-premium-wordpress/ -->
<title>Har læreren lov til å gripe tak i elevene fysisk? - Foreldreutvalget for grunnopplæringen</title>
<meta name="description" content="Ja, ansatte i skolen har lov til å gripe inn fysisk i noen særlige tilfeller dersom andre tiltak ikke er tilstrekkelige. Formålet må være å avverge nærmere bestemte handlinger." />
<meta name="robots" content="index, follow, max-snippet:-1, max-image-preview:large, max-video-preview:-1" />
<link rel="canonical" href="https://foreldreutvalgene.no/fug/sporsmal/har-laereren-lov-til-a-gripe-tak-i-elevene-fysisk/" />
<meta property="og:locale" content="nb_NO" />
<meta property="og:type" content="article" />
<meta property="og:title" content="Har læreren lov til å gripe tak i elevene fysisk?" />
<meta property="og:description" content="Ja, ansatte i skolen har lov til å gripe inn fysisk i noen særlige tilfeller dersom andre tiltak ikke er tilstrekkelige. Formålet må være å avverge nærmere bestemte handlinger." />
<meta property="og:url" content="https://foreldreutvalgene.no/fug/sporsmal/har-laereren-lov-til-a-gripe-tak-i-elevene-fysisk/" />
<meta property="og:site_name" content="Foreldreutvalget for grunnopplæringen" />
<meta property="article:modified_time" content="2025-08-01T12:18:12+00:00" />
<meta name="twitter:card" content="summary_large_image" />
<script type="application/ld+json" class="yoast-schema-graph">{"@context":"https:\/\/schema.org","@graph":[{"@type":"WebPage","@id":"https:\/\/foreldreutvalgene.no\/fug\/sporsmal\/har-laereren-lov-til-a-gripe-tak-i-elevene-fysisk\/","url":"https:\/\/foreldreutvalgene.no\/fug\/sporsmal\/har-laereren-lov-til-a-gripe-tak-i-elevene-fysisk\/","name":"Har læreren lov til å gripe tak i elevene fysisk? - Foreldreutvalget for grunnopplæringen","isPartOf":{"@id":"https:\/\/foreldreutvalgene.no\/fug\/#website"},"datePublished":"2025-07-31T11:39:24+00:00","dateModified":"2025-08-01T12:18:12+00:00","description":"Ja, ansatte i skolen har lov til å gripe inn fysisk i noen særlige tilfeller dersom andre tiltak ikke er tilstrekkelige. Formålet må være å avverge nærmere bestemte handlinger.","breadcrumb":{"@id":"https:\/\/foreldreutvalgene.no\/fug\/sporsmal\/har-laereren-lov-til-a-gripe-tak-i-elevene-fysisk\/#breadcrumb"},"inLanguage":"nb-NO","potentialAction":[{"@type":"ReadAction","target":["https:\/\/foreldreutvalgene.no\/fug\/sporsmal\/har-laereren-lov-til-a-gripe-tak-i-elevene-fysisk\/"]}]},{"@type":"BreadcrumbList","@id":"https:\/\/foreldreutvalgene.no\/fug\/sporsmal\/har-laereren-lov-til-a-gripe-tak-i-elevene-fysisk\/#breadcrumb","itemListElement":[{"@type":"ListItem","position":1,"name":"Home","item":"https:\/\/foreldreutvalgene.no\/fug\/"},{"@type":"ListItem","position":2,"name":"FAQ","item":"https:\/\/foreldreutvalgene.no\/fug\/sporsmal\/"},{"@type":"ListItem","position":3,"name":"Har læreren lov til å gripe tak i elevene fysisk?"}]},{"@type":"WebSite","@id":"https:\/\/foreldreutvalgene.no\/fug\/#website","url":"https:\/\/foreldreutvalgene.no\/fug\/","name":"Foreldreutvalget for grunnopplæringen","description":"","publisher":{"@id":"https:\/\/foreldreutvalgene.no\/fug\/#organization"},"potentialAction":[{"@type":"SearchAction","target":{"@type":"EntryPoint","urlTemplate":"https:\/\/foreldreutvalgene.no\/fug\/?s={search_term_string}"},"query-input":{"@type":"PropertyValueSpecification","valueRequired":true,"valueName":"search_term_string"}}],"inLanguage":"nb-NO"},{"@type":"Organization","@id":"https:\/\/foreldreutvalgene.no\/fug\/#organization","name":"Foreldreutvalget for grunnopplæringen","url":"https:\/\/foreldreutvalgene.no\/fug\/","logo":{"@type":"ImageObject","inLanguage":"nb-NO","@id":"https:\/\/foreldreutvalgene.no\/fug\/#\/schema\/logo\/image\/","url":"https:\/\/foreldreutvalgene.no\/fug\/wp-content\/uploads\/sites\/3\/2021\/06\/footer-logo-fug-outlined.svg","contentUrl":"https:\/\/foreldreutvalgene.no\/fug\/wp-content\/uploads\/sites\/3\/2021\/06\/footer-logo-fug-outlined.svg","width":310,"height":73,"caption":"Foreldreutvalget for grunnopplæringen"},"image":{"@id":"https:\/\/foreldreutvalgene.no\/fug\/#\/schema\/logo\/image\/"}}]}</script>
<!-- / Yoast SEO Premium plugin. -->

Har læreren lov til å gripe tak i elevene fysisk? - Foreldreutvalget for grunnopplæringen

Ja, ansatte i skolen har lov til å gripe inn fysisk i noen særlige tilfeller dersom andre tiltak ikke er tilstrekkelige. Formålet må være å avverge nærmere bestemte handlinger.

Foreldreutvalget for grunnopplæringen
