{"id":10291,"date":"2024-01-02T13:33:30","date_gmt":"2024-01-02T12:33:30","guid":{"rendered":"https:\/\/foreldreutvalgene.no\/fug\/?post_type=employee&#038;p=10291"},"modified":"2025-04-03T13:49:24","modified_gmt":"2025-04-03T11:49:24","slug":"lill-therese-varsi","status":"publish","type":"employee","link":"https:\/\/foreldreutvalgene.no\/fug\/medlemmene\/lill-therese-varsi\/","title":{"rendered":"Lill-Therese Varsi"},"content":{"rendered":"\n<p>Eg heiter Lill-Therese Varsi, er 36 \u00e5r og bur Hovin, i Melhus kommune saman med mannen min Bernt Are Moshaug, og barna Juh\u00e1n Anders 11 \u00e5r, Olav-Pe\u0111ar seks \u00e5r og Maila-Kristine fire \u00e5r.<\/p>\n\n\n\n<p>Eg er utdanna pedagog, og jobbar no som PP-leiar ved Rennebu PP-teneste. Eg har hatt verv som klassekontakt, nestleiar ved FAU og vararepresentant i SU ved Hovin skole i til saman fire \u00e5r. No er eg vald som SU-medlem for Rosm\u00e6len skole.<\/p>\n\n\n\n<p>Eg brenn spesielt for at foreldre skal vera trygge i rolla si som foreldre. Eit godt skole-heim samarbeid er viktig for \u00e5 gjere foreldre til trygge vaksne. \u00c5 ha gode forventningsavklaringar mellom skole og heim er \u00f2g viktig. I tillegg brenn eg for at samiske barn skal f\u00e5 likeverdig oppl\u00e6ring som andre barn i skolen.<\/p>\n","protected":false},"author":7,"featured_media":10451,"template":"","class_list":["post-10291","employee","type-employee","status-publish","has-post-thumbnail","hentry"],"acf":[],"yoast_head":"<!-- This site is optimized with the Yoast SEO Premium plugin v27.4 (Yoast SEO v27.4) - https:\/\/yoast.com\/product\/yoast-seo-premium-wordpress\/ -->\n<title>Lill-Therese Varsi - Foreldreutvalget for grunnoppl\u00e6ringen<\/title>\n<meta name=\"robots\" content=\"index, follow, max-snippet:-1, max-image-preview:large, max-video-preview:-1\" \/>\n<link rel=\"canonical\" href=\"https:\/\/foreldreutvalgene.no\/fug\/medlemmene\/lill-therese-varsi\/\" \/>\n<meta property=\"og:locale\" content=\"nb_NO\" \/>\n<meta property=\"og:type\" content=\"article\" \/>\n<meta property=\"og:title\" content=\"Lill-Therese Varsi\" \/>\n<meta property=\"og:description\" content=\"Eg heiter Lill-Therese Varsi, er 36 \u00e5r og bur Hovin, i Melhus kommune saman med mannen min Bernt Are Moshaug, og barna Juh\u00e1n Anders 11 \u00e5r, Olav-Pe\u0111ar seks \u00e5r og Maila-Kristine fire \u00e5r. Eg er utdanna pedagog, og jobbar no som PP-leiar ved Rennebu PP-teneste. Eg har hatt verv som klassekontakt, nestleiar ved FAU og [&hellip;]\" \/>\n<meta property=\"og:url\" content=\"https:\/\/foreldreutvalgene.no\/fug\/medlemmene\/lill-therese-varsi\/\" \/>\n<meta property=\"og:site_name\" content=\"Foreldreutvalget for grunnoppl\u00e6ringen\" \/>\n<meta property=\"article:modified_time\" content=\"2025-04-03T11:49:24+00:00\" \/>\n<meta property=\"og:image\" content=\"https:\/\/foreldreutvalgene.no\/fug\/wp-content\/uploads\/sites\/3\/2024\/01\/DSC_3540-scaled.jpg\" \/>\n\t<meta property=\"og:image:width\" content=\"2048\" \/>\n\t<meta property=\"og:image:height\" content=\"2560\" \/>\n\t<meta property=\"og:image:type\" content=\"image\/jpeg\" \/>\n<meta name=\"twitter:card\" content=\"summary_large_image\" \/>\n<meta name=\"twitter:label1\" content=\"Ansl. lesetid\" \/>\n\t<meta name=\"twitter:data1\" content=\"1 minutt\" \/>\n<script type=\"application\/ld+json\" class=\"yoast-schema-graph\">{\"@context\":\"https:\\\/\\\/schema.org\",\"@graph\":[{\"@type\":\"WebPage\",\"@id\":\"https:\\\/\\\/foreldreutvalgene.no\\\/fug\\\/medlemmene\\\/lill-therese-varsi\\\/\",\"url\":\"https:\\\/\\\/foreldreutvalgene.no\\\/fug\\\/medlemmene\\\/lill-therese-varsi\\\/\",\"name\":\"Lill-Therese Varsi - Foreldreutvalget for grunnoppl\u00e6ringen\",\"isPartOf\":{\"@id\":\"https:\\\/\\\/foreldreutvalgene.no\\\/fug\\\/#website\"},\"primaryImageOfPage\":{\"@id\":\"https:\\\/\\\/foreldreutvalgene.no\\\/fug\\\/medlemmene\\\/lill-therese-varsi\\\/#primaryimage\"},\"image\":{\"@id\":\"https:\\\/\\\/foreldreutvalgene.no\\\/fug\\\/medlemmene\\\/lill-therese-varsi\\\/#primaryimage\"},\"thumbnailUrl\":\"https:\\\/\\\/foreldreutvalgene.no\\\/fug\\\/wp-content\\\/uploads\\\/sites\\\/3\\\/2024\\\/01\\\/DSC_3540-scaled.jpg\",\"datePublished\":\"2024-01-02T12:33:30+00:00\",\"dateModified\":\"2025-04-03T11:49:24+00:00\",\"breadcrumb\":{\"@id\":\"https:\\\/\\\/foreldreutvalgene.no\\\/fug\\\/medlemmene\\\/lill-therese-varsi\\\/#breadcrumb\"},\"inLanguage\":\"nb-NO\",\"potentialAction\":[{\"@type\":\"ReadAction\",\"target\":[\"https:\\\/\\\/foreldreutvalgene.no\\\/fug\\\/medlemmene\\\/lill-therese-varsi\\\/\"]}]},{\"@type\":\"ImageObject\",\"inLanguage\":\"nb-NO\",\"@id\":\"https:\\\/\\\/foreldreutvalgene.no\\\/fug\\\/medlemmene\\\/lill-therese-varsi\\\/#primaryimage\",\"url\":\"https:\\\/\\\/foreldreutvalgene.no\\\/fug\\\/wp-content\\\/uploads\\\/sites\\\/3\\\/2024\\\/01\\\/DSC_3540-scaled.jpg\",\"contentUrl\":\"https:\\\/\\\/foreldreutvalgene.no\\\/fug\\\/wp-content\\\/uploads\\\/sites\\\/3\\\/2024\\\/01\\\/DSC_3540-scaled.jpg\",\"width\":2048,\"height\":2560},{\"@type\":\"BreadcrumbList\",\"@id\":\"https:\\\/\\\/foreldreutvalgene.no\\\/fug\\\/medlemmene\\\/lill-therese-varsi\\\/#breadcrumb\",\"itemListElement\":[{\"@type\":\"ListItem\",\"position\":1,\"name\":\"Home\",\"item\":\"https:\\\/\\\/foreldreutvalgene.no\\\/fug\\\/\"},{\"@type\":\"ListItem\",\"position\":2,\"name\":\"Ansatte\",\"item\":\"https:\\\/\\\/foreldreutvalgene.no\\\/fug\\\/medlemmene\\\/\"},{\"@type\":\"ListItem\",\"position\":3,\"name\":\"Lill-Therese Varsi\"}]},{\"@type\":\"WebSite\",\"@id\":\"https:\\\/\\\/foreldreutvalgene.no\\\/fug\\\/#website\",\"url\":\"https:\\\/\\\/foreldreutvalgene.no\\\/fug\\\/\",\"name\":\"Foreldreutvalget for grunnoppl\u00e6ringen\",\"description\":\"\",\"publisher\":{\"@id\":\"https:\\\/\\\/foreldreutvalgene.no\\\/fug\\\/#organization\"},\"potentialAction\":[{\"@type\":\"SearchAction\",\"target\":{\"@type\":\"EntryPoint\",\"urlTemplate\":\"https:\\\/\\\/foreldreutvalgene.no\\\/fug\\\/?s={search_term_string}\"},\"query-input\":{\"@type\":\"PropertyValueSpecification\",\"valueRequired\":true,\"valueName\":\"search_term_string\"}}],\"inLanguage\":\"nb-NO\"},{\"@type\":\"Organization\",\"@id\":\"https:\\\/\\\/foreldreutvalgene.no\\\/fug\\\/#organization\",\"name\":\"Foreldreutvalget for grunnoppl\u00e6ringen\",\"url\":\"https:\\\/\\\/foreldreutvalgene.no\\\/fug\\\/\",\"logo\":{\"@type\":\"ImageObject\",\"inLanguage\":\"nb-NO\",\"@id\":\"https:\\\/\\\/foreldreutvalgene.no\\\/fug\\\/#\\\/schema\\\/logo\\\/image\\\/\",\"url\":\"https:\\\/\\\/foreldreutvalgene.no\\\/fug\\\/wp-content\\\/uploads\\\/sites\\\/3\\\/2021\\\/06\\\/footer-logo-fug-outlined.svg\",\"contentUrl\":\"https:\\\/\\\/foreldreutvalgene.no\\\/fug\\\/wp-content\\\/uploads\\\/sites\\\/3\\\/2021\\\/06\\\/footer-logo-fug-outlined.svg\",\"width\":310,\"height\":73,\"caption\":\"Foreldreutvalget for grunnoppl\u00e6ringen\"},\"image\":{\"@id\":\"https:\\\/\\\/foreldreutvalgene.no\\\/fug\\\/#\\\/schema\\\/logo\\\/image\\\/\"}}]}<\/script>\n<!-- \/ Yoast SEO Premium plugin. -->","yoast_head_json":{"title":"Lill-Therese Varsi - Foreldreutvalget for grunnoppl\u00e6ringen","robots":{"index":"index","follow":"follow","max-snippet":"max-snippet:-1","max-image-preview":"max-image-preview:large","max-video-preview":"max-video-preview:-1"},"canonical":"https:\/\/foreldreutvalgene.no\/fug\/medlemmene\/lill-therese-varsi\/","og_locale":"nb_NO","og_type":"article","og_title":"Lill-Therese Varsi","og_description":"Eg heiter Lill-Therese Varsi, er 36 \u00e5r og bur Hovin, i Melhus kommune saman med mannen min Bernt Are Moshaug, og barna Juh\u00e1n Anders 11 \u00e5r, Olav-Pe\u0111ar seks \u00e5r og Maila-Kristine fire \u00e5r. Eg er utdanna pedagog, og jobbar no som PP-leiar ved Rennebu PP-teneste. Eg har hatt verv som klassekontakt, nestleiar ved FAU og [&hellip;]","og_url":"https:\/\/foreldreutvalgene.no\/fug\/medlemmene\/lill-therese-varsi\/","og_site_name":"Foreldreutvalget for grunnoppl\u00e6ringen","article_modified_time":"2025-04-03T11:49:24+00:00","og_image":[{"width":2048,"height":2560,"url":"https:\/\/foreldreutvalgene.no\/fug\/wp-content\/uploads\/sites\/3\/2024\/01\/DSC_3540-scaled.jpg","type":"image\/jpeg"}],"twitter_card":"summary_large_image","twitter_misc":{"Ansl. lesetid":"1 minutt"},"schema":{"@context":"https:\/\/schema.org","@graph":[{"@type":"WebPage","@id":"https:\/\/foreldreutvalgene.no\/fug\/medlemmene\/lill-therese-varsi\/","url":"https:\/\/foreldreutvalgene.no\/fug\/medlemmene\/lill-therese-varsi\/","name":"Lill-Therese Varsi - Foreldreutvalget for grunnoppl\u00e6ringen","isPartOf":{"@id":"https:\/\/foreldreutvalgene.no\/fug\/#website"},"primaryImageOfPage":{"@id":"https:\/\/foreldreutvalgene.no\/fug\/medlemmene\/lill-therese-varsi\/#primaryimage"},"image":{"@id":"https:\/\/foreldreutvalgene.no\/fug\/medlemmene\/lill-therese-varsi\/#primaryimage"},"thumbnailUrl":"https:\/\/foreldreutvalgene.no\/fug\/wp-content\/uploads\/sites\/3\/2024\/01\/DSC_3540-scaled.jpg","datePublished":"2024-01-02T12:33:30+00:00","dateModified":"2025-04-03T11:49:24+00:00","breadcrumb":{"@id":"https:\/\/foreldreutvalgene.no\/fug\/medlemmene\/lill-therese-varsi\/#breadcrumb"},"inLanguage":"nb-NO","potentialAction":[{"@type":"ReadAction","target":["https:\/\/foreldreutvalgene.no\/fug\/medlemmene\/lill-therese-varsi\/"]}]},{"@type":"ImageObject","inLanguage":"nb-NO","@id":"https:\/\/foreldreutvalgene.no\/fug\/medlemmene\/lill-therese-varsi\/#primaryimage","url":"https:\/\/foreldreutvalgene.no\/fug\/wp-content\/uploads\/sites\/3\/2024\/01\/DSC_3540-scaled.jpg","contentUrl":"https:\/\/foreldreutvalgene.no\/fug\/wp-content\/uploads\/sites\/3\/2024\/01\/DSC_3540-scaled.jpg","width":2048,"height":2560},{"@type":"BreadcrumbList","@id":"https:\/\/foreldreutvalgene.no\/fug\/medlemmene\/lill-therese-varsi\/#breadcrumb","itemListElement":[{"@type":"ListItem","position":1,"name":"Home","item":"https:\/\/foreldreutvalgene.no\/fug\/"},{"@type":"ListItem","position":2,"name":"Ansatte","item":"https:\/\/foreldreutvalgene.no\/fug\/medlemmene\/"},{"@type":"ListItem","position":3,"name":"Lill-Therese Varsi"}]},{"@type":"WebSite","@id":"https:\/\/foreldreutvalgene.no\/fug\/#website","url":"https:\/\/foreldreutvalgene.no\/fug\/","name":"Foreldreutvalget for grunnoppl\u00e6ringen","description":"","publisher":{"@id":"https:\/\/foreldreutvalgene.no\/fug\/#organization"},"potentialAction":[{"@type":"SearchAction","target":{"@type":"EntryPoint","urlTemplate":"https:\/\/foreldreutvalgene.no\/fug\/?s={search_term_string}"},"query-input":{"@type":"PropertyValueSpecification","valueRequired":true,"valueName":"search_term_string"}}],"inLanguage":"nb-NO"},{"@type":"Organization","@id":"https:\/\/foreldreutvalgene.no\/fug\/#organization","name":"Foreldreutvalget for grunnoppl\u00e6ringen","url":"https:\/\/foreldreutvalgene.no\/fug\/","logo":{"@type":"ImageObject","inLanguage":"nb-NO","@id":"https:\/\/foreldreutvalgene.no\/fug\/#\/schema\/logo\/image\/","url":"https:\/\/foreldreutvalgene.no\/fug\/wp-content\/uploads\/sites\/3\/2021\/06\/footer-logo-fug-outlined.svg","contentUrl":"https:\/\/foreldreutvalgene.no\/fug\/wp-content\/uploads\/sites\/3\/2021\/06\/footer-logo-fug-outlined.svg","width":310,"height":73,"caption":"Foreldreutvalget for grunnoppl\u00e6ringen"},"image":{"@id":"https:\/\/foreldreutvalgene.no\/fug\/#\/schema\/logo\/image\/"}}]}},"_links":{"self":[{"href":"https:\/\/foreldreutvalgene.no\/fug\/wp-json\/wp\/v2\/employee\/10291","targetHints":{"allow":["GET"]}}],"collection":[{"href":"https:\/\/foreldreutvalgene.no\/fug\/wp-json\/wp\/v2\/employee"}],"about":[{"href":"https:\/\/foreldreutvalgene.no\/fug\/wp-json\/wp\/v2\/types\/employee"}],"author":[{"embeddable":true,"href":"https:\/\/foreldreutvalgene.no\/fug\/wp-json\/wp\/v2\/users\/7"}],"version-history":[{"count":5,"href":"https:\/\/foreldreutvalgene.no\/fug\/wp-json\/wp\/v2\/employee\/10291\/revisions"}],"predecessor-version":[{"id":11857,"href":"https:\/\/foreldreutvalgene.no\/fug\/wp-json\/wp\/v2\/employee\/10291\/revisions\/11857"}],"wp:featuredmedia":[{"embeddable":true,"href":"https:\/\/foreldreutvalgene.no\/fug\/wp-json\/wp\/v2\/media\/10451"}],"wp:attachment":[{"href":"https:\/\/foreldreutvalgene.no\/fug\/wp-json\/wp\/v2\/media?parent=10291"}],"curies":[{"name":"wp","href":"https:\/\/api.w.org\/{rel}","templated":true}]}}

<p>Eg heiter Lill-Therese Varsi, er 36 år og bur Hovin, i Melhus kommune saman med mannen min Bernt Are Moshaug, og barna Juhán Anders 11 år, Olav-Peđar seks år og Maila-Kristine fire år.</p>



<p>Eg er utdanna pedagog, og jobbar no som PP-leiar ved Rennebu PP-teneste. Eg har hatt verv som klassekontakt, nestleiar ved FAU og vararepresentant i SU ved Hovin skole i til saman fire år. No er eg vald som SU-medlem for Rosmælen skole.</p>



<p>Eg brenn spesielt for at foreldre skal vera trygge i rolla si som foreldre. Eit godt skole-heim samarbeid er viktig for å gjere foreldre til trygge vaksne. Å ha gode forventningsavklaringar mellom skole og heim er òg viktig. I tillegg brenn eg for at samiske barn skal få likeverdig opplæring som andre barn i skolen.</p>

<!-- This site is optimized with the Yoast SEO Premium plugin v27.4 (Yoast SEO v27.4) - https://yoast.com/product/yoast-seo-premium-wordpress/ -->
<title>Lill-Therese Varsi - Foreldreutvalget for grunnopplæringen</title>
<meta name="robots" content="index, follow, max-snippet:-1, max-image-preview:large, max-video-preview:-1" />
<link rel="canonical" href="https://foreldreutvalgene.no/fug/medlemmene/lill-therese-varsi/" />
<meta property="og:locale" content="nb_NO" />
<meta property="og:type" content="article" />
<meta property="og:title" content="Lill-Therese Varsi" />
<meta property="og:description" content="Eg heiter Lill-Therese Varsi, er 36 år og bur Hovin, i Melhus kommune saman med mannen min Bernt Are Moshaug, og barna Juhán Anders 11 år, Olav-Peđar seks år og Maila-Kristine fire år. Eg er utdanna pedagog, og jobbar no som PP-leiar ved Rennebu PP-teneste. Eg har hatt verv som klassekontakt, nestleiar ved FAU og [&hellip;]" />
<meta property="og:url" content="https://foreldreutvalgene.no/fug/medlemmene/lill-therese-varsi/" />
<meta property="og:site_name" content="Foreldreutvalget for grunnopplæringen" />
<meta property="article:modified_time" content="2025-04-03T11:49:24+00:00" />
<meta property="og:image" content="https://foreldreutvalgene.no/fug/wp-content/uploads/sites/3/2024/01/DSC_3540-scaled.jpg" />
	<meta property="og:image:width" content="2048" />
	<meta property="og:image:height" content="2560" />
	<meta property="og:image:type" content="image/jpeg" />
<meta name="twitter:card" content="summary_large_image" />
<meta name="twitter:label1" content="Ansl. lesetid" />
	<meta name="twitter:data1" content="1 minutt" />
<script type="application/ld+json" class="yoast-schema-graph">{"@context":"https:\/\/schema.org","@graph":[{"@type":"WebPage","@id":"https:\/\/foreldreutvalgene.no\/fug\/medlemmene\/lill-therese-varsi\/","url":"https:\/\/foreldreutvalgene.no\/fug\/medlemmene\/lill-therese-varsi\/","name":"Lill-Therese Varsi - Foreldreutvalget for grunnopplæringen","isPartOf":{"@id":"https:\/\/foreldreutvalgene.no\/fug\/#website"},"primaryImageOfPage":{"@id":"https:\/\/foreldreutvalgene.no\/fug\/medlemmene\/lill-therese-varsi\/#primaryimage"},"image":{"@id":"https:\/\/foreldreutvalgene.no\/fug\/medlemmene\/lill-therese-varsi\/#primaryimage"},"thumbnailUrl":"https:\/\/foreldreutvalgene.no\/fug\/wp-content\/uploads\/sites\/3\/2024\/01\/DSC_3540-scaled.jpg","datePublished":"2024-01-02T12:33:30+00:00","dateModified":"2025-04-03T11:49:24+00:00","breadcrumb":{"@id":"https:\/\/foreldreutvalgene.no\/fug\/medlemmene\/lill-therese-varsi\/#breadcrumb"},"inLanguage":"nb-NO","potentialAction":[{"@type":"ReadAction","target":["https:\/\/foreldreutvalgene.no\/fug\/medlemmene\/lill-therese-varsi\/"]}]},{"@type":"ImageObject","inLanguage":"nb-NO","@id":"https:\/\/foreldreutvalgene.no\/fug\/medlemmene\/lill-therese-varsi\/#primaryimage","url":"https:\/\/foreldreutvalgene.no\/fug\/wp-content\/uploads\/sites\/3\/2024\/01\/DSC_3540-scaled.jpg","contentUrl":"https:\/\/foreldreutvalgene.no\/fug\/wp-content\/uploads\/sites\/3\/2024\/01\/DSC_3540-scaled.jpg","width":2048,"height":2560},{"@type":"BreadcrumbList","@id":"https:\/\/foreldreutvalgene.no\/fug\/medlemmene\/lill-therese-varsi\/#breadcrumb","itemListElement":[{"@type":"ListItem","position":1,"name":"Home","item":"https:\/\/foreldreutvalgene.no\/fug\/"},{"@type":"ListItem","position":2,"name":"Ansatte","item":"https:\/\/foreldreutvalgene.no\/fug\/medlemmene\/"},{"@type":"ListItem","position":3,"name":"Lill-Therese Varsi"}]},{"@type":"WebSite","@id":"https:\/\/foreldreutvalgene.no\/fug\/#website","url":"https:\/\/foreldreutvalgene.no\/fug\/","name":"Foreldreutvalget for grunnopplæringen","description":"","publisher":{"@id":"https:\/\/foreldreutvalgene.no\/fug\/#organization"},"potentialAction":[{"@type":"SearchAction","target":{"@type":"EntryPoint","urlTemplate":"https:\/\/foreldreutvalgene.no\/fug\/?s={search_term_string}"},"query-input":{"@type":"PropertyValueSpecification","valueRequired":true,"valueName":"search_term_string"}}],"inLanguage":"nb-NO"},{"@type":"Organization","@id":"https:\/\/foreldreutvalgene.no\/fug\/#organization","name":"Foreldreutvalget for grunnopplæringen","url":"https:\/\/foreldreutvalgene.no\/fug\/","logo":{"@type":"ImageObject","inLanguage":"nb-NO","@id":"https:\/\/foreldreutvalgene.no\/fug\/#\/schema\/logo\/image\/","url":"https:\/\/foreldreutvalgene.no\/fug\/wp-content\/uploads\/sites\/3\/2021\/06\/footer-logo-fug-outlined.svg","contentUrl":"https:\/\/foreldreutvalgene.no\/fug\/wp-content\/uploads\/sites\/3\/2021\/06\/footer-logo-fug-outlined.svg","width":310,"height":73,"caption":"Foreldreutvalget for grunnopplæringen"},"image":{"@id":"https:\/\/foreldreutvalgene.no\/fug\/#\/schema\/logo\/image\/"}}]}</script>
<!-- / Yoast SEO Premium plugin. -->

Lill-Therese Varsi - Foreldreutvalget for grunnopplæringen

Eg heiter Lill-Therese Varsi, er 36 år og bur Hovin, i Melhus kommune saman med mannen min Bernt Are Moshaug, og barna Juhán Anders 11 år, Olav-Peđar seks år og Maila-Kristine fire år. Eg er utdanna pedagog, og jobbar no som PP-leiar ved Rennebu PP-teneste. Eg har hatt verv som klassekontakt, nestleiar ved FAU og [&hellip;]

Foreldreutvalget for grunnopplæringen
