{"id":735,"date":"2021-07-02T09:46:30","date_gmt":"2021-07-02T07:46:30","guid":{"rendered":"https:\/\/foreldreutvalgene.no\/fub\/?page_id=735"},"modified":"2025-01-02T15:02:48","modified_gmt":"2025-01-02T14:02:48","slug":"ansatte","status":"publish","type":"page","link":"https:\/\/foreldreutvalgene.no\/fub\/ansatte\/","title":{"rendered":"Ansatte"},"content":{"rendered":"\n<div style=\"height:34px\" aria-hidden=\"true\" class=\"wp-block-spacer\"><\/div>\n\n\n\n<div class=\"wp-block-columns has-spacing-triple is-layout-flex wp-container-core-columns-is-layout-9d6595d7 wp-block-columns-is-layout-flex\">\n<div class=\"wp-block-column is-layout-flow wp-block-column-is-layout-flow\" style=\"flex-basis:50%\">\n<h1 class=\"wp-block-heading has-green-color has-text-color\" id=\"h-sekretariatet-til-fub\">Sekretariatet til FUB<\/h1>\n\n\n\n<p>Administrasjonen til FUB har ansvaret for den daglege drifta av FUB og arbeider med \u00e5 rettleia og \u00e5 gi r\u00e5d til foreldre og barnehagane. Den held til i B\u00f8 i Telemark og best\u00e5r av kompetente r\u00e5dgivarar med brei erfaring og praksis fr\u00e5 ulike barnehagar og med heim-barnehagesamarbeid. Det er r\u00e5dgivarane som svarer p\u00e5 f\u00f8respurnader fr\u00e5 foreldre.<\/p>\n\n\n\n<p>Administrasjonen til FUB er underlagd Kunnskapsdepartementet, og flytta i 2019 til B\u00f8 i Telemark etter mange \u00e5r i Oslo.<\/p>\n\n\n\n<p class=\"has-green-color has-text-color\"><a href=\"https:\/\/foreldreutvalgene.no\/fub\/kontakt-oss\/\">Kontakt oss<\/a><\/p>\n<\/div>\n\n\n\n<div class=\"wp-block-column is-layout-flow wp-block-column-is-layout-flow\" style=\"flex-basis:50%\"><\/div>\n<\/div>\n\n\n\n<section id=\"employees-block_70f7832c12f7aa0ab31d9bc4ca57d76a\" class=\"byggemodul employees alignfull\">\n  <!-- CONTENT HERE -->\n\n      <header class=\"sp-header-section\">\n      <div class=\"sp-header-section-container\">\n\t\t\t\t<div class=\"sp-header-section-bg\"><\/div>\n        <div class=\"inner-wrap\">\n          <div class=\"sp-header-section-content\">\n            <h3 class=\"sp-section-title\" class=\"sp-section-title\" id=\"ansatte\">ANSATTE<\/h3>\n\n                          <p>Dette er administrasjonen til Foreldreutvalget for barnehager (FUB)<\/p>\n            \n                      <\/div>\n        <\/div>\n      <\/div>\n    <\/header>\n  \n  \n    <div class=\"sp-employee-container\">\n\n              <article class=\"sp-employee fake-article\"><\/article>\n      \n      \n        <article class=\"sp-employee\">\n          <div class=\"sp-employee-image\" style=\"background-image: url(https:\/\/foreldreutvalgene.no\/fub\/wp-content\/uploads\/sites\/2\/2021\/07\/fub-ansatt-portrett-marianne-fehn-v1-620x547.jpg);\"><\/div>\n\n          <h3 id=\"marianne-rohr-fehn\">Marianne R\u00f8hr Fehn<\/h3>\n\n          <p class=\"sp-employee-description\">\n                          <span class=\"employee-title\">seniorr\u00e5dgivar<\/span>\n            \n            \n                      <\/p>\n\n          \n          \n                  <\/article>\n\n        \n        <article class=\"sp-employee\">\n          <div class=\"sp-employee-image\" style=\"background-image: url(https:\/\/foreldreutvalgene.no\/fub\/wp-content\/uploads\/sites\/2\/2021\/07\/fub-ansatt-portrett-beate-v1-620x547.jpg);\"><\/div>\n\n          <h3 id=\"beate-darrud\">Beate Darrud<\/h3>\n\n          <p class=\"sp-employee-description\">\n                          <span class=\"employee-title\">seniorr\u00e5dgivar<\/span>\n            \n            \n                      <\/p>\n\n          \n          \n                  <\/article>\n\n        \n        <article class=\"sp-employee\">\n          <div class=\"sp-employee-image\" style=\"background-image: url(https:\/\/foreldreutvalgene.no\/fub\/wp-content\/uploads\/sites\/2\/2021\/07\/fug-fub-ansatt-portrett-marianne-v1-620x547.jpg);\"><\/div>\n\n          <h3 id=\"marianne-dahlseng\">Marianne Dahlseng<\/h3>\n\n          <p class=\"sp-employee-description\">\n                          <span class=\"employee-title\">kontorleiar<\/span>\n            \n            \n                      <\/p>\n\n          \n          \n                  <\/article>\n\n        \n        <article class=\"sp-employee\">\n          <div class=\"sp-employee-image\" style=\"background-image: url(https:\/\/foreldreutvalgene.no\/fub\/wp-content\/uploads\/sites\/2\/2021\/07\/fug-fub-ansatt-portrett-joern-v1-620x547.jpg);\"><\/div>\n\n          <h3 id=\"jorn-aabo\">J\u00f8rn Aab\u00f8<\/h3>\n\n          <p class=\"sp-employee-description\">\n                          <span class=\"employee-title\">seniorkonsulent<\/span>\n            \n            \n                      <\/p>\n\n          \n          \n                  <\/article>\n\n        \n        <article class=\"sp-employee\">\n          <div class=\"sp-employee-image\" style=\"background-image: url(https:\/\/foreldreutvalgene.no\/fub\/wp-content\/uploads\/sites\/2\/2021\/07\/fug-fub-ansatt-portrett-bjoernar-v1-620x547.jpg);\"><\/div>\n\n          <h3 id=\"bjornar-hagen-vika\">Bj\u00f8rnar Hagen Vika<\/h3>\n\n          <p class=\"sp-employee-description\">\n                          <span class=\"employee-title\">senior kommunikasjonsr\u00e5dgivar<\/span>\n            \n            \n                      <\/p>\n\n                      <p class=\"sp-employee-phone\">415 04 271<\/p>\n          \n          \n                  <\/article>\n\n        \n    <\/div>\n\n    <\/section>\n\n\n\n<p><\/p>\n","protected":false},"excerpt":{"rendered":"<p>Sekretariatet til FUB Administrasjonen til FUB har ansvaret for den daglege drifta av FUB og arbeider med \u00e5 rettleia og \u00e5 gi r\u00e5d til foreldre og barnehagane. Den held til i B\u00f8 i Telemark og best\u00e5r av kompetente r\u00e5dgivarar med brei erfaring og praksis fr\u00e5 ulike barnehagar og med heim-barnehagesamarbeid. Det er r\u00e5dgivarane som svarer [&hellip;]<\/p>\n","protected":false},"author":3,"featured_media":0,"parent":0,"menu_order":0,"comment_status":"closed","ping_status":"closed","template":"","meta":{"_acf_changed":false,"footnotes":""},"class_list":["post-735","page","type-page","status-publish","hentry"],"acf":[],"yoast_head":"<!-- This site is optimized with the Yoast SEO Premium plugin v27.4 (Yoast SEO v27.4) - https:\/\/yoast.com\/product\/yoast-seo-premium-wordpress\/ -->\n<title>Ansatte - Foreldreutvalget for barnehager<\/title>\n<meta name=\"description\" content=\"Administrasjonen til FUB har ansvaret for den daglege drifta av FUB og arbeider med \u00e5 rettleia og \u00e5 gi r\u00e5d til foreldre og barnehagane.\" \/>\n<meta name=\"robots\" content=\"index, follow, max-snippet:-1, max-image-preview:large, max-video-preview:-1\" \/>\n<link rel=\"canonical\" href=\"https:\/\/foreldreutvalgene.no\/fub\/ansatte\/\" \/>\n<meta property=\"og:locale\" content=\"nb_NO\" \/>\n<meta property=\"og:type\" content=\"article\" \/>\n<meta property=\"og:title\" content=\"Ansatte\" \/>\n<meta property=\"og:description\" content=\"Administrasjonen til FUB har ansvaret for den daglege drifta av FUB og arbeider med \u00e5 rettleia og \u00e5 gi r\u00e5d til foreldre og barnehagane.\" \/>\n<meta property=\"og:url\" content=\"https:\/\/foreldreutvalgene.no\/fub\/ansatte\/\" \/>\n<meta property=\"og:site_name\" content=\"Foreldreutvalget for barnehager\" \/>\n<meta property=\"article:modified_time\" content=\"2025-01-02T14:02:48+00:00\" \/>\n<meta name=\"twitter:card\" content=\"summary_large_image\" \/>\n<meta name=\"twitter:label1\" content=\"Ansl. lesetid\" \/>\n\t<meta name=\"twitter:data1\" content=\"1 minutt\" \/>\n<script type=\"application\/ld+json\" class=\"yoast-schema-graph\">{\"@context\":\"https:\\\/\\\/schema.org\",\"@graph\":[{\"@type\":\"WebPage\",\"@id\":\"https:\\\/\\\/foreldreutvalgene.no\\\/fub\\\/ansatte\\\/\",\"url\":\"https:\\\/\\\/foreldreutvalgene.no\\\/fub\\\/ansatte\\\/\",\"name\":\"Ansatte - Foreldreutvalget for barnehager\",\"isPartOf\":{\"@id\":\"https:\\\/\\\/foreldreutvalgene.no\\\/fub\\\/#website\"},\"datePublished\":\"2021-07-02T07:46:30+00:00\",\"dateModified\":\"2025-01-02T14:02:48+00:00\",\"description\":\"Administrasjonen til FUB har ansvaret for den daglege drifta av FUB og arbeider med \u00e5 rettleia og \u00e5 gi r\u00e5d til foreldre og barnehagane.\",\"breadcrumb\":{\"@id\":\"https:\\\/\\\/foreldreutvalgene.no\\\/fub\\\/ansatte\\\/#breadcrumb\"},\"inLanguage\":\"nb-NO\",\"potentialAction\":[{\"@type\":\"ReadAction\",\"target\":[\"https:\\\/\\\/foreldreutvalgene.no\\\/fub\\\/ansatte\\\/\"]}]},{\"@type\":\"BreadcrumbList\",\"@id\":\"https:\\\/\\\/foreldreutvalgene.no\\\/fub\\\/ansatte\\\/#breadcrumb\",\"itemListElement\":[{\"@type\":\"ListItem\",\"position\":1,\"name\":\"Home\",\"item\":\"https:\\\/\\\/foreldreutvalgene.no\\\/fub\\\/\"},{\"@type\":\"ListItem\",\"position\":2,\"name\":\"Ansatte\"}]},{\"@type\":\"WebSite\",\"@id\":\"https:\\\/\\\/foreldreutvalgene.no\\\/fub\\\/#website\",\"url\":\"https:\\\/\\\/foreldreutvalgene.no\\\/fub\\\/\",\"name\":\"Foreldreutvalget for barnehager\",\"description\":\"\",\"publisher\":{\"@id\":\"https:\\\/\\\/foreldreutvalgene.no\\\/fub\\\/#organization\"},\"potentialAction\":[{\"@type\":\"SearchAction\",\"target\":{\"@type\":\"EntryPoint\",\"urlTemplate\":\"https:\\\/\\\/foreldreutvalgene.no\\\/fub\\\/?s={search_term_string}\"},\"query-input\":{\"@type\":\"PropertyValueSpecification\",\"valueRequired\":true,\"valueName\":\"search_term_string\"}}],\"inLanguage\":\"nb-NO\"},{\"@type\":\"Organization\",\"@id\":\"https:\\\/\\\/foreldreutvalgene.no\\\/fub\\\/#organization\",\"name\":\"Foreldreutvalget for barnehager\",\"url\":\"https:\\\/\\\/foreldreutvalgene.no\\\/fub\\\/\",\"logo\":{\"@type\":\"ImageObject\",\"inLanguage\":\"nb-NO\",\"@id\":\"https:\\\/\\\/foreldreutvalgene.no\\\/fub\\\/#\\\/schema\\\/logo\\\/image\\\/\",\"url\":\"https:\\\/\\\/foreldreutvalgene.no\\\/fub\\\/wp-content\\\/uploads\\\/sites\\\/2\\\/2021\\\/08\\\/fublogo-footer.svg\",\"contentUrl\":\"https:\\\/\\\/foreldreutvalgene.no\\\/fub\\\/wp-content\\\/uploads\\\/sites\\\/2\\\/2021\\\/08\\\/fublogo-footer.svg\",\"width\":507,\"height\":149,\"caption\":\"Foreldreutvalget for barnehager\"},\"image\":{\"@id\":\"https:\\\/\\\/foreldreutvalgene.no\\\/fub\\\/#\\\/schema\\\/logo\\\/image\\\/\"}}]}<\/script>\n<!-- \/ Yoast SEO Premium plugin. -->","yoast_head_json":{"title":"Ansatte - Foreldreutvalget for barnehager","description":"Administrasjonen til FUB har ansvaret for den daglege drifta av FUB og arbeider med \u00e5 rettleia og \u00e5 gi r\u00e5d til foreldre og barnehagane.","robots":{"index":"index","follow":"follow","max-snippet":"max-snippet:-1","max-image-preview":"max-image-preview:large","max-video-preview":"max-video-preview:-1"},"canonical":"https:\/\/foreldreutvalgene.no\/fub\/ansatte\/","og_locale":"nb_NO","og_type":"article","og_title":"Ansatte","og_description":"Administrasjonen til FUB har ansvaret for den daglege drifta av FUB og arbeider med \u00e5 rettleia og \u00e5 gi r\u00e5d til foreldre og barnehagane.","og_url":"https:\/\/foreldreutvalgene.no\/fub\/ansatte\/","og_site_name":"Foreldreutvalget for barnehager","article_modified_time":"2025-01-02T14:02:48+00:00","twitter_card":"summary_large_image","twitter_misc":{"Ansl. lesetid":"1 minutt"},"schema":{"@context":"https:\/\/schema.org","@graph":[{"@type":"WebPage","@id":"https:\/\/foreldreutvalgene.no\/fub\/ansatte\/","url":"https:\/\/foreldreutvalgene.no\/fub\/ansatte\/","name":"Ansatte - Foreldreutvalget for barnehager","isPartOf":{"@id":"https:\/\/foreldreutvalgene.no\/fub\/#website"},"datePublished":"2021-07-02T07:46:30+00:00","dateModified":"2025-01-02T14:02:48+00:00","description":"Administrasjonen til FUB har ansvaret for den daglege drifta av FUB og arbeider med \u00e5 rettleia og \u00e5 gi r\u00e5d til foreldre og barnehagane.","breadcrumb":{"@id":"https:\/\/foreldreutvalgene.no\/fub\/ansatte\/#breadcrumb"},"inLanguage":"nb-NO","potentialAction":[{"@type":"ReadAction","target":["https:\/\/foreldreutvalgene.no\/fub\/ansatte\/"]}]},{"@type":"BreadcrumbList","@id":"https:\/\/foreldreutvalgene.no\/fub\/ansatte\/#breadcrumb","itemListElement":[{"@type":"ListItem","position":1,"name":"Home","item":"https:\/\/foreldreutvalgene.no\/fub\/"},{"@type":"ListItem","position":2,"name":"Ansatte"}]},{"@type":"WebSite","@id":"https:\/\/foreldreutvalgene.no\/fub\/#website","url":"https:\/\/foreldreutvalgene.no\/fub\/","name":"Foreldreutvalget for barnehager","description":"","publisher":{"@id":"https:\/\/foreldreutvalgene.no\/fub\/#organization"},"potentialAction":[{"@type":"SearchAction","target":{"@type":"EntryPoint","urlTemplate":"https:\/\/foreldreutvalgene.no\/fub\/?s={search_term_string}"},"query-input":{"@type":"PropertyValueSpecification","valueRequired":true,"valueName":"search_term_string"}}],"inLanguage":"nb-NO"},{"@type":"Organization","@id":"https:\/\/foreldreutvalgene.no\/fub\/#organization","name":"Foreldreutvalget for barnehager","url":"https:\/\/foreldreutvalgene.no\/fub\/","logo":{"@type":"ImageObject","inLanguage":"nb-NO","@id":"https:\/\/foreldreutvalgene.no\/fub\/#\/schema\/logo\/image\/","url":"https:\/\/foreldreutvalgene.no\/fub\/wp-content\/uploads\/sites\/2\/2021\/08\/fublogo-footer.svg","contentUrl":"https:\/\/foreldreutvalgene.no\/fub\/wp-content\/uploads\/sites\/2\/2021\/08\/fublogo-footer.svg","width":507,"height":149,"caption":"Foreldreutvalget for barnehager"},"image":{"@id":"https:\/\/foreldreutvalgene.no\/fub\/#\/schema\/logo\/image\/"}}]}},"_links":{"self":[{"href":"https:\/\/foreldreutvalgene.no\/fub\/wp-json\/wp\/v2\/pages\/735","targetHints":{"allow":["GET"]}}],"collection":[{"href":"https:\/\/foreldreutvalgene.no\/fub\/wp-json\/wp\/v2\/pages"}],"about":[{"href":"https:\/\/foreldreutvalgene.no\/fub\/wp-json\/wp\/v2\/types\/page"}],"author":[{"embeddable":true,"href":"https:\/\/foreldreutvalgene.no\/fub\/wp-json\/wp\/v2\/users\/3"}],"replies":[{"embeddable":true,"href":"https:\/\/foreldreutvalgene.no\/fub\/wp-json\/wp\/v2\/comments?post=735"}],"version-history":[{"count":69,"href":"https:\/\/foreldreutvalgene.no\/fub\/wp-json\/wp\/v2\/pages\/735\/revisions"}],"predecessor-version":[{"id":7255,"href":"https:\/\/foreldreutvalgene.no\/fub\/wp-json\/wp\/v2\/pages\/735\/revisions\/7255"}],"wp:attachment":[{"href":"https:\/\/foreldreutvalgene.no\/fub\/wp-json\/wp\/v2\/media?parent=735"}],"curies":[{"name":"wp","href":"https:\/\/api.w.org\/{rel}","templated":true}]}}

<div style="height:34px" aria-hidden="true" class="wp-block-spacer"></div>



<div class="wp-block-columns has-spacing-triple is-layout-flex wp-container-core-columns-is-layout-9d6595d7 wp-block-columns-is-layout-flex">
<div class="wp-block-column is-layout-flow wp-block-column-is-layout-flow" style="flex-basis:50%">
<h1 class="wp-block-heading has-green-color has-text-color" id="h-sekretariatet-til-fub">Sekretariatet til FUB</h1>



<p>Administrasjonen til FUB har ansvaret for den daglege drifta av FUB og arbeider med å rettleia og å gi råd til foreldre og barnehagane. Den held til i Bø i Telemark og består av kompetente rådgivarar med brei erfaring og praksis frå ulike barnehagar og med heim-barnehagesamarbeid. Det er rådgivarane som svarer på førespurnader frå foreldre.</p>



<p>Administrasjonen til FUB er underlagd Kunnskapsdepartementet, og flytta i 2019 til Bø i Telemark etter mange år i Oslo.</p>



<p class="has-green-color has-text-color"><a href="https://foreldreutvalgene.no/fub/kontakt-oss/">Kontakt oss</a></p>
</div>



<div class="wp-block-column is-layout-flow wp-block-column-is-layout-flow" style="flex-basis:50%"></div>
</div>



<section id="employees-block_70f7832c12f7aa0ab31d9bc4ca57d76a" class="byggemodul employees alignfull">
  <!-- CONTENT HERE -->

      <header class="sp-header-section">
      <div class="sp-header-section-container">
				<div class="sp-header-section-bg"></div>
        <div class="inner-wrap">
          <div class="sp-header-section-content">
            <h3 class="sp-section-title" class="sp-section-title" id="ansatte">ANSATTE</h3>

                          <p>Dette er administrasjonen til Foreldreutvalget for barnehager (FUB)</p>
            
                      </div>
        </div>
      </div>
    </header>
  
  
    <div class="sp-employee-container">

              <article class="sp-employee fake-article"></article>
      
      
        <article class="sp-employee">
          <div class="sp-employee-image" style="background-image: url(https://foreldreutvalgene.no/fub/wp-content/uploads/sites/2/2021/07/fub-ansatt-portrett-marianne-fehn-v1-620x547.jpg);"></div>

          <h3 id="marianne-rohr-fehn">Marianne Røhr Fehn</h3>

          <p class="sp-employee-description">
                          <span class="employee-title">seniorrådgivar</span>
            
            
                      </p>

          
          
                  </article>

        
        <article class="sp-employee">
          <div class="sp-employee-image" style="background-image: url(https://foreldreutvalgene.no/fub/wp-content/uploads/sites/2/2021/07/fub-ansatt-portrett-beate-v1-620x547.jpg);"></div>

          <h3 id="beate-darrud">Beate Darrud</h3>

          <p class="sp-employee-description">
                          <span class="employee-title">seniorrådgivar</span>
            
            
                      </p>

          
          
                  </article>

        
        <article class="sp-employee">
          <div class="sp-employee-image" style="background-image: url(https://foreldreutvalgene.no/fub/wp-content/uploads/sites/2/2021/07/fug-fub-ansatt-portrett-marianne-v1-620x547.jpg);"></div>

          <h3 id="marianne-dahlseng">Marianne Dahlseng</h3>

          <p class="sp-employee-description">
                          <span class="employee-title">kontorleiar</span>
            
            
                      </p>

          
          
                  </article>

        
        <article class="sp-employee">
          <div class="sp-employee-image" style="background-image: url(https://foreldreutvalgene.no/fub/wp-content/uploads/sites/2/2021/07/fug-fub-ansatt-portrett-joern-v1-620x547.jpg);"></div>

          <h3 id="jorn-aabo">Jørn Aabø</h3>

          <p class="sp-employee-description">
                          <span class="employee-title">seniorkonsulent</span>
            
            
                      </p>

          
          
                  </article>

        
        <article class="sp-employee">
          <div class="sp-employee-image" style="background-image: url(https://foreldreutvalgene.no/fub/wp-content/uploads/sites/2/2021/07/fug-fub-ansatt-portrett-bjoernar-v1-620x547.jpg);"></div>

          <h3 id="bjornar-hagen-vika">Bjørnar Hagen Vika</h3>

          <p class="sp-employee-description">
                          <span class="employee-title">senior kommunikasjonsrådgivar</span>
            
            
                      </p>

                      <p class="sp-employee-phone">415 04 271</p>
          
          
                  </article>

        
    </div>

    </section>



<p></p>

<p>Sekretariatet til FUB Administrasjonen til FUB har ansvaret for den daglege drifta av FUB og arbeider med å rettleia og å gi råd til foreldre og barnehagane. Den held til i Bø i Telemark og består av kompetente rådgivarar med brei erfaring og praksis frå ulike barnehagar og med heim-barnehagesamarbeid. Det er rådgivarane som svarer [&hellip;]</p>

<!-- This site is optimized with the Yoast SEO Premium plugin v27.4 (Yoast SEO v27.4) - https://yoast.com/product/yoast-seo-premium-wordpress/ -->
<title>Ansatte - Foreldreutvalget for barnehager</title>
<meta name="description" content="Administrasjonen til FUB har ansvaret for den daglege drifta av FUB og arbeider med å rettleia og å gi råd til foreldre og barnehagane." />
<meta name="robots" content="index, follow, max-snippet:-1, max-image-preview:large, max-video-preview:-1" />
<link rel="canonical" href="https://foreldreutvalgene.no/fub/ansatte/" />
<meta property="og:locale" content="nb_NO" />
<meta property="og:type" content="article" />
<meta property="og:title" content="Ansatte" />
<meta property="og:description" content="Administrasjonen til FUB har ansvaret for den daglege drifta av FUB og arbeider med å rettleia og å gi råd til foreldre og barnehagane." />
<meta property="og:url" content="https://foreldreutvalgene.no/fub/ansatte/" />
<meta property="og:site_name" content="Foreldreutvalget for barnehager" />
<meta property="article:modified_time" content="2025-01-02T14:02:48+00:00" />
<meta name="twitter:card" content="summary_large_image" />
<meta name="twitter:label1" content="Ansl. lesetid" />
	<meta name="twitter:data1" content="1 minutt" />
<script type="application/ld+json" class="yoast-schema-graph">{"@context":"https:\/\/schema.org","@graph":[{"@type":"WebPage","@id":"https:\/\/foreldreutvalgene.no\/fub\/ansatte\/","url":"https:\/\/foreldreutvalgene.no\/fub\/ansatte\/","name":"Ansatte - Foreldreutvalget for barnehager","isPartOf":{"@id":"https:\/\/foreldreutvalgene.no\/fub\/#website"},"datePublished":"2021-07-02T07:46:30+00:00","dateModified":"2025-01-02T14:02:48+00:00","description":"Administrasjonen til FUB har ansvaret for den daglege drifta av FUB og arbeider med å rettleia og å gi råd til foreldre og barnehagane.","breadcrumb":{"@id":"https:\/\/foreldreutvalgene.no\/fub\/ansatte\/#breadcrumb"},"inLanguage":"nb-NO","potentialAction":[{"@type":"ReadAction","target":["https:\/\/foreldreutvalgene.no\/fub\/ansatte\/"]}]},{"@type":"BreadcrumbList","@id":"https:\/\/foreldreutvalgene.no\/fub\/ansatte\/#breadcrumb","itemListElement":[{"@type":"ListItem","position":1,"name":"Home","item":"https:\/\/foreldreutvalgene.no\/fub\/"},{"@type":"ListItem","position":2,"name":"Ansatte"}]},{"@type":"WebSite","@id":"https:\/\/foreldreutvalgene.no\/fub\/#website","url":"https:\/\/foreldreutvalgene.no\/fub\/","name":"Foreldreutvalget for barnehager","description":"","publisher":{"@id":"https:\/\/foreldreutvalgene.no\/fub\/#organization"},"potentialAction":[{"@type":"SearchAction","target":{"@type":"EntryPoint","urlTemplate":"https:\/\/foreldreutvalgene.no\/fub\/?s={search_term_string}"},"query-input":{"@type":"PropertyValueSpecification","valueRequired":true,"valueName":"search_term_string"}}],"inLanguage":"nb-NO"},{"@type":"Organization","@id":"https:\/\/foreldreutvalgene.no\/fub\/#organization","name":"Foreldreutvalget for barnehager","url":"https:\/\/foreldreutvalgene.no\/fub\/","logo":{"@type":"ImageObject","inLanguage":"nb-NO","@id":"https:\/\/foreldreutvalgene.no\/fub\/#\/schema\/logo\/image\/","url":"https:\/\/foreldreutvalgene.no\/fub\/wp-content\/uploads\/sites\/2\/2021\/08\/fublogo-footer.svg","contentUrl":"https:\/\/foreldreutvalgene.no\/fub\/wp-content\/uploads\/sites\/2\/2021\/08\/fublogo-footer.svg","width":507,"height":149,"caption":"Foreldreutvalget for barnehager"},"image":{"@id":"https:\/\/foreldreutvalgene.no\/fub\/#\/schema\/logo\/image\/"}}]}</script>
<!-- / Yoast SEO Premium plugin. -->

Administrasjonen til FUB har ansvaret for den daglege drifta av FUB og arbeider med å rettleia og å gi råd til foreldre og barnehagane.
