{"id":4614,"date":"2023-01-27T13:16:45","date_gmt":"2023-01-27T12:16:45","guid":{"rendered":"https:\/\/foreldreutvalgene.no\/fub\/?post_type=note&#038;p=4614"},"modified":"2023-01-30T08:27:43","modified_gmt":"2023-01-30T07:27:43","slug":"medverknad-fra-barn","status":"publish","type":"note","link":"https:\/\/foreldreutvalgene.no\/fub\/notater\/medverknad-fra-barn\/","title":{"rendered":"Medverknad fr\u00e5 barn"},"content":{"rendered":"\n<figure class=\"wp-block-video\"><video controls poster=\"https:\/\/foreldreutvalgene.no\/fub\/wp-content\/uploads\/sites\/2\/2023\/01\/Skjermbilde-Einar-Olav-Larsen.png\" src=\"https:\/\/foreldreutvalgene.no\/fub\/wp-content\/uploads\/sites\/2\/2023\/01\/Einar-Olav-Larsen-FUB-20230114_155448-Opptak-av-mote.mp4\"><\/video><figcaption class=\"wp-element-caption\">Filmen syner FUB-leiar Einar olav Larsen som held innlegg<\/figcaption><\/figure>\n\n\n\n<p><strong>FUB blei invitert til \u00e5 halde innlegg i innspelsm\u00f8te med Barne- og familiedepartementet om barn sin rett til medverknad p\u00e5 systemniv\u00e5. FUB-leiar Einar Olav Larsen var med p\u00e5 dette digitalt og hadde eit innlegg.<\/strong><\/p>\n\n\n\n<p>I desember 2022 fekk FUB og andre akt\u00f8rar med engasjement for barn og unge invitasjon fr\u00e5 minister Kjersti Toppe til \u00e5 delta i innspelsm\u00f8te. FUB takka ja til dette. M\u00f8tet var den 17. januar. I sitt innlegg heldt FUB-leiaren fram at for at dei minste barna sine stemmer skal bli h\u00f8yrt i prosessar p\u00e5 systemniv\u00e5, m\u00e5 det leggjast til rette for involvering av foreldra.<\/p>\n\n\n\n<h2 class=\"wp-block-heading\" id=\"h-foreldra-er-viktige-for-dei-minste-barna\">Foreldra er viktige for dei minste barna<\/h2>\n\n\n\n<p>Ministeren skriv i invitasjonen: &laquo;I Koronakommisjonen sin andre rapport blir det vist til at fleire instansar har kritisert styresmaktene for \u00e5 ikkje ha lytta til barn og unge under pandemien n\u00e5r dei tek avgjerder som r\u00f8rer dei direkte. Kommisjonen anbefaler at avgjerdstakarar p\u00e5 alle niv\u00e5 etablerer gode prosedyrar for \u00e5 involvere barn og unge i avgjerder som vedkjem dei. Prosedyrane b\u00f8r utformast med tanke p\u00e5 at dei \u00f2g skal fungere i kritiske situasjonar.&raquo;<\/p>\n\n\n\n<p>FUB meiner at god involvering av foreldra er langt p\u00e5 veg det same som god involvering av barna n\u00e5r vi er p\u00e5 barnehageomr\u00e5det. <\/p>\n","protected":false},"author":9,"template":"","notecategory":[14],"class_list":["post-4614","note","type-note","status-publish","hentry","notecategory-horingsnotat"],"acf":[],"yoast_head":"<!-- This site is optimized with the Yoast SEO Premium plugin v27.4 (Yoast SEO v27.4) - https:\/\/yoast.com\/product\/yoast-seo-premium-wordpress\/ -->\n<title>Medverknad fr\u00e5 barn - Foreldreutvalget for barnehager<\/title>\n<meta name=\"description\" content=\"FUB meiner at for dei minste barna er foreldra avgjerande for at deira stemme skal bli h\u00f8yrt i offentlege prosessar\" \/>\n<meta name=\"robots\" content=\"index, follow, max-snippet:-1, max-image-preview:large, max-video-preview:-1\" \/>\n<link rel=\"canonical\" href=\"https:\/\/foreldreutvalgene.no\/fub\/notater\/medverknad-fra-barn\/\" \/>\n<meta property=\"og:locale\" content=\"nb_NO\" \/>\n<meta property=\"og:type\" content=\"article\" \/>\n<meta property=\"og:title\" content=\"Medverknad fr\u00e5 barn\" \/>\n<meta property=\"og:description\" content=\"FUB meiner at for dei minste barna er foreldra avgjerande for at deira stemme skal bli h\u00f8yrt i offentlege prosessar\" \/>\n<meta property=\"og:url\" content=\"https:\/\/foreldreutvalgene.no\/fub\/notater\/medverknad-fra-barn\/\" \/>\n<meta property=\"og:site_name\" content=\"Foreldreutvalget for barnehager\" \/>\n<meta property=\"article:modified_time\" content=\"2023-01-30T07:27:43+00:00\" \/>\n<meta name=\"twitter:card\" content=\"summary_large_image\" \/>\n<meta name=\"twitter:label1\" content=\"Ansl. lesetid\" \/>\n\t<meta name=\"twitter:data1\" content=\"2 minutter\" \/>\n<script type=\"application\/ld+json\" class=\"yoast-schema-graph\">{\"@context\":\"https:\\\/\\\/schema.org\",\"@graph\":[{\"@type\":\"WebPage\",\"@id\":\"https:\\\/\\\/foreldreutvalgene.no\\\/fub\\\/notater\\\/medverknad-fra-barn\\\/\",\"url\":\"https:\\\/\\\/foreldreutvalgene.no\\\/fub\\\/notater\\\/medverknad-fra-barn\\\/\",\"name\":\"Medverknad fr\u00e5 barn - Foreldreutvalget for barnehager\",\"isPartOf\":{\"@id\":\"https:\\\/\\\/foreldreutvalgene.no\\\/fub\\\/#website\"},\"datePublished\":\"2023-01-27T12:16:45+00:00\",\"dateModified\":\"2023-01-30T07:27:43+00:00\",\"description\":\"FUB meiner at for dei minste barna er foreldra avgjerande for at deira stemme skal bli h\u00f8yrt i offentlege prosessar\",\"breadcrumb\":{\"@id\":\"https:\\\/\\\/foreldreutvalgene.no\\\/fub\\\/notater\\\/medverknad-fra-barn\\\/#breadcrumb\"},\"inLanguage\":\"nb-NO\",\"potentialAction\":[{\"@type\":\"ReadAction\",\"target\":[\"https:\\\/\\\/foreldreutvalgene.no\\\/fub\\\/notater\\\/medverknad-fra-barn\\\/\"]}]},{\"@type\":\"BreadcrumbList\",\"@id\":\"https:\\\/\\\/foreldreutvalgene.no\\\/fub\\\/notater\\\/medverknad-fra-barn\\\/#breadcrumb\",\"itemListElement\":[{\"@type\":\"ListItem\",\"position\":1,\"name\":\"Home\",\"item\":\"https:\\\/\\\/foreldreutvalgene.no\\\/fub\\\/\"},{\"@type\":\"ListItem\",\"position\":2,\"name\":\"Notater\",\"item\":\"https:\\\/\\\/foreldreutvalgene.no\\\/fub\\\/notater\\\/\"},{\"@type\":\"ListItem\",\"position\":3,\"name\":\"Medverknad fr\u00e5 barn\"}]},{\"@type\":\"WebSite\",\"@id\":\"https:\\\/\\\/foreldreutvalgene.no\\\/fub\\\/#website\",\"url\":\"https:\\\/\\\/foreldreutvalgene.no\\\/fub\\\/\",\"name\":\"Foreldreutvalget for barnehager\",\"description\":\"\",\"publisher\":{\"@id\":\"https:\\\/\\\/foreldreutvalgene.no\\\/fub\\\/#organization\"},\"potentialAction\":[{\"@type\":\"SearchAction\",\"target\":{\"@type\":\"EntryPoint\",\"urlTemplate\":\"https:\\\/\\\/foreldreutvalgene.no\\\/fub\\\/?s={search_term_string}\"},\"query-input\":{\"@type\":\"PropertyValueSpecification\",\"valueRequired\":true,\"valueName\":\"search_term_string\"}}],\"inLanguage\":\"nb-NO\"},{\"@type\":\"Organization\",\"@id\":\"https:\\\/\\\/foreldreutvalgene.no\\\/fub\\\/#organization\",\"name\":\"Foreldreutvalget for barnehager\",\"url\":\"https:\\\/\\\/foreldreutvalgene.no\\\/fub\\\/\",\"logo\":{\"@type\":\"ImageObject\",\"inLanguage\":\"nb-NO\",\"@id\":\"https:\\\/\\\/foreldreutvalgene.no\\\/fub\\\/#\\\/schema\\\/logo\\\/image\\\/\",\"url\":\"https:\\\/\\\/foreldreutvalgene.no\\\/fub\\\/wp-content\\\/uploads\\\/sites\\\/2\\\/2021\\\/08\\\/fublogo-footer.svg\",\"contentUrl\":\"https:\\\/\\\/foreldreutvalgene.no\\\/fub\\\/wp-content\\\/uploads\\\/sites\\\/2\\\/2021\\\/08\\\/fublogo-footer.svg\",\"width\":507,\"height\":149,\"caption\":\"Foreldreutvalget for barnehager\"},\"image\":{\"@id\":\"https:\\\/\\\/foreldreutvalgene.no\\\/fub\\\/#\\\/schema\\\/logo\\\/image\\\/\"}}]}<\/script>\n<!-- \/ Yoast SEO Premium plugin. -->","yoast_head_json":{"title":"Medverknad fr\u00e5 barn - Foreldreutvalget for barnehager","description":"FUB meiner at for dei minste barna er foreldra avgjerande for at deira stemme skal bli h\u00f8yrt i offentlege prosessar","robots":{"index":"index","follow":"follow","max-snippet":"max-snippet:-1","max-image-preview":"max-image-preview:large","max-video-preview":"max-video-preview:-1"},"canonical":"https:\/\/foreldreutvalgene.no\/fub\/notater\/medverknad-fra-barn\/","og_locale":"nb_NO","og_type":"article","og_title":"Medverknad fr\u00e5 barn","og_description":"FUB meiner at for dei minste barna er foreldra avgjerande for at deira stemme skal bli h\u00f8yrt i offentlege prosessar","og_url":"https:\/\/foreldreutvalgene.no\/fub\/notater\/medverknad-fra-barn\/","og_site_name":"Foreldreutvalget for barnehager","article_modified_time":"2023-01-30T07:27:43+00:00","twitter_card":"summary_large_image","twitter_misc":{"Ansl. lesetid":"2 minutter"},"schema":{"@context":"https:\/\/schema.org","@graph":[{"@type":"WebPage","@id":"https:\/\/foreldreutvalgene.no\/fub\/notater\/medverknad-fra-barn\/","url":"https:\/\/foreldreutvalgene.no\/fub\/notater\/medverknad-fra-barn\/","name":"Medverknad fr\u00e5 barn - Foreldreutvalget for barnehager","isPartOf":{"@id":"https:\/\/foreldreutvalgene.no\/fub\/#website"},"datePublished":"2023-01-27T12:16:45+00:00","dateModified":"2023-01-30T07:27:43+00:00","description":"FUB meiner at for dei minste barna er foreldra avgjerande for at deira stemme skal bli h\u00f8yrt i offentlege prosessar","breadcrumb":{"@id":"https:\/\/foreldreutvalgene.no\/fub\/notater\/medverknad-fra-barn\/#breadcrumb"},"inLanguage":"nb-NO","potentialAction":[{"@type":"ReadAction","target":["https:\/\/foreldreutvalgene.no\/fub\/notater\/medverknad-fra-barn\/"]}]},{"@type":"BreadcrumbList","@id":"https:\/\/foreldreutvalgene.no\/fub\/notater\/medverknad-fra-barn\/#breadcrumb","itemListElement":[{"@type":"ListItem","position":1,"name":"Home","item":"https:\/\/foreldreutvalgene.no\/fub\/"},{"@type":"ListItem","position":2,"name":"Notater","item":"https:\/\/foreldreutvalgene.no\/fub\/notater\/"},{"@type":"ListItem","position":3,"name":"Medverknad fr\u00e5 barn"}]},{"@type":"WebSite","@id":"https:\/\/foreldreutvalgene.no\/fub\/#website","url":"https:\/\/foreldreutvalgene.no\/fub\/","name":"Foreldreutvalget for barnehager","description":"","publisher":{"@id":"https:\/\/foreldreutvalgene.no\/fub\/#organization"},"potentialAction":[{"@type":"SearchAction","target":{"@type":"EntryPoint","urlTemplate":"https:\/\/foreldreutvalgene.no\/fub\/?s={search_term_string}"},"query-input":{"@type":"PropertyValueSpecification","valueRequired":true,"valueName":"search_term_string"}}],"inLanguage":"nb-NO"},{"@type":"Organization","@id":"https:\/\/foreldreutvalgene.no\/fub\/#organization","name":"Foreldreutvalget for barnehager","url":"https:\/\/foreldreutvalgene.no\/fub\/","logo":{"@type":"ImageObject","inLanguage":"nb-NO","@id":"https:\/\/foreldreutvalgene.no\/fub\/#\/schema\/logo\/image\/","url":"https:\/\/foreldreutvalgene.no\/fub\/wp-content\/uploads\/sites\/2\/2021\/08\/fublogo-footer.svg","contentUrl":"https:\/\/foreldreutvalgene.no\/fub\/wp-content\/uploads\/sites\/2\/2021\/08\/fublogo-footer.svg","width":507,"height":149,"caption":"Foreldreutvalget for barnehager"},"image":{"@id":"https:\/\/foreldreutvalgene.no\/fub\/#\/schema\/logo\/image\/"}}]}},"_links":{"self":[{"href":"https:\/\/foreldreutvalgene.no\/fub\/wp-json\/wp\/v2\/note\/4614","targetHints":{"allow":["GET"]}}],"collection":[{"href":"https:\/\/foreldreutvalgene.no\/fub\/wp-json\/wp\/v2\/note"}],"about":[{"href":"https:\/\/foreldreutvalgene.no\/fub\/wp-json\/wp\/v2\/types\/note"}],"author":[{"embeddable":true,"href":"https:\/\/foreldreutvalgene.no\/fub\/wp-json\/wp\/v2\/users\/9"}],"version-history":[{"count":4,"href":"https:\/\/foreldreutvalgene.no\/fub\/wp-json\/wp\/v2\/note\/4614\/revisions"}],"predecessor-version":[{"id":4627,"href":"https:\/\/foreldreutvalgene.no\/fub\/wp-json\/wp\/v2\/note\/4614\/revisions\/4627"}],"wp:attachment":[{"href":"https:\/\/foreldreutvalgene.no\/fub\/wp-json\/wp\/v2\/media?parent=4614"}],"wp:term":[{"taxonomy":"notecategory","embeddable":true,"href":"https:\/\/foreldreutvalgene.no\/fub\/wp-json\/wp\/v2\/notecategory?post=4614"}],"curies":[{"name":"wp","href":"https:\/\/api.w.org\/{rel}","templated":true}]}}

Medverknad frå barn

<figure class="wp-block-video"><video controls poster="https://foreldreutvalgene.no/fub/wp-content/uploads/sites/2/2023/01/Skjermbilde-Einar-Olav-Larsen.png" src="https://foreldreutvalgene.no/fub/wp-content/uploads/sites/2/2023/01/Einar-Olav-Larsen-FUB-20230114_155448-Opptak-av-mote.mp4"></video><figcaption class="wp-element-caption">Filmen syner FUB-leiar Einar olav Larsen som held innlegg</figcaption></figure>



<p><strong>FUB blei invitert til å halde innlegg i innspelsmøte med Barne- og familiedepartementet om barn sin rett til medverknad på systemnivå. FUB-leiar Einar Olav Larsen var med på dette digitalt og hadde eit innlegg.</strong></p>



<p>I desember 2022 fekk FUB og andre aktørar med engasjement for barn og unge invitasjon frå minister Kjersti Toppe til å delta i innspelsmøte. FUB takka ja til dette. Møtet var den 17. januar. I sitt innlegg heldt FUB-leiaren fram at for at dei minste barna sine stemmer skal bli høyrt i prosessar på systemnivå, må det leggjast til rette for involvering av foreldra.</p>



<h2 class="wp-block-heading" id="h-foreldra-er-viktige-for-dei-minste-barna">Foreldra er viktige for dei minste barna</h2>



<p>Ministeren skriv i invitasjonen: &laquo;I Koronakommisjonen sin andre rapport blir det vist til at fleire instansar har kritisert styresmaktene for å ikkje ha lytta til barn og unge under pandemien når dei tek avgjerder som rører dei direkte. Kommisjonen anbefaler at avgjerdstakarar på alle nivå etablerer gode prosedyrar for å involvere barn og unge i avgjerder som vedkjem dei. Prosedyrane bør utformast med tanke på at dei òg skal fungere i kritiske situasjonar.&raquo;</p>



<p>FUB meiner at god involvering av foreldra er langt på veg det same som god involvering av barna når vi er på barnehageområdet. </p>

<!-- This site is optimized with the Yoast SEO Premium plugin v27.4 (Yoast SEO v27.4) - https://yoast.com/product/yoast-seo-premium-wordpress/ -->
<title>Medverknad frå barn - Foreldreutvalget for barnehager</title>
<meta name="description" content="FUB meiner at for dei minste barna er foreldra avgjerande for at deira stemme skal bli høyrt i offentlege prosessar" />
<meta name="robots" content="index, follow, max-snippet:-1, max-image-preview:large, max-video-preview:-1" />
<link rel="canonical" href="https://foreldreutvalgene.no/fub/notater/medverknad-fra-barn/" />
<meta property="og:locale" content="nb_NO" />
<meta property="og:type" content="article" />
<meta property="og:title" content="Medverknad frå barn" />
<meta property="og:description" content="FUB meiner at for dei minste barna er foreldra avgjerande for at deira stemme skal bli høyrt i offentlege prosessar" />
<meta property="og:url" content="https://foreldreutvalgene.no/fub/notater/medverknad-fra-barn/" />
<meta property="og:site_name" content="Foreldreutvalget for barnehager" />
<meta property="article:modified_time" content="2023-01-30T07:27:43+00:00" />
<meta name="twitter:card" content="summary_large_image" />
<meta name="twitter:label1" content="Ansl. lesetid" />
	<meta name="twitter:data1" content="2 minutter" />
<script type="application/ld+json" class="yoast-schema-graph">{"@context":"https:\/\/schema.org","@graph":[{"@type":"WebPage","@id":"https:\/\/foreldreutvalgene.no\/fub\/notater\/medverknad-fra-barn\/","url":"https:\/\/foreldreutvalgene.no\/fub\/notater\/medverknad-fra-barn\/","name":"Medverknad frå barn - Foreldreutvalget for barnehager","isPartOf":{"@id":"https:\/\/foreldreutvalgene.no\/fub\/#website"},"datePublished":"2023-01-27T12:16:45+00:00","dateModified":"2023-01-30T07:27:43+00:00","description":"FUB meiner at for dei minste barna er foreldra avgjerande for at deira stemme skal bli høyrt i offentlege prosessar","breadcrumb":{"@id":"https:\/\/foreldreutvalgene.no\/fub\/notater\/medverknad-fra-barn\/#breadcrumb"},"inLanguage":"nb-NO","potentialAction":[{"@type":"ReadAction","target":["https:\/\/foreldreutvalgene.no\/fub\/notater\/medverknad-fra-barn\/"]}]},{"@type":"BreadcrumbList","@id":"https:\/\/foreldreutvalgene.no\/fub\/notater\/medverknad-fra-barn\/#breadcrumb","itemListElement":[{"@type":"ListItem","position":1,"name":"Home","item":"https:\/\/foreldreutvalgene.no\/fub\/"},{"@type":"ListItem","position":2,"name":"Notater","item":"https:\/\/foreldreutvalgene.no\/fub\/notater\/"},{"@type":"ListItem","position":3,"name":"Medverknad frå barn"}]},{"@type":"WebSite","@id":"https:\/\/foreldreutvalgene.no\/fub\/#website","url":"https:\/\/foreldreutvalgene.no\/fub\/","name":"Foreldreutvalget for barnehager","description":"","publisher":{"@id":"https:\/\/foreldreutvalgene.no\/fub\/#organization"},"potentialAction":[{"@type":"SearchAction","target":{"@type":"EntryPoint","urlTemplate":"https:\/\/foreldreutvalgene.no\/fub\/?s={search_term_string}"},"query-input":{"@type":"PropertyValueSpecification","valueRequired":true,"valueName":"search_term_string"}}],"inLanguage":"nb-NO"},{"@type":"Organization","@id":"https:\/\/foreldreutvalgene.no\/fub\/#organization","name":"Foreldreutvalget for barnehager","url":"https:\/\/foreldreutvalgene.no\/fub\/","logo":{"@type":"ImageObject","inLanguage":"nb-NO","@id":"https:\/\/foreldreutvalgene.no\/fub\/#\/schema\/logo\/image\/","url":"https:\/\/foreldreutvalgene.no\/fub\/wp-content\/uploads\/sites\/2\/2021\/08\/fublogo-footer.svg","contentUrl":"https:\/\/foreldreutvalgene.no\/fub\/wp-content\/uploads\/sites\/2\/2021\/08\/fublogo-footer.svg","width":507,"height":149,"caption":"Foreldreutvalget for barnehager"},"image":{"@id":"https:\/\/foreldreutvalgene.no\/fub\/#\/schema\/logo\/image\/"}}]}</script>
<!-- / Yoast SEO Premium plugin. -->

Medverknad frå barn - Foreldreutvalget for barnehager

FUB meiner at for dei minste barna er foreldra avgjerande for at deira stemme skal bli høyrt i offentlege prosessar
