{"id":6763,"date":"2024-01-02T13:17:55","date_gmt":"2024-01-02T12:17:55","guid":{"rendered":"https:\/\/foreldreutvalgene.no\/fub\/?post_type=employee&#038;p=6763"},"modified":"2025-01-21T09:41:11","modified_gmt":"2025-01-21T08:41:11","slug":"steffen-andre-kvalheim","status":"publish","type":"employee","link":"https:\/\/foreldreutvalgene.no\/fub\/medlemmene\/steffen-andre-kvalheim\/","title":{"rendered":"Steffen Kvalheim Meidell"},"content":{"rendered":"\n<p>Eg heiter Steffen Kvalheim Meidell, er 31 \u00e5r og bur p\u00e5 Ask\u00f8y utanfor Bergen saman med kona mi Camilla, ei dotter p\u00e5 1,5 \u00e5r og ei bonusdotter p\u00e5 10 \u00e5r.\u00a0<\/p>\n\n\n\n<p>Eg er utdanna ingeni\u00f8r, har tidlegare erfaring som mellom anna butikksjef, autorisert Apple teknikar og jobbar no som teamleiar og systemutviklar ved Omega 365 Solutions.<\/p>\n\n\n\n<p>Eg brenn spesielt for at barnehagen skal vera ein trygg og god l\u00e6rings- og utviklingsarena for barna v\u00e5re. I tillegg er eg veldig interessert i tema knytt til samspel mellom barn og teknologi, og korleis teknologi kan hjelpa og st\u00f8tte i barnehagen.&nbsp;<\/p>\n\n\n\n<p>Eg h\u00e5par at eg som fersk barnehage-pappa kan komma inn med ferske auge og gjerne litt nye perspektiv i FUB.<\/p>\n","protected":false},"author":7,"featured_media":6900,"template":"","class_list":["post-6763","employee","type-employee","status-publish","has-post-thumbnail","hentry"],"acf":[],"yoast_head":"<!-- This site is optimized with the Yoast SEO Premium plugin v27.4 (Yoast SEO v27.4) - https:\/\/yoast.com\/product\/yoast-seo-premium-wordpress\/ -->\n<title>Steffen Kvalheim Meidell - Foreldreutvalget for barnehager<\/title>\n<meta name=\"robots\" content=\"index, follow, max-snippet:-1, max-image-preview:large, max-video-preview:-1\" \/>\n<link rel=\"canonical\" href=\"https:\/\/foreldreutvalgene.no\/fub\/medlemmene\/steffen-andre-kvalheim\/\" \/>\n<meta property=\"og:locale\" content=\"nb_NO\" \/>\n<meta property=\"og:type\" content=\"article\" \/>\n<meta property=\"og:title\" content=\"Steffen Kvalheim Meidell\" \/>\n<meta property=\"og:description\" content=\"Eg heiter Steffen Kvalheim Meidell, er 31 \u00e5r og bur p\u00e5 Ask\u00f8y utanfor Bergen saman med kona mi Camilla, ei dotter p\u00e5 1,5 \u00e5r og ei bonusdotter p\u00e5 10 \u00e5r.\u00a0 Eg er utdanna ingeni\u00f8r, har tidlegare erfaring som mellom anna butikksjef, autorisert Apple teknikar og jobbar no som teamleiar og systemutviklar ved Omega 365 Solutions. [&hellip;]\" \/>\n<meta property=\"og:url\" content=\"https:\/\/foreldreutvalgene.no\/fub\/medlemmene\/steffen-andre-kvalheim\/\" \/>\n<meta property=\"og:site_name\" content=\"Foreldreutvalget for barnehager\" \/>\n<meta property=\"article:modified_time\" content=\"2025-01-21T08:41:11+00:00\" \/>\n<meta property=\"og:image\" content=\"https:\/\/foreldreutvalgene.no\/fub\/wp-content\/uploads\/sites\/2\/2024\/01\/DSC_3671-2-1-scaled.jpg\" \/>\n\t<meta property=\"og:image:width\" content=\"2048\" \/>\n\t<meta property=\"og:image:height\" content=\"2560\" \/>\n\t<meta property=\"og:image:type\" content=\"image\/jpeg\" \/>\n<meta name=\"twitter:card\" content=\"summary_large_image\" \/>\n<meta name=\"twitter:label1\" content=\"Ansl. lesetid\" \/>\n\t<meta name=\"twitter:data1\" content=\"1 minutt\" \/>\n<script type=\"application\/ld+json\" class=\"yoast-schema-graph\">{\"@context\":\"https:\\\/\\\/schema.org\",\"@graph\":[{\"@type\":[\"WebPage\",\"ProfilePage\"],\"@id\":\"https:\\\/\\\/foreldreutvalgene.no\\\/fub\\\/medlemmene\\\/steffen-andre-kvalheim\\\/\",\"url\":\"https:\\\/\\\/foreldreutvalgene.no\\\/fub\\\/medlemmene\\\/steffen-andre-kvalheim\\\/\",\"name\":\"Steffen Kvalheim Meidell - Foreldreutvalget for barnehager\",\"isPartOf\":{\"@id\":\"https:\\\/\\\/foreldreutvalgene.no\\\/fub\\\/#website\"},\"primaryImageOfPage\":{\"@id\":\"https:\\\/\\\/foreldreutvalgene.no\\\/fub\\\/medlemmene\\\/steffen-andre-kvalheim\\\/#primaryimage\"},\"image\":{\"@id\":\"https:\\\/\\\/foreldreutvalgene.no\\\/fub\\\/medlemmene\\\/steffen-andre-kvalheim\\\/#primaryimage\"},\"thumbnailUrl\":\"https:\\\/\\\/foreldreutvalgene.no\\\/fub\\\/wp-content\\\/uploads\\\/sites\\\/2\\\/2024\\\/01\\\/DSC_3671-2-1-scaled.jpg\",\"datePublished\":\"2024-01-02T12:17:55+00:00\",\"dateModified\":\"2025-01-21T08:41:11+00:00\",\"breadcrumb\":{\"@id\":\"https:\\\/\\\/foreldreutvalgene.no\\\/fub\\\/medlemmene\\\/steffen-andre-kvalheim\\\/#breadcrumb\"},\"inLanguage\":\"nb-NO\",\"potentialAction\":[{\"@type\":\"ReadAction\",\"target\":[\"https:\\\/\\\/foreldreutvalgene.no\\\/fub\\\/medlemmene\\\/steffen-andre-kvalheim\\\/\"]}]},{\"@type\":\"ImageObject\",\"inLanguage\":\"nb-NO\",\"@id\":\"https:\\\/\\\/foreldreutvalgene.no\\\/fub\\\/medlemmene\\\/steffen-andre-kvalheim\\\/#primaryimage\",\"url\":\"https:\\\/\\\/foreldreutvalgene.no\\\/fub\\\/wp-content\\\/uploads\\\/sites\\\/2\\\/2024\\\/01\\\/DSC_3671-2-1-scaled.jpg\",\"contentUrl\":\"https:\\\/\\\/foreldreutvalgene.no\\\/fub\\\/wp-content\\\/uploads\\\/sites\\\/2\\\/2024\\\/01\\\/DSC_3671-2-1-scaled.jpg\",\"width\":2048,\"height\":2560},{\"@type\":\"BreadcrumbList\",\"@id\":\"https:\\\/\\\/foreldreutvalgene.no\\\/fub\\\/medlemmene\\\/steffen-andre-kvalheim\\\/#breadcrumb\",\"itemListElement\":[{\"@type\":\"ListItem\",\"position\":1,\"name\":\"Home\",\"item\":\"https:\\\/\\\/foreldreutvalgene.no\\\/fub\\\/\"},{\"@type\":\"ListItem\",\"position\":2,\"name\":\"Ansatte\",\"item\":\"https:\\\/\\\/foreldreutvalgene.no\\\/fub\\\/medlemmene\\\/\"},{\"@type\":\"ListItem\",\"position\":3,\"name\":\"Steffen Kvalheim Meidell\"}]},{\"@type\":\"WebSite\",\"@id\":\"https:\\\/\\\/foreldreutvalgene.no\\\/fub\\\/#website\",\"url\":\"https:\\\/\\\/foreldreutvalgene.no\\\/fub\\\/\",\"name\":\"Foreldreutvalget for barnehager\",\"description\":\"\",\"publisher\":{\"@id\":\"https:\\\/\\\/foreldreutvalgene.no\\\/fub\\\/#organization\"},\"potentialAction\":[{\"@type\":\"SearchAction\",\"target\":{\"@type\":\"EntryPoint\",\"urlTemplate\":\"https:\\\/\\\/foreldreutvalgene.no\\\/fub\\\/?s={search_term_string}\"},\"query-input\":{\"@type\":\"PropertyValueSpecification\",\"valueRequired\":true,\"valueName\":\"search_term_string\"}}],\"inLanguage\":\"nb-NO\"},{\"@type\":\"Organization\",\"@id\":\"https:\\\/\\\/foreldreutvalgene.no\\\/fub\\\/#organization\",\"name\":\"Foreldreutvalget for barnehager\",\"url\":\"https:\\\/\\\/foreldreutvalgene.no\\\/fub\\\/\",\"logo\":{\"@type\":\"ImageObject\",\"inLanguage\":\"nb-NO\",\"@id\":\"https:\\\/\\\/foreldreutvalgene.no\\\/fub\\\/#\\\/schema\\\/logo\\\/image\\\/\",\"url\":\"https:\\\/\\\/foreldreutvalgene.no\\\/fub\\\/wp-content\\\/uploads\\\/sites\\\/2\\\/2021\\\/08\\\/fublogo-footer.svg\",\"contentUrl\":\"https:\\\/\\\/foreldreutvalgene.no\\\/fub\\\/wp-content\\\/uploads\\\/sites\\\/2\\\/2021\\\/08\\\/fublogo-footer.svg\",\"width\":507,\"height\":149,\"caption\":\"Foreldreutvalget for barnehager\"},\"image\":{\"@id\":\"https:\\\/\\\/foreldreutvalgene.no\\\/fub\\\/#\\\/schema\\\/logo\\\/image\\\/\"},\"mainEntityOfPage\":{\"@id\":\"https:\\\/\\\/foreldreutvalgene.no\\\/fub\\\/medlemmene\\\/steffen-andre-kvalheim\\\/\"}}]}<\/script>\n<!-- \/ Yoast SEO Premium plugin. -->","yoast_head_json":{"title":"Steffen Kvalheim Meidell - Foreldreutvalget for barnehager","robots":{"index":"index","follow":"follow","max-snippet":"max-snippet:-1","max-image-preview":"max-image-preview:large","max-video-preview":"max-video-preview:-1"},"canonical":"https:\/\/foreldreutvalgene.no\/fub\/medlemmene\/steffen-andre-kvalheim\/","og_locale":"nb_NO","og_type":"article","og_title":"Steffen Kvalheim Meidell","og_description":"Eg heiter Steffen Kvalheim Meidell, er 31 \u00e5r og bur p\u00e5 Ask\u00f8y utanfor Bergen saman med kona mi Camilla, ei dotter p\u00e5 1,5 \u00e5r og ei bonusdotter p\u00e5 10 \u00e5r.\u00a0 Eg er utdanna ingeni\u00f8r, har tidlegare erfaring som mellom anna butikksjef, autorisert Apple teknikar og jobbar no som teamleiar og systemutviklar ved Omega 365 Solutions. [&hellip;]","og_url":"https:\/\/foreldreutvalgene.no\/fub\/medlemmene\/steffen-andre-kvalheim\/","og_site_name":"Foreldreutvalget for barnehager","article_modified_time":"2025-01-21T08:41:11+00:00","og_image":[{"width":2048,"height":2560,"url":"https:\/\/foreldreutvalgene.no\/fub\/wp-content\/uploads\/sites\/2\/2024\/01\/DSC_3671-2-1-scaled.jpg","type":"image\/jpeg"}],"twitter_card":"summary_large_image","twitter_misc":{"Ansl. lesetid":"1 minutt"},"schema":{"@context":"https:\/\/schema.org","@graph":[{"@type":["WebPage","ProfilePage"],"@id":"https:\/\/foreldreutvalgene.no\/fub\/medlemmene\/steffen-andre-kvalheim\/","url":"https:\/\/foreldreutvalgene.no\/fub\/medlemmene\/steffen-andre-kvalheim\/","name":"Steffen Kvalheim Meidell - Foreldreutvalget for barnehager","isPartOf":{"@id":"https:\/\/foreldreutvalgene.no\/fub\/#website"},"primaryImageOfPage":{"@id":"https:\/\/foreldreutvalgene.no\/fub\/medlemmene\/steffen-andre-kvalheim\/#primaryimage"},"image":{"@id":"https:\/\/foreldreutvalgene.no\/fub\/medlemmene\/steffen-andre-kvalheim\/#primaryimage"},"thumbnailUrl":"https:\/\/foreldreutvalgene.no\/fub\/wp-content\/uploads\/sites\/2\/2024\/01\/DSC_3671-2-1-scaled.jpg","datePublished":"2024-01-02T12:17:55+00:00","dateModified":"2025-01-21T08:41:11+00:00","breadcrumb":{"@id":"https:\/\/foreldreutvalgene.no\/fub\/medlemmene\/steffen-andre-kvalheim\/#breadcrumb"},"inLanguage":"nb-NO","potentialAction":[{"@type":"ReadAction","target":["https:\/\/foreldreutvalgene.no\/fub\/medlemmene\/steffen-andre-kvalheim\/"]}]},{"@type":"ImageObject","inLanguage":"nb-NO","@id":"https:\/\/foreldreutvalgene.no\/fub\/medlemmene\/steffen-andre-kvalheim\/#primaryimage","url":"https:\/\/foreldreutvalgene.no\/fub\/wp-content\/uploads\/sites\/2\/2024\/01\/DSC_3671-2-1-scaled.jpg","contentUrl":"https:\/\/foreldreutvalgene.no\/fub\/wp-content\/uploads\/sites\/2\/2024\/01\/DSC_3671-2-1-scaled.jpg","width":2048,"height":2560},{"@type":"BreadcrumbList","@id":"https:\/\/foreldreutvalgene.no\/fub\/medlemmene\/steffen-andre-kvalheim\/#breadcrumb","itemListElement":[{"@type":"ListItem","position":1,"name":"Home","item":"https:\/\/foreldreutvalgene.no\/fub\/"},{"@type":"ListItem","position":2,"name":"Ansatte","item":"https:\/\/foreldreutvalgene.no\/fub\/medlemmene\/"},{"@type":"ListItem","position":3,"name":"Steffen Kvalheim Meidell"}]},{"@type":"WebSite","@id":"https:\/\/foreldreutvalgene.no\/fub\/#website","url":"https:\/\/foreldreutvalgene.no\/fub\/","name":"Foreldreutvalget for barnehager","description":"","publisher":{"@id":"https:\/\/foreldreutvalgene.no\/fub\/#organization"},"potentialAction":[{"@type":"SearchAction","target":{"@type":"EntryPoint","urlTemplate":"https:\/\/foreldreutvalgene.no\/fub\/?s={search_term_string}"},"query-input":{"@type":"PropertyValueSpecification","valueRequired":true,"valueName":"search_term_string"}}],"inLanguage":"nb-NO"},{"@type":"Organization","@id":"https:\/\/foreldreutvalgene.no\/fub\/#organization","name":"Foreldreutvalget for barnehager","url":"https:\/\/foreldreutvalgene.no\/fub\/","logo":{"@type":"ImageObject","inLanguage":"nb-NO","@id":"https:\/\/foreldreutvalgene.no\/fub\/#\/schema\/logo\/image\/","url":"https:\/\/foreldreutvalgene.no\/fub\/wp-content\/uploads\/sites\/2\/2021\/08\/fublogo-footer.svg","contentUrl":"https:\/\/foreldreutvalgene.no\/fub\/wp-content\/uploads\/sites\/2\/2021\/08\/fublogo-footer.svg","width":507,"height":149,"caption":"Foreldreutvalget for barnehager"},"image":{"@id":"https:\/\/foreldreutvalgene.no\/fub\/#\/schema\/logo\/image\/"},"mainEntityOfPage":{"@id":"https:\/\/foreldreutvalgene.no\/fub\/medlemmene\/steffen-andre-kvalheim\/"}}]}},"_links":{"self":[{"href":"https:\/\/foreldreutvalgene.no\/fub\/wp-json\/wp\/v2\/employee\/6763","targetHints":{"allow":["GET"]}}],"collection":[{"href":"https:\/\/foreldreutvalgene.no\/fub\/wp-json\/wp\/v2\/employee"}],"about":[{"href":"https:\/\/foreldreutvalgene.no\/fub\/wp-json\/wp\/v2\/types\/employee"}],"author":[{"embeddable":true,"href":"https:\/\/foreldreutvalgene.no\/fub\/wp-json\/wp\/v2\/users\/7"}],"version-history":[{"count":7,"href":"https:\/\/foreldreutvalgene.no\/fub\/wp-json\/wp\/v2\/employee\/6763\/revisions"}],"predecessor-version":[{"id":7739,"href":"https:\/\/foreldreutvalgene.no\/fub\/wp-json\/wp\/v2\/employee\/6763\/revisions\/7739"}],"wp:featuredmedia":[{"embeddable":true,"href":"https:\/\/foreldreutvalgene.no\/fub\/wp-json\/wp\/v2\/media\/6900"}],"wp:attachment":[{"href":"https:\/\/foreldreutvalgene.no\/fub\/wp-json\/wp\/v2\/media?parent=6763"}],"curies":[{"name":"wp","href":"https:\/\/api.w.org\/{rel}","templated":true}]}}

<p>Eg heiter Steffen Kvalheim Meidell, er 31 år og bur på Askøy utanfor Bergen saman med kona mi Camilla, ei dotter på 1,5 år og ei bonusdotter på 10 år. </p>



<p>Eg er utdanna ingeniør, har tidlegare erfaring som mellom anna butikksjef, autorisert Apple teknikar og jobbar no som teamleiar og systemutviklar ved Omega 365 Solutions.</p>



<p>Eg brenn spesielt for at barnehagen skal vera ein trygg og god lærings- og utviklingsarena for barna våre. I tillegg er eg veldig interessert i tema knytt til samspel mellom barn og teknologi, og korleis teknologi kan hjelpa og støtte i barnehagen.&nbsp;</p>



<p>Eg håpar at eg som fersk barnehage-pappa kan komma inn med ferske auge og gjerne litt nye perspektiv i FUB.</p>

<!-- This site is optimized with the Yoast SEO Premium plugin v27.4 (Yoast SEO v27.4) - https://yoast.com/product/yoast-seo-premium-wordpress/ -->
<title>Steffen Kvalheim Meidell - Foreldreutvalget for barnehager</title>
<meta name="robots" content="index, follow, max-snippet:-1, max-image-preview:large, max-video-preview:-1" />
<link rel="canonical" href="https://foreldreutvalgene.no/fub/medlemmene/steffen-andre-kvalheim/" />
<meta property="og:locale" content="nb_NO" />
<meta property="og:type" content="article" />
<meta property="og:title" content="Steffen Kvalheim Meidell" />
<meta property="og:description" content="Eg heiter Steffen Kvalheim Meidell, er 31 år og bur på Askøy utanfor Bergen saman med kona mi Camilla, ei dotter på 1,5 år og ei bonusdotter på 10 år.  Eg er utdanna ingeniør, har tidlegare erfaring som mellom anna butikksjef, autorisert Apple teknikar og jobbar no som teamleiar og systemutviklar ved Omega 365 Solutions. [&hellip;]" />
<meta property="og:url" content="https://foreldreutvalgene.no/fub/medlemmene/steffen-andre-kvalheim/" />
<meta property="og:site_name" content="Foreldreutvalget for barnehager" />
<meta property="article:modified_time" content="2025-01-21T08:41:11+00:00" />
<meta property="og:image" content="https://foreldreutvalgene.no/fub/wp-content/uploads/sites/2/2024/01/DSC_3671-2-1-scaled.jpg" />
	<meta property="og:image:width" content="2048" />
	<meta property="og:image:height" content="2560" />
	<meta property="og:image:type" content="image/jpeg" />
<meta name="twitter:card" content="summary_large_image" />
<meta name="twitter:label1" content="Ansl. lesetid" />
	<meta name="twitter:data1" content="1 minutt" />
<script type="application/ld+json" class="yoast-schema-graph">{"@context":"https:\/\/schema.org","@graph":[{"@type":["WebPage","ProfilePage"],"@id":"https:\/\/foreldreutvalgene.no\/fub\/medlemmene\/steffen-andre-kvalheim\/","url":"https:\/\/foreldreutvalgene.no\/fub\/medlemmene\/steffen-andre-kvalheim\/","name":"Steffen Kvalheim Meidell - Foreldreutvalget for barnehager","isPartOf":{"@id":"https:\/\/foreldreutvalgene.no\/fub\/#website"},"primaryImageOfPage":{"@id":"https:\/\/foreldreutvalgene.no\/fub\/medlemmene\/steffen-andre-kvalheim\/#primaryimage"},"image":{"@id":"https:\/\/foreldreutvalgene.no\/fub\/medlemmene\/steffen-andre-kvalheim\/#primaryimage"},"thumbnailUrl":"https:\/\/foreldreutvalgene.no\/fub\/wp-content\/uploads\/sites\/2\/2024\/01\/DSC_3671-2-1-scaled.jpg","datePublished":"2024-01-02T12:17:55+00:00","dateModified":"2025-01-21T08:41:11+00:00","breadcrumb":{"@id":"https:\/\/foreldreutvalgene.no\/fub\/medlemmene\/steffen-andre-kvalheim\/#breadcrumb"},"inLanguage":"nb-NO","potentialAction":[{"@type":"ReadAction","target":["https:\/\/foreldreutvalgene.no\/fub\/medlemmene\/steffen-andre-kvalheim\/"]}]},{"@type":"ImageObject","inLanguage":"nb-NO","@id":"https:\/\/foreldreutvalgene.no\/fub\/medlemmene\/steffen-andre-kvalheim\/#primaryimage","url":"https:\/\/foreldreutvalgene.no\/fub\/wp-content\/uploads\/sites\/2\/2024\/01\/DSC_3671-2-1-scaled.jpg","contentUrl":"https:\/\/foreldreutvalgene.no\/fub\/wp-content\/uploads\/sites\/2\/2024\/01\/DSC_3671-2-1-scaled.jpg","width":2048,"height":2560},{"@type":"BreadcrumbList","@id":"https:\/\/foreldreutvalgene.no\/fub\/medlemmene\/steffen-andre-kvalheim\/#breadcrumb","itemListElement":[{"@type":"ListItem","position":1,"name":"Home","item":"https:\/\/foreldreutvalgene.no\/fub\/"},{"@type":"ListItem","position":2,"name":"Ansatte","item":"https:\/\/foreldreutvalgene.no\/fub\/medlemmene\/"},{"@type":"ListItem","position":3,"name":"Steffen Kvalheim Meidell"}]},{"@type":"WebSite","@id":"https:\/\/foreldreutvalgene.no\/fub\/#website","url":"https:\/\/foreldreutvalgene.no\/fub\/","name":"Foreldreutvalget for barnehager","description":"","publisher":{"@id":"https:\/\/foreldreutvalgene.no\/fub\/#organization"},"potentialAction":[{"@type":"SearchAction","target":{"@type":"EntryPoint","urlTemplate":"https:\/\/foreldreutvalgene.no\/fub\/?s={search_term_string}"},"query-input":{"@type":"PropertyValueSpecification","valueRequired":true,"valueName":"search_term_string"}}],"inLanguage":"nb-NO"},{"@type":"Organization","@id":"https:\/\/foreldreutvalgene.no\/fub\/#organization","name":"Foreldreutvalget for barnehager","url":"https:\/\/foreldreutvalgene.no\/fub\/","logo":{"@type":"ImageObject","inLanguage":"nb-NO","@id":"https:\/\/foreldreutvalgene.no\/fub\/#\/schema\/logo\/image\/","url":"https:\/\/foreldreutvalgene.no\/fub\/wp-content\/uploads\/sites\/2\/2021\/08\/fublogo-footer.svg","contentUrl":"https:\/\/foreldreutvalgene.no\/fub\/wp-content\/uploads\/sites\/2\/2021\/08\/fublogo-footer.svg","width":507,"height":149,"caption":"Foreldreutvalget for barnehager"},"image":{"@id":"https:\/\/foreldreutvalgene.no\/fub\/#\/schema\/logo\/image\/"},"mainEntityOfPage":{"@id":"https:\/\/foreldreutvalgene.no\/fub\/medlemmene\/steffen-andre-kvalheim\/"}}]}</script>
<!-- / Yoast SEO Premium plugin. -->

Eg heiter Steffen Kvalheim Meidell, er 31 år og bur på Askøy utanfor Bergen saman med kona mi Camilla, ei dotter på 1,5 år og ei bonusdotter på 10 år.  Eg er utdanna ingeniør, har tidlegare erfaring som mellom anna butikksjef, autorisert Apple teknikar og jobbar no som teamleiar og systemutviklar ved Omega 365 Solutions. [&hellip;]
