{"id":6735,"date":"2024-01-02T12:32:25","date_gmt":"2024-01-02T11:32:25","guid":{"rendered":"https:\/\/foreldreutvalgene.no\/fub\/?post_type=employee&#038;p=6735"},"modified":"2024-04-25T12:49:06","modified_gmt":"2024-04-25T10:49:06","slug":"amalie-ristin-rimpi","status":"publish","type":"employee","link":"https:\/\/foreldreutvalgene.no\/fub\/medlemmene\/amalie-ristin-rimpi\/","title":{"rendered":"Amalie Ristin Rimpi"},"content":{"rendered":"\n<p>Eg heiter Amalie Ristin Rimpi, er 26 \u00e5r og bur i Bod\u00f8 kommune i Nordland saman med Nils Johan, og dottera v\u00e5r p\u00e5 tre \u00e5r.<\/p>\n\n\n\n<p>Eg er under utdanning for \u00e5 bli lulesamisk grunnskulel\u00e6rar og jobbar no som kulturskulel\u00e6rar i Hamar\u00f8y kommune og som forskingsassistent for SpedAims. Eg har hatt verv som varamedlem i det ungdomspolitiske utvalet til sametinget for Sametinget i til saman to \u00e5r.<\/p>\n\n\n\n<p>Eg brenn spesielt for samisk kultur og spr\u00e5k, i tillegg til retten til trygg oppl\u00e6ring for barn og unge. I Foreldreutvalet for barnehagar \u00f8nskjer eg mellom anna \u00e5 bidra med \u00e5 fremja det samiske foreldreperspektivet i saker som gjeld barnehagar.<\/p>\n","protected":false},"author":7,"featured_media":6901,"template":"","class_list":["post-6735","employee","type-employee","status-publish","has-post-thumbnail","hentry"],"acf":[],"yoast_head":"<!-- This site is optimized with the Yoast SEO Premium plugin v27.4 (Yoast SEO v27.4) - https:\/\/yoast.com\/product\/yoast-seo-premium-wordpress\/ -->\n<title>Amalie Ristin Rimpi - Foreldreutvalget for barnehager<\/title>\n<meta name=\"robots\" content=\"index, follow, max-snippet:-1, max-image-preview:large, max-video-preview:-1\" \/>\n<link rel=\"canonical\" href=\"https:\/\/foreldreutvalgene.no\/fub\/medlemmene\/amalie-ristin-rimpi\/\" \/>\n<meta property=\"og:locale\" content=\"nb_NO\" \/>\n<meta property=\"og:type\" content=\"article\" \/>\n<meta property=\"og:title\" content=\"Amalie Ristin Rimpi\" \/>\n<meta property=\"og:description\" content=\"Eg heiter Amalie Ristin Rimpi, er 26 \u00e5r og bur i Bod\u00f8 kommune i Nordland saman med Nils Johan, og dottera v\u00e5r p\u00e5 tre \u00e5r. Eg er under utdanning for \u00e5 bli lulesamisk grunnskulel\u00e6rar og jobbar no som kulturskulel\u00e6rar i Hamar\u00f8y kommune og som forskingsassistent for SpedAims. Eg har hatt verv som varamedlem i det [&hellip;]\" \/>\n<meta property=\"og:url\" content=\"https:\/\/foreldreutvalgene.no\/fub\/medlemmene\/amalie-ristin-rimpi\/\" \/>\n<meta property=\"og:site_name\" content=\"Foreldreutvalget for barnehager\" \/>\n<meta property=\"article:modified_time\" content=\"2024-04-25T10:49:06+00:00\" \/>\n<meta property=\"og:image\" content=\"https:\/\/foreldreutvalgene.no\/fub\/wp-content\/uploads\/sites\/2\/2024\/01\/DSC_3489-1-scaled.jpg\" \/>\n\t<meta property=\"og:image:width\" content=\"2048\" \/>\n\t<meta property=\"og:image:height\" content=\"2560\" \/>\n\t<meta property=\"og:image:type\" content=\"image\/jpeg\" \/>\n<meta name=\"twitter:card\" content=\"summary_large_image\" \/>\n<meta name=\"twitter:label1\" content=\"Ansl. lesetid\" \/>\n\t<meta name=\"twitter:data1\" content=\"1 minutt\" \/>\n<script type=\"application\/ld+json\" class=\"yoast-schema-graph\">{\"@context\":\"https:\\\/\\\/schema.org\",\"@graph\":[{\"@type\":[\"WebPage\",\"ProfilePage\"],\"@id\":\"https:\\\/\\\/foreldreutvalgene.no\\\/fub\\\/medlemmene\\\/amalie-ristin-rimpi\\\/\",\"url\":\"https:\\\/\\\/foreldreutvalgene.no\\\/fub\\\/medlemmene\\\/amalie-ristin-rimpi\\\/\",\"name\":\"Amalie Ristin Rimpi - Foreldreutvalget for barnehager\",\"isPartOf\":{\"@id\":\"https:\\\/\\\/foreldreutvalgene.no\\\/fub\\\/#website\"},\"primaryImageOfPage\":{\"@id\":\"https:\\\/\\\/foreldreutvalgene.no\\\/fub\\\/medlemmene\\\/amalie-ristin-rimpi\\\/#primaryimage\"},\"image\":{\"@id\":\"https:\\\/\\\/foreldreutvalgene.no\\\/fub\\\/medlemmene\\\/amalie-ristin-rimpi\\\/#primaryimage\"},\"thumbnailUrl\":\"https:\\\/\\\/foreldreutvalgene.no\\\/fub\\\/wp-content\\\/uploads\\\/sites\\\/2\\\/2024\\\/01\\\/DSC_3489-1-scaled.jpg\",\"datePublished\":\"2024-01-02T11:32:25+00:00\",\"dateModified\":\"2024-04-25T10:49:06+00:00\",\"breadcrumb\":{\"@id\":\"https:\\\/\\\/foreldreutvalgene.no\\\/fub\\\/medlemmene\\\/amalie-ristin-rimpi\\\/#breadcrumb\"},\"inLanguage\":\"nb-NO\",\"potentialAction\":[{\"@type\":\"ReadAction\",\"target\":[\"https:\\\/\\\/foreldreutvalgene.no\\\/fub\\\/medlemmene\\\/amalie-ristin-rimpi\\\/\"]}]},{\"@type\":\"ImageObject\",\"inLanguage\":\"nb-NO\",\"@id\":\"https:\\\/\\\/foreldreutvalgene.no\\\/fub\\\/medlemmene\\\/amalie-ristin-rimpi\\\/#primaryimage\",\"url\":\"https:\\\/\\\/foreldreutvalgene.no\\\/fub\\\/wp-content\\\/uploads\\\/sites\\\/2\\\/2024\\\/01\\\/DSC_3489-1-scaled.jpg\",\"contentUrl\":\"https:\\\/\\\/foreldreutvalgene.no\\\/fub\\\/wp-content\\\/uploads\\\/sites\\\/2\\\/2024\\\/01\\\/DSC_3489-1-scaled.jpg\",\"width\":2048,\"height\":2560},{\"@type\":\"BreadcrumbList\",\"@id\":\"https:\\\/\\\/foreldreutvalgene.no\\\/fub\\\/medlemmene\\\/amalie-ristin-rimpi\\\/#breadcrumb\",\"itemListElement\":[{\"@type\":\"ListItem\",\"position\":1,\"name\":\"Home\",\"item\":\"https:\\\/\\\/foreldreutvalgene.no\\\/fub\\\/\"},{\"@type\":\"ListItem\",\"position\":2,\"name\":\"Ansatte\",\"item\":\"https:\\\/\\\/foreldreutvalgene.no\\\/fub\\\/medlemmene\\\/\"},{\"@type\":\"ListItem\",\"position\":3,\"name\":\"Amalie Ristin Rimpi\"}]},{\"@type\":\"WebSite\",\"@id\":\"https:\\\/\\\/foreldreutvalgene.no\\\/fub\\\/#website\",\"url\":\"https:\\\/\\\/foreldreutvalgene.no\\\/fub\\\/\",\"name\":\"Foreldreutvalget for barnehager\",\"description\":\"\",\"publisher\":{\"@id\":\"https:\\\/\\\/foreldreutvalgene.no\\\/fub\\\/#organization\"},\"potentialAction\":[{\"@type\":\"SearchAction\",\"target\":{\"@type\":\"EntryPoint\",\"urlTemplate\":\"https:\\\/\\\/foreldreutvalgene.no\\\/fub\\\/?s={search_term_string}\"},\"query-input\":{\"@type\":\"PropertyValueSpecification\",\"valueRequired\":true,\"valueName\":\"search_term_string\"}}],\"inLanguage\":\"nb-NO\"},{\"@type\":\"Organization\",\"@id\":\"https:\\\/\\\/foreldreutvalgene.no\\\/fub\\\/#organization\",\"name\":\"Foreldreutvalget for barnehager\",\"url\":\"https:\\\/\\\/foreldreutvalgene.no\\\/fub\\\/\",\"logo\":{\"@type\":\"ImageObject\",\"inLanguage\":\"nb-NO\",\"@id\":\"https:\\\/\\\/foreldreutvalgene.no\\\/fub\\\/#\\\/schema\\\/logo\\\/image\\\/\",\"url\":\"https:\\\/\\\/foreldreutvalgene.no\\\/fub\\\/wp-content\\\/uploads\\\/sites\\\/2\\\/2021\\\/08\\\/fublogo-footer.svg\",\"contentUrl\":\"https:\\\/\\\/foreldreutvalgene.no\\\/fub\\\/wp-content\\\/uploads\\\/sites\\\/2\\\/2021\\\/08\\\/fublogo-footer.svg\",\"width\":507,\"height\":149,\"caption\":\"Foreldreutvalget for barnehager\"},\"image\":{\"@id\":\"https:\\\/\\\/foreldreutvalgene.no\\\/fub\\\/#\\\/schema\\\/logo\\\/image\\\/\"},\"mainEntityOfPage\":{\"@id\":\"https:\\\/\\\/foreldreutvalgene.no\\\/fub\\\/medlemmene\\\/amalie-ristin-rimpi\\\/\"}}]}<\/script>\n<!-- \/ Yoast SEO Premium plugin. -->","yoast_head_json":{"title":"Amalie Ristin Rimpi - Foreldreutvalget for barnehager","robots":{"index":"index","follow":"follow","max-snippet":"max-snippet:-1","max-image-preview":"max-image-preview:large","max-video-preview":"max-video-preview:-1"},"canonical":"https:\/\/foreldreutvalgene.no\/fub\/medlemmene\/amalie-ristin-rimpi\/","og_locale":"nb_NO","og_type":"article","og_title":"Amalie Ristin Rimpi","og_description":"Eg heiter Amalie Ristin Rimpi, er 26 \u00e5r og bur i Bod\u00f8 kommune i Nordland saman med Nils Johan, og dottera v\u00e5r p\u00e5 tre \u00e5r. Eg er under utdanning for \u00e5 bli lulesamisk grunnskulel\u00e6rar og jobbar no som kulturskulel\u00e6rar i Hamar\u00f8y kommune og som forskingsassistent for SpedAims. Eg har hatt verv som varamedlem i det [&hellip;]","og_url":"https:\/\/foreldreutvalgene.no\/fub\/medlemmene\/amalie-ristin-rimpi\/","og_site_name":"Foreldreutvalget for barnehager","article_modified_time":"2024-04-25T10:49:06+00:00","og_image":[{"width":2048,"height":2560,"url":"https:\/\/foreldreutvalgene.no\/fub\/wp-content\/uploads\/sites\/2\/2024\/01\/DSC_3489-1-scaled.jpg","type":"image\/jpeg"}],"twitter_card":"summary_large_image","twitter_misc":{"Ansl. lesetid":"1 minutt"},"schema":{"@context":"https:\/\/schema.org","@graph":[{"@type":["WebPage","ProfilePage"],"@id":"https:\/\/foreldreutvalgene.no\/fub\/medlemmene\/amalie-ristin-rimpi\/","url":"https:\/\/foreldreutvalgene.no\/fub\/medlemmene\/amalie-ristin-rimpi\/","name":"Amalie Ristin Rimpi - Foreldreutvalget for barnehager","isPartOf":{"@id":"https:\/\/foreldreutvalgene.no\/fub\/#website"},"primaryImageOfPage":{"@id":"https:\/\/foreldreutvalgene.no\/fub\/medlemmene\/amalie-ristin-rimpi\/#primaryimage"},"image":{"@id":"https:\/\/foreldreutvalgene.no\/fub\/medlemmene\/amalie-ristin-rimpi\/#primaryimage"},"thumbnailUrl":"https:\/\/foreldreutvalgene.no\/fub\/wp-content\/uploads\/sites\/2\/2024\/01\/DSC_3489-1-scaled.jpg","datePublished":"2024-01-02T11:32:25+00:00","dateModified":"2024-04-25T10:49:06+00:00","breadcrumb":{"@id":"https:\/\/foreldreutvalgene.no\/fub\/medlemmene\/amalie-ristin-rimpi\/#breadcrumb"},"inLanguage":"nb-NO","potentialAction":[{"@type":"ReadAction","target":["https:\/\/foreldreutvalgene.no\/fub\/medlemmene\/amalie-ristin-rimpi\/"]}]},{"@type":"ImageObject","inLanguage":"nb-NO","@id":"https:\/\/foreldreutvalgene.no\/fub\/medlemmene\/amalie-ristin-rimpi\/#primaryimage","url":"https:\/\/foreldreutvalgene.no\/fub\/wp-content\/uploads\/sites\/2\/2024\/01\/DSC_3489-1-scaled.jpg","contentUrl":"https:\/\/foreldreutvalgene.no\/fub\/wp-content\/uploads\/sites\/2\/2024\/01\/DSC_3489-1-scaled.jpg","width":2048,"height":2560},{"@type":"BreadcrumbList","@id":"https:\/\/foreldreutvalgene.no\/fub\/medlemmene\/amalie-ristin-rimpi\/#breadcrumb","itemListElement":[{"@type":"ListItem","position":1,"name":"Home","item":"https:\/\/foreldreutvalgene.no\/fub\/"},{"@type":"ListItem","position":2,"name":"Ansatte","item":"https:\/\/foreldreutvalgene.no\/fub\/medlemmene\/"},{"@type":"ListItem","position":3,"name":"Amalie Ristin Rimpi"}]},{"@type":"WebSite","@id":"https:\/\/foreldreutvalgene.no\/fub\/#website","url":"https:\/\/foreldreutvalgene.no\/fub\/","name":"Foreldreutvalget for barnehager","description":"","publisher":{"@id":"https:\/\/foreldreutvalgene.no\/fub\/#organization"},"potentialAction":[{"@type":"SearchAction","target":{"@type":"EntryPoint","urlTemplate":"https:\/\/foreldreutvalgene.no\/fub\/?s={search_term_string}"},"query-input":{"@type":"PropertyValueSpecification","valueRequired":true,"valueName":"search_term_string"}}],"inLanguage":"nb-NO"},{"@type":"Organization","@id":"https:\/\/foreldreutvalgene.no\/fub\/#organization","name":"Foreldreutvalget for barnehager","url":"https:\/\/foreldreutvalgene.no\/fub\/","logo":{"@type":"ImageObject","inLanguage":"nb-NO","@id":"https:\/\/foreldreutvalgene.no\/fub\/#\/schema\/logo\/image\/","url":"https:\/\/foreldreutvalgene.no\/fub\/wp-content\/uploads\/sites\/2\/2021\/08\/fublogo-footer.svg","contentUrl":"https:\/\/foreldreutvalgene.no\/fub\/wp-content\/uploads\/sites\/2\/2021\/08\/fublogo-footer.svg","width":507,"height":149,"caption":"Foreldreutvalget for barnehager"},"image":{"@id":"https:\/\/foreldreutvalgene.no\/fub\/#\/schema\/logo\/image\/"},"mainEntityOfPage":{"@id":"https:\/\/foreldreutvalgene.no\/fub\/medlemmene\/amalie-ristin-rimpi\/"}}]}},"_links":{"self":[{"href":"https:\/\/foreldreutvalgene.no\/fub\/wp-json\/wp\/v2\/employee\/6735","targetHints":{"allow":["GET"]}}],"collection":[{"href":"https:\/\/foreldreutvalgene.no\/fub\/wp-json\/wp\/v2\/employee"}],"about":[{"href":"https:\/\/foreldreutvalgene.no\/fub\/wp-json\/wp\/v2\/types\/employee"}],"author":[{"embeddable":true,"href":"https:\/\/foreldreutvalgene.no\/fub\/wp-json\/wp\/v2\/users\/7"}],"version-history":[{"count":4,"href":"https:\/\/foreldreutvalgene.no\/fub\/wp-json\/wp\/v2\/employee\/6735\/revisions"}],"predecessor-version":[{"id":7236,"href":"https:\/\/foreldreutvalgene.no\/fub\/wp-json\/wp\/v2\/employee\/6735\/revisions\/7236"}],"wp:featuredmedia":[{"embeddable":true,"href":"https:\/\/foreldreutvalgene.no\/fub\/wp-json\/wp\/v2\/media\/6901"}],"wp:attachment":[{"href":"https:\/\/foreldreutvalgene.no\/fub\/wp-json\/wp\/v2\/media?parent=6735"}],"curies":[{"name":"wp","href":"https:\/\/api.w.org\/{rel}","templated":true}]}}

<p>Eg heiter Amalie Ristin Rimpi, er 26 år og bur i Bodø kommune i Nordland saman med Nils Johan, og dottera vår på tre år.</p>



<p>Eg er under utdanning for å bli lulesamisk grunnskulelærar og jobbar no som kulturskulelærar i Hamarøy kommune og som forskingsassistent for SpedAims. Eg har hatt verv som varamedlem i det ungdomspolitiske utvalet til sametinget for Sametinget i til saman to år.</p>



<p>Eg brenn spesielt for samisk kultur og språk, i tillegg til retten til trygg opplæring for barn og unge. I Foreldreutvalet for barnehagar ønskjer eg mellom anna å bidra med å fremja det samiske foreldreperspektivet i saker som gjeld barnehagar.</p>

<!-- This site is optimized with the Yoast SEO Premium plugin v27.4 (Yoast SEO v27.4) - https://yoast.com/product/yoast-seo-premium-wordpress/ -->
<title>Amalie Ristin Rimpi - Foreldreutvalget for barnehager</title>
<meta name="robots" content="index, follow, max-snippet:-1, max-image-preview:large, max-video-preview:-1" />
<link rel="canonical" href="https://foreldreutvalgene.no/fub/medlemmene/amalie-ristin-rimpi/" />
<meta property="og:locale" content="nb_NO" />
<meta property="og:type" content="article" />
<meta property="og:title" content="Amalie Ristin Rimpi" />
<meta property="og:description" content="Eg heiter Amalie Ristin Rimpi, er 26 år og bur i Bodø kommune i Nordland saman med Nils Johan, og dottera vår på tre år. Eg er under utdanning for å bli lulesamisk grunnskulelærar og jobbar no som kulturskulelærar i Hamarøy kommune og som forskingsassistent for SpedAims. Eg har hatt verv som varamedlem i det [&hellip;]" />
<meta property="og:url" content="https://foreldreutvalgene.no/fub/medlemmene/amalie-ristin-rimpi/" />
<meta property="og:site_name" content="Foreldreutvalget for barnehager" />
<meta property="article:modified_time" content="2024-04-25T10:49:06+00:00" />
<meta property="og:image" content="https://foreldreutvalgene.no/fub/wp-content/uploads/sites/2/2024/01/DSC_3489-1-scaled.jpg" />
	<meta property="og:image:width" content="2048" />
	<meta property="og:image:height" content="2560" />
	<meta property="og:image:type" content="image/jpeg" />
<meta name="twitter:card" content="summary_large_image" />
<meta name="twitter:label1" content="Ansl. lesetid" />
	<meta name="twitter:data1" content="1 minutt" />
<script type="application/ld+json" class="yoast-schema-graph">{"@context":"https:\/\/schema.org","@graph":[{"@type":["WebPage","ProfilePage"],"@id":"https:\/\/foreldreutvalgene.no\/fub\/medlemmene\/amalie-ristin-rimpi\/","url":"https:\/\/foreldreutvalgene.no\/fub\/medlemmene\/amalie-ristin-rimpi\/","name":"Amalie Ristin Rimpi - Foreldreutvalget for barnehager","isPartOf":{"@id":"https:\/\/foreldreutvalgene.no\/fub\/#website"},"primaryImageOfPage":{"@id":"https:\/\/foreldreutvalgene.no\/fub\/medlemmene\/amalie-ristin-rimpi\/#primaryimage"},"image":{"@id":"https:\/\/foreldreutvalgene.no\/fub\/medlemmene\/amalie-ristin-rimpi\/#primaryimage"},"thumbnailUrl":"https:\/\/foreldreutvalgene.no\/fub\/wp-content\/uploads\/sites\/2\/2024\/01\/DSC_3489-1-scaled.jpg","datePublished":"2024-01-02T11:32:25+00:00","dateModified":"2024-04-25T10:49:06+00:00","breadcrumb":{"@id":"https:\/\/foreldreutvalgene.no\/fub\/medlemmene\/amalie-ristin-rimpi\/#breadcrumb"},"inLanguage":"nb-NO","potentialAction":[{"@type":"ReadAction","target":["https:\/\/foreldreutvalgene.no\/fub\/medlemmene\/amalie-ristin-rimpi\/"]}]},{"@type":"ImageObject","inLanguage":"nb-NO","@id":"https:\/\/foreldreutvalgene.no\/fub\/medlemmene\/amalie-ristin-rimpi\/#primaryimage","url":"https:\/\/foreldreutvalgene.no\/fub\/wp-content\/uploads\/sites\/2\/2024\/01\/DSC_3489-1-scaled.jpg","contentUrl":"https:\/\/foreldreutvalgene.no\/fub\/wp-content\/uploads\/sites\/2\/2024\/01\/DSC_3489-1-scaled.jpg","width":2048,"height":2560},{"@type":"BreadcrumbList","@id":"https:\/\/foreldreutvalgene.no\/fub\/medlemmene\/amalie-ristin-rimpi\/#breadcrumb","itemListElement":[{"@type":"ListItem","position":1,"name":"Home","item":"https:\/\/foreldreutvalgene.no\/fub\/"},{"@type":"ListItem","position":2,"name":"Ansatte","item":"https:\/\/foreldreutvalgene.no\/fub\/medlemmene\/"},{"@type":"ListItem","position":3,"name":"Amalie Ristin Rimpi"}]},{"@type":"WebSite","@id":"https:\/\/foreldreutvalgene.no\/fub\/#website","url":"https:\/\/foreldreutvalgene.no\/fub\/","name":"Foreldreutvalget for barnehager","description":"","publisher":{"@id":"https:\/\/foreldreutvalgene.no\/fub\/#organization"},"potentialAction":[{"@type":"SearchAction","target":{"@type":"EntryPoint","urlTemplate":"https:\/\/foreldreutvalgene.no\/fub\/?s={search_term_string}"},"query-input":{"@type":"PropertyValueSpecification","valueRequired":true,"valueName":"search_term_string"}}],"inLanguage":"nb-NO"},{"@type":"Organization","@id":"https:\/\/foreldreutvalgene.no\/fub\/#organization","name":"Foreldreutvalget for barnehager","url":"https:\/\/foreldreutvalgene.no\/fub\/","logo":{"@type":"ImageObject","inLanguage":"nb-NO","@id":"https:\/\/foreldreutvalgene.no\/fub\/#\/schema\/logo\/image\/","url":"https:\/\/foreldreutvalgene.no\/fub\/wp-content\/uploads\/sites\/2\/2021\/08\/fublogo-footer.svg","contentUrl":"https:\/\/foreldreutvalgene.no\/fub\/wp-content\/uploads\/sites\/2\/2021\/08\/fublogo-footer.svg","width":507,"height":149,"caption":"Foreldreutvalget for barnehager"},"image":{"@id":"https:\/\/foreldreutvalgene.no\/fub\/#\/schema\/logo\/image\/"},"mainEntityOfPage":{"@id":"https:\/\/foreldreutvalgene.no\/fub\/medlemmene\/amalie-ristin-rimpi\/"}}]}</script>
<!-- / Yoast SEO Premium plugin. -->

Eg heiter Amalie Ristin Rimpi, er 26 år og bur i Bodø kommune i Nordland saman med Nils Johan, og dottera vår på tre år. Eg er under utdanning for å bli lulesamisk grunnskulelærar og jobbar no som kulturskulelærar i Hamarøy kommune og som forskingsassistent for SpedAims. Eg har hatt verv som varamedlem i det [&hellip;]
